725
CDUS41 KBTV 260537
CLI1V4


CLIMATE REPORT
NATIONAL WEATHER SERVICE BURLINGTON VT
134 AM EDT SUN MAY 26 2019


...................................

...THE ST. JOHNSBURY VT CLIMATE SUMMARY FOR MAY 25 2019...

CLIMATE NORMAL PERIOD 1981 TO 2010
CLIMATE RECORD PERIOD 1998 TO 2019


WEATHER ITEM   OBSERVED TIME   RECORD YEAR NORMAL DEPARTURE LAST
                VALUE   (LST)  VALUE       VALUE  FROM      YEAR
                                                  NORMAL
..................................................................
TEMPERATURE (F)
 YESTERDAY
  MAXIMUM         70        MM  90    2010  71     -1       83
                                      2007
  MINIMUM         42        MM  33    2013  47     -5       43
  AVERAGE         56                        59     -3       63

PRECIPITATION (IN)
  YESTERDAY        0.43          1.35 2013   0.12   0.31     0.00
  MONTH TO DATE    6.31                      2.67   3.64     1.47
  SINCE MAR 1     13.51                      8.04   5.47     8.41
  SINCE JAN 1     20.92                     12.72   8.20    13.99

DEGREE DAYS
 HEATING
  YESTERDAY        9                         7      2        2
  MONTH TO DATE  338                       251     87      205
  SINCE MAR 1   2207                      1946    261     2084
  SINCE JUL 1   8249                      7670    579     7601

 COOLING
  YESTERDAY        0                         1     -1        0
  MONTH TO DATE    5                         8     -3        0
  SINCE MAR 1      5                         9     -4        0
  SINCE JAN 1      5                         9     -4        0
..................................................................


WIND (MPH)
  HIGHEST WIND SPEED    MM   HIGHEST WIND DIRECTION    MM
  HIGHEST GUST SPEED    MM   HIGHEST GUST DIRECTION    MM
  AVERAGE WIND SPEED    MM


SKY COVER
  AVERAGE SKY COVER 0.0


WEATHER CONDITIONS
 THE FOLLOWING WEATHER WAS RECORDED YESTERDAY.
  NO SIGNIFICANT WEATHER WAS OBSERVED.


RELATIVE HUMIDITY (PERCENT)
 HIGHEST   100          1200 AM
 LOWEST     33           100 PM
 AVERAGE    67

..........................................................


THE ST. JOHNSBURY VT CLIMATE NORMALS FOR TODAY
                         NORMAL    RECORD    YEAR
 MAXIMUM TEMPERATURE (F)   72        89      2010
 MINIMUM TEMPERATURE (F)   48        30      2009


SUNRISE AND SUNSET
MAY 26 2019...........SUNRISE   511 AM EDT   SUNSET   820 PM EDT
MAY 27 2019...........SUNRISE   510 AM EDT   SUNSET   821 PM EDT


-  INDICATES NEGATIVE NUMBERS.
R  INDICATES RECORD WAS SET OR TIED.
MM INDICATES DATA IS MISSING.
T  INDICATES TRACE AMOUNT.




$$
