260
CDUS41 KBTV 180536
CLI1V4


CLIMATE REPORT
NATIONAL WEATHER SERVICE BURLINGTON VT
135 AM EDT MON MAR 18 2019


...................................

...THE ST. JOHNSBURY VT CLIMATE SUMMARY FOR MARCH 17 2019...

CLIMATE NORMAL PERIOD 1981 TO 2010
CLIMATE RECORD PERIOD 1998 TO 2019


WEATHER ITEM   OBSERVED TIME   RECORD YEAR NORMAL DEPARTURE LAST
                VALUE   (LST)  VALUE       VALUE  FROM      YEAR
                                                  NORMAL
..................................................................
TEMPERATURE (F)
 YESTERDAY
  MAXIMUM         28        MM  65    2003  42    -14       22
  MINIMUM         17        MM -13    2014  20     -3        0
  AVERAGE         23                        31     -8       11

PRECIPITATION (IN)
  YESTERDAY        0.00          0.80 2007   0.08  -0.08     0.00
  MONTH TO DATE    0.39                      1.31  -0.92     1.37
  SINCE MAR 1      0.39                      1.31  -0.92     1.37
  SINCE JAN 1      7.80                      5.99   1.81     6.95

DEGREE DAYS
 HEATING
  YESTERDAY       42                        34      8       54
  MONTH TO DATE  713                       644     69      591
  SINCE MAR 1    713                       644     69      591
  SINCE JUL 1   6755                      6368    387     6108

 COOLING
  YESTERDAY        0                         0      0        0
  MONTH TO DATE    0                         0      0        0
  SINCE MAR 1      0                         0      0        0
  SINCE JAN 1      0                         0      0        0
..................................................................


WIND (MPH)
  HIGHEST WIND SPEED    MM   HIGHEST WIND DIRECTION    MM
  HIGHEST GUST SPEED    MM   HIGHEST GUST DIRECTION    MM
  AVERAGE WIND SPEED    MM


SKY COVER
  AVERAGE SKY COVER 0.0


WEATHER CONDITIONS
 THE FOLLOWING WEATHER WAS RECORDED YESTERDAY.
  NO SIGNIFICANT WEATHER WAS OBSERVED.


RELATIVE HUMIDITY (PERCENT)
 HIGHEST    80          1000 PM
 LOWEST     38           100 PM
 AVERAGE    59

..........................................................


THE ST. JOHNSBURY VT CLIMATE NORMALS FOR TODAY
                         NORMAL    RECORD    YEAR
 MAXIMUM TEMPERATURE (F)   42        78      2012
 MINIMUM TEMPERATURE (F)   20        -9      2014


SUNRISE AND SUNSET
MARCH 18 2019.........SUNRISE   655 AM EDT   SUNSET   658 PM EDT
MARCH 19 2019.........SUNRISE   654 AM EDT   SUNSET   659 PM EDT


-  INDICATES NEGATIVE NUMBERS.
R  INDICATES RECORD WAS SET OR TIED.
MM INDICATES DATA IS MISSING.
T  INDICATES TRACE AMOUNT.




$$
