000
CDUS43 KUNR 220905
CLI2WX


CLIMATE REPORT
NATIONAL WEATHER SERVICE RAPID CITY SD
248 AM MDT WED MAY 22 2019


...................................

...THE BUFFALO SD CLIMATE SUMMARY FOR MAY 21 2019...

CLIMATE NORMAL PERIOD 1981 TO 2010
CLIMATE RECORD PERIOD 9999 TO 9999


WEATHER ITEM   OBSERVED TIME   NORMAL DEPARTURE LAST
                VALUE   (LST)  VALUE  FROM      YEAR
                                      NORMAL
......................................................
TEMPERATURE (F)
 YESTERDAY
  MAXIMUM         48    249 PM  67    -19       77
  MINIMUM         37   1245 AM  43     -6       43
  AVERAGE         43            55    -12       60

PRECIPITATION (IN)
  YESTERDAY        0.68          0.15   0.53     0.00
  MONTH TO DATE    3.35          1.66   1.69     1.41
  SINCE MAR 1      5.84          3.98   1.86     4.30
  SINCE JAN 1      7.43          4.55   2.88     5.78

DEGREE DAYS
 HEATING
  YESTERDAY       22            10     12        5
  MONTH TO DATE  387           276    111      171
  SINCE MAR 1   2167          1932    235     2119
  SINCE JUL 1   8165          7729    436     8054

 COOLING
  YESTERDAY        0             0      0        0
  MONTH TO DATE    3             0      3        9
  SINCE MAR 1      3             0      3        9
  SINCE JAN 1      3             0      3        9
......................................................


WIND (MPH)
  HIGHEST WIND SPEED    32   HIGHEST WIND DIRECTION     E (80)
  HIGHEST GUST SPEED    44   HIGHEST GUST DIRECTION     E (80)
  AVERAGE WIND SPEED    16.1




RELATIVE HUMIDITY (PERCENT)
 HIGHEST    92           100 AM
 LOWEST     71           300 PM
 AVERAGE    82

..........................................................




SUNRISE AND SUNSET
MAY 22 2019...........SUNRISE   516 AM MDT   SUNSET   826 PM MDT
MAY 23 2019...........SUNRISE   515 AM MDT   SUNSET   827 PM MDT


-  INDICATES NEGATIVE NUMBERS.
R  INDICATES RECORD WAS SET OR TIED.
MM INDICATES DATA IS MISSING.
T  INDICATES TRACE AMOUNT.




$$
