850
CDUS43 KUNR 220836
CLI2WX


CLIMATE REPORT
NATIONAL WEATHER SERVICE RAPID CITY SD
232 AM MDT FRI MAR 22 2019


...................................

...THE BUFFALO SD CLIMATE SUMMARY FOR MARCH 21 2019...

CLIMATE NORMAL PERIOD 1981 TO 2010
CLIMATE RECORD PERIOD 9999 TO 9999


WEATHER ITEM   OBSERVED TIME   NORMAL DEPARTURE LAST
                VALUE   (LST)  VALUE  FROM      YEAR
                                      NORMAL
......................................................
TEMPERATURE (F)
 YESTERDAY
  MAXIMUM         54    355 PM  45      9       42
  MINIMUM         26    550 AM  24      2       21
  AVERAGE         40            34      6       32

PRECIPITATION (IN)
  YESTERDAY        0.00          0.03  -0.03     0.00
  MONTH TO DATE    0.77          0.51   0.26     0.75
  SINCE MAR 1      0.77          0.51   0.26     0.75
  SINCE JAN 1      2.36          1.08   1.28     2.23

DEGREE DAYS
 HEATING
  YESTERDAY       25            31     -6       33
  MONTH TO DATE  972           719    253      843
  SINCE MAR 1    972           719    253      843
  SINCE JUL 1   6970          6516    454     6778

 COOLING
  YESTERDAY        0             0      0        0
  MONTH TO DATE    0             0      0        0
  SINCE MAR 1      0             0      0        0
  SINCE JAN 1      0             0      0        0
......................................................


WIND (MPH)
  HIGHEST WIND SPEED    13   HIGHEST WIND DIRECTION    NE (60)
  HIGHEST GUST SPEED    14   HIGHEST GUST DIRECTION    NE (60)
  AVERAGE WIND SPEED     5.2




RELATIVE HUMIDITY (PERCENT)
 HIGHEST    85          1100 PM
 LOWEST     45           200 PM
 AVERAGE    65

..........................................................




SUNRISE AND SUNSET
MARCH 22 2019.........SUNRISE   654 AM MDT   SUNSET   709 PM MDT
MARCH 23 2019.........SUNRISE   652 AM MDT   SUNSET   710 PM MDT


-  INDICATES NEGATIVE NUMBERS.
R  INDICATES RECORD WAS SET OR TIED.
MM INDICATES DATA IS MISSING.
T  INDICATES TRACE AMOUNT.




$$
