000
CDUS41 KPHI 220559
CLI55N


CLIMATE REPORT
NATIONAL WEATHER SERVICE MOUNT HOLLY NJ
159 AM EDT WED MAY 22 2019


...................................

...THE ATLANTIC CITY MARINA CLIMATE SUMMARY FOR MAY 21 2019...

CLIMATE NORMAL PERIOD 1981 TO 2010
CLIMATE RECORD PERIOD 1873 TO 2019


WEATHER ITEM   OBSERVED TIME   NORMAL DEPARTURE LAST
                VALUE   (LST)  VALUE  FROM      YEAR
                                      NORMAL
......................................................
TEMPERATURE (F)
 YESTERDAY
  MAXIMUM         71    406 PM  68      3       66
  MINIMUM         60   1154 PM  56      4       58
  AVERAGE         66            62      4       62

PRECIPITATION (IN)
  YESTERDAY        0.00          0.11  -0.11     0.00
  MONTH TO DATE    2.61          2.16   0.45     5.10
  SINCE MAR 1     10.28          9.57   0.71    13.65
  SINCE JAN 1     15.94         15.52   0.42    22.57

DEGREE DAYS
 HEATING
  YESTERDAY        0             4     -4        3
  MONTH TO DATE  132           139     -7       90
  SINCE MAR 1   1156          1220    -64     1341
  SINCE JUL 1   4214          4403   -189     4363

 COOLING
  YESTERDAY        1             1      0        0
  MONTH TO DATE    7            14     -7        9
  SINCE MAR 1      8            18    -10        9
  SINCE JAN 1      8            18    -10        9
......................................................


WIND (MPH)
  HIGHEST WIND SPEED    15   HIGHEST WIND DIRECTION    NW (330)
  HIGHEST GUST SPEED    MM   HIGHEST GUST DIRECTION    MM
  AVERAGE WIND SPEED     7.3




..........................................................


THE ATLANTIC CITY MARINA CLIMATE NORMALS FOR TODAY
                         NORMAL
 MAXIMUM TEMPERATURE (F)   68
 MINIMUM TEMPERATURE (F)   56


SUNRISE AND SUNSET
MAY 22 2019...........SUNRISE   539 AM EDT   SUNSET   811 PM EDT
MAY 23 2019...........SUNRISE   538 AM EDT   SUNSET   811 PM EDT


-  INDICATES NEGATIVE NUMBERS.
R  INDICATES RECORD WAS SET OR TIED.
MM INDICATES DATA IS MISSING.
T  INDICATES TRACE AMOUNT.




$$
