000
CDUS41 KPHI 230554
CLI55N


CLIMATE REPORT
NATIONAL WEATHER SERVICE MOUNT HOLLY NJ
153 AM EDT SAT MAR 23 2019


...................................

...THE ATLANTIC CITY MARINA CLIMATE SUMMARY FOR MARCH 22 2019...

CLIMATE NORMAL PERIOD 1981 TO 2010
CLIMATE RECORD PERIOD 1873 TO 2019


WEATHER ITEM   OBSERVED TIME   NORMAL DEPARTURE LAST
                VALUE   (LST)  VALUE  FROM      YEAR
                                      NORMAL
......................................................
TEMPERATURE (F)
 YESTERDAY
  MAXIMUM         51    448 PM  51      0       47
  MINIMUM         41    806 AM  38      3       32
  AVERAGE         46            45      1       40

PRECIPITATION (IN)
  YESTERDAY        0.20          0.14   0.06     0.37
  MONTH TO DATE    4.04          2.80   1.24     5.01
  SINCE MAR 1      4.04          2.80   1.24     5.01
  SINCE JAN 1      9.70          8.75   0.95    13.93

DEGREE DAYS
 HEATING
  YESTERDAY       19            20     -1       25
  MONTH TO DATE  544           503     41      576
  SINCE MAR 1    544           503     41      576
  SINCE JUL 1   3602          3686    -84     3598

 COOLING
  YESTERDAY        0             0      0        0
  MONTH TO DATE    0             0      0        0
  SINCE MAR 1      0             0      0        0
  SINCE JAN 1      0             0      0        0
......................................................


WIND (MPH)
  HIGHEST WIND SPEED    22   HIGHEST WIND DIRECTION    NW (300)
  HIGHEST GUST SPEED    MM   HIGHEST GUST DIRECTION    MM
  AVERAGE WIND SPEED    13.3




..........................................................


THE ATLANTIC CITY MARINA CLIMATE NORMALS FOR TODAY
                         NORMAL
 MAXIMUM TEMPERATURE (F)   51
 MINIMUM TEMPERATURE (F)   39


SUNRISE AND SUNSET
MARCH 23 2019.........SUNRISE   657 AM EDT   SUNSET   712 PM EDT
MARCH 24 2019.........SUNRISE   655 AM EDT   SUNSET   713 PM EDT


-  INDICATES NEGATIVE NUMBERS.
R  INDICATES RECORD WAS SET OR TIED.
MM INDICATES DATA IS MISSING.
T  INDICATES TRACE AMOUNT.




$$
