000
CDUS43 KABR 250737
CLI8D3


CLIMATE REPORT
NATIONAL WEATHER SERVICE ABERDEEN SD
237 AM CDT MON MAR 25 2019


...................................

...THE SISSETON SD CLIMATE SUMMARY FOR MARCH 24 2019...

CLIMATE NORMAL PERIOD 1981 TO 2010
CLIMATE RECORD PERIOD 1900 TO 2019


WEATHER ITEM   OBSERVED TIME   RECORD YEAR NORMAL DEPARTURE LAST
                VALUE   (LST)  VALUE       VALUE  FROM      YEAR
                                                  NORMAL
..................................................................
TEMPERATURE (F)
 YESTERDAY
  MAXIMUM         36   1217 AM  81    1939  43     -7
  MINIMUM         26   1159 PM -12    1974  24      2
  AVERAGE         31                        34     -3

PRECIPITATION (IN)
  YESTERDAY        0.00          1.14 1975   0.03  -0.03
  MONTH TO DATE    1.88                      0.79   1.09
  SINCE MAR 1      1.88                      0.79   1.09
  SINCE JAN 1      4.03                      1.65   2.38

SNOWFALL (IN)
  YESTERDAY        0.0          11.0  1975  MM     MM        4.2
  MONTH TO DATE   14.8                      MM     MM       17.7
  SINCE OCT 1     69.8                      MM     MM       40.4
  SINCE JUL 1     69.8                      MM     MM       40.4
  SNOW DEPTH       7

DEGREE DAYS
 HEATING
  YESTERDAY       34                                3
  MONTH TO DATE 1076                              199
  SINCE MAR 1   1076                              199
  SINCE JUL 1   8094                              958

 COOLING
  YESTERDAY        0                                0
  MONTH TO DATE    0                                0
  SINCE MAR 1      0                                0
  SINCE JAN 1      0                                0
..................................................................


WIND (MPH)
  HIGHEST WIND SPEED    21   HIGHEST WIND DIRECTION     N (350)
  HIGHEST GUST SPEED    24   HIGHEST GUST DIRECTION     N (340)
  AVERAGE WIND SPEED    12.8




RELATIVE HUMIDITY (PERCENT)
 HIGHEST   100
 LOWEST     81
 AVERAGE    91

..........................................................


THE SISSETON SD CLIMATE NORMALS FOR TODAY
                         NORMAL    RECORD    YEAR
 MAXIMUM TEMPERATURE (F)   44        79      1939
 MINIMUM TEMPERATURE (F)   24       -10      1964


SUNRISE AND SUNSET
MARCH 25 2019.........SUNRISE   722 AM CDT   SUNSET   747 PM CDT
MARCH 26 2019.........SUNRISE   720 AM CDT   SUNSET   748 PM CDT


-  INDICATES NEGATIVE NUMBERS.
R  INDICATES RECORD WAS SET OR TIED.
MM INDICATES DATA IS MISSING.
T  INDICATES TRACE AMOUNT.




$$
