000
CDUS43 KABR 222235
CLI8D3


CLIMATE REPORT
NATIONAL WEATHER SERVICE ABERDEEN SD
534 PM CDT WED MAY 22 2019


...................................

...THE SISSETON SD CLIMATE SUMMARY FOR MAY 22 2019...
VALID TODAY AS OF 0500 PM LOCAL TIME.

CLIMATE NORMAL PERIOD 1981 TO 2010
CLIMATE RECORD PERIOD 1900 TO 2019


WEATHER ITEM   OBSERVED TIME   RECORD YEAR NORMAL DEPARTURE
                VALUE   (LST)  VALUE       VALUE  FROM
                                                  NORMAL
...............................................................
TEMPERATURE (F)
 TODAY
  MAXIMUM         54    327 PM  92    1964  71    -17
  MINIMUM         45    420 AM  27    1963
  AVERAGE         50                        59     -9

PRECIPITATION (IN)
  TODAY            0.44          1.55 1988   0.09   0.35
  MONTH TO DATE    3.84                      1.94   1.90
  SINCE MAR 1      8.67                      5.34   3.33
  SINCE JAN 1     10.82                      6.20   4.62

SNOWFALL (IN)
  TODAY            0.0
  MONTH TO DATE    0.0
  SINCE OCT 1     88.4
  SINCE JUL 1     88.4
  SNOW DEPTH       0

DEGREE DAYS
 HEATING
  TODAY           15                                8
  MONTH TO DATE  329                              116
  SINCE MAR 1   2263                              350
  SINCE JUL 1   9281                             1109

 COOLING
  TODAY            0                               -1
  MONTH TO DATE    0                              -13
  SINCE MAR 1      2                              -12
  SINCE JAN 1      2                              -12
...............................................................


WIND (MPH)
  HIGHEST WIND SPEED    24   HIGHEST WIND DIRECTION     E (90)
  HIGHEST GUST SPEED    33   HIGHEST GUST DIRECTION     E (80)
  AVERAGE WIND SPEED    12.7




RELATIVE HUMIDITY (PERCENT)
 HIGHEST   100
 LOWEST     93
 AVERAGE    97

..........................................................


THE SISSETON SD CLIMATE NORMALS FOR TOMORROW
                         NORMAL    RECORD    YEAR
 MAXIMUM TEMPERATURE (F)   72        89      2006
 MINIMUM TEMPERATURE (F)   48        30      2002


SUNRISE AND SUNSET
MAY 22 2019...........SUNRISE   550 AM CDT   SUNSET   900 PM CDT
MAY 23 2019...........SUNRISE   549 AM CDT   SUNSET   901 PM CDT


-  INDICATES NEGATIVE NUMBERS.
R  INDICATES RECORD WAS SET OR TIED.
MM INDICATES DATA IS MISSING.
T  INDICATES TRACE AMOUNT.




$$
