000
CDUS46 KMFR 220837
CLIAAT


CLIMATE REPORT
NATIONAL WEATHER SERVICE MEDFORD, OR
137 AM PDT WED MAY 22 2019


...................................

...THE ALTURAS CA CLIMATE SUMMARY FOR MAY 21 2019...

CLIMATE NORMAL PERIOD 1981 TO 2010
CLIMATE RECORD PERIOD 1905 TO 2019


WEATHER ITEM   OBSERVED TIME   RECORD YEAR NORMAL DEPARTURE LAST
                VALUE   (LST)  VALUE       VALUE  FROM      YEAR
                                                  NORMAL
..................................................................
TEMPERATURE (F)
 YESTERDAY
  MAXIMUM         53   1252 PM  94    1967  70    -17       74
  MINIMUM         35    423 AM  23    1992  37     -2       39
  AVERAGE         44                        53     -9       57

PRECIPITATION (IN)
  YESTERDAY        0.20          0.43 2015   0.04   0.16     0.00
  MONTH TO DATE    0.38                      0.94  -0.56     0.45
  SINCE OCT 1     12.40                     11.63   0.77     9.64
  SINCE JAN 1      9.02                      7.12   1.90     6.64

SNOWFALL (IN)
  YESTERDAY       MM                        MM     MM       MM
  MONTH TO DATE   MM                        MM     MM        0.0
  SINCE JUL 1     MM                        MM     MM        0.0
  SNOW DEPTH      MM

DEGREE DAYS
 HEATING
  YESTERDAY       21                        12      9        8
  MONTH TO DATE  271                       305    -34      214
  SINCE MAR 1   1614                      1782   -168     1670
  SINCE JUL 1   6167                      6649   -482     6067

 COOLING
  YESTERDAY        0                         0      0        0
  MONTH TO DATE    0                         0      0        0
  SINCE MAR 1      0                         0      0        0
  SINCE JAN 1      0                         0      0        0
..................................................................


WIND (MPH)
  HIGHEST WIND SPEED    26   HIGHEST WIND DIRECTION     W (260)
  HIGHEST GUST SPEED    33   HIGHEST GUST DIRECTION     W (260)
  AVERAGE WIND SPEED     6.1


SKY COVER
  POSSIBLE SUNSHINE  MM
  AVERAGE SKY COVER 0.8


WEATHER CONDITIONS
 THE FOLLOWING WEATHER WAS RECORDED YESTERDAY.
  RAIN
  LIGHT RAIN
  FOG


RELATIVE HUMIDITY (PERCENT)
 HIGHEST   100          1000 PM
 LOWEST     54           100 PM
 AVERAGE    77

..........................................................


THE ALTURAS CA CLIMATE NORMALS FOR TODAY
                         NORMAL    RECORD    YEAR
 MAXIMUM TEMPERATURE (F)   70        91      1967
 MINIMUM TEMPERATURE (F)   37        22      1986


SUNRISE AND SUNSET
MAY 22 2019...........SUNRISE   537 AM PDT   SUNSET   821 PM PDT
MAY 23 2019...........SUNRISE   536 AM PDT   SUNSET   822 PM PDT


-  INDICATES NEGATIVE NUMBERS.
R  INDICATES RECORD WAS SET OR TIED.
MM INDICATES DATA IS MISSING.
T  INDICATES TRACE AMOUNT.




$$
