000
CDUS41 KPHI 270553
CLIABE


CLIMATE REPORT
NATIONAL WEATHER SERVICE MOUNT HOLLY NJ
153 AM EDT MON MAY 27 2019


...................................

...THE ALLENTOWN PA CLIMATE SUMMARY FOR MAY 26 2019...

CLIMATE NORMAL PERIOD 1981 TO 2010
CLIMATE RECORD PERIOD 1922 TO 2019


WEATHER ITEM   OBSERVED TIME   RECORD YEAR NORMAL DEPARTURE LAST
                VALUE   (LST)  VALUE       VALUE  FROM      YEAR
                                                  NORMAL
..................................................................
TEMPERATURE (F)
 YESTERDAY
  MAXIMUM         88    306 PM  92    2010  75     13       90
  MINIMUM         63    215 AM  39    1956  52     11       64
  AVERAGE         76                        63     13       77

PRECIPITATION (IN)
  YESTERDAY        0.03          1.40 2001   0.14  -0.11      T
  MONTH TO DATE    7.87                      3.42   4.45     4.84
  SINCE MAR 1     17.34                     10.37   6.97    11.76
  SINCE JAN 1     24.96                     16.10   8.86    20.43

SNOWFALL (IN)
  YESTERDAY        0.0           0.0    MM   0.0    0.0      0.0
  MONTH TO DATE    0.0                       0.0    0.0      0.0
  SINCE MAR 1     11.5                       5.9    5.6     24.6
  SINCE JUL 1     32.1                      32.9   -0.8     49.9
  SNOW DEPTH       0

DEGREE DAYS
 HEATING
  YESTERDAY        0                         4     -4        0
  MONTH TO DATE   93                       181    -88       58
  SINCE MAR 1   1150                      1442   -292     1432
  SINCE JUL 1   4992                      5751   -759     5255

 COOLING
  YESTERDAY       11                         2      9       12
  MONTH TO DATE   54                        26     28       65
  SINCE MAR 1     66                        31     35       69
  SINCE JAN 1     66                        31     35       69
..................................................................


WIND (MPH)
  HIGHEST WIND SPEED    17   HIGHEST WIND DIRECTION     W (270)
  HIGHEST GUST SPEED    25   HIGHEST GUST DIRECTION     W (250)
  AVERAGE WIND SPEED     7.0


SKY COVER
  POSSIBLE SUNSHINE  MM
  AVERAGE SKY COVER 0.5


WEATHER CONDITIONS
 THE FOLLOWING WEATHER WAS RECORDED YESTERDAY.
  LIGHT RAIN
  HAZE


RELATIVE HUMIDITY (PERCENT)
 HIGHEST    84           500 AM
 LOWEST     44          1200 PM
 AVERAGE    64

..........................................................


THE ALLENTOWN PA CLIMATE NORMALS FOR TODAY
                         NORMAL    RECORD    YEAR
 MAXIMUM TEMPERATURE (F)   75        91      1991
                                             1965
 MINIMUM TEMPERATURE (F)   52        38      1972


SUNRISE AND SUNSET
MAY 27 2019...........SUNRISE   536 AM EDT   SUNSET   822 PM EDT
MAY 28 2019...........SUNRISE   535 AM EDT   SUNSET   823 PM EDT


-  INDICATES NEGATIVE NUMBERS.
R  INDICATES RECORD WAS SET OR TIED.
MM INDICATES DATA IS MISSING.
T  INDICATES TRACE AMOUNT.




$$
