522
CDUS41 KPHI 230554
CLIABE


CLIMATE REPORT
NATIONAL WEATHER SERVICE MOUNT HOLLY NJ
153 AM EDT SAT MAR 23 2019


...................................

...THE ALLENTOWN PA CLIMATE SUMMARY FOR MARCH 22 2019...

CLIMATE NORMAL PERIOD 1981 TO 2010
CLIMATE RECORD PERIOD 1922 TO 2019


WEATHER ITEM   OBSERVED TIME   RECORD YEAR NORMAL DEPARTURE LAST
                VALUE   (LST)  VALUE       VALUE  FROM      YEAR
                                                  NORMAL
..................................................................
TEMPERATURE (F)
 YESTERDAY
  MAXIMUM         51    358 PM  82    1938  52     -1       46
  MINIMUM         38   1159 PM  15    1988  31      7       31
                                      1965
  AVERAGE         45                        41      4       39

PRECIPITATION (IN)
  YESTERDAY        0.44          2.49 1977   0.12   0.32      T
  MONTH TO DATE    3.78                      2.33   1.45     3.06
  SINCE MAR 1      3.78                      2.33   1.45     3.06
  SINCE JAN 1     11.40                      8.06   3.34    11.73

SNOWFALL (IN)
  YESTERDAY        0.0           2.6  1992   0.1   -0.1       T
  MONTH TO DATE   11.5                       4.0    7.5     20.7
  SINCE MAR 1     11.5                       4.0    7.5     20.7
  SINCE JUL 1     32.1                      31.0    1.1     46.0
  SNOW DEPTH       0

DEGREE DAYS
 HEATING
  YESTERDAY       20                        24     -4       26
  MONTH TO DATE  623                       605     18      631
  SINCE MAR 1    623                       605     18      631
  SINCE JUL 1   4465                      4914   -449     4454

 COOLING
  YESTERDAY        0                         0      0        0
  MONTH TO DATE    0                         0      0        0
  SINCE MAR 1      0                         0      0        0
  SINCE JAN 1      0                         0      0        0
..................................................................


WIND (MPH)
  HIGHEST WIND SPEED    25   HIGHEST WIND DIRECTION    NW (310)
  HIGHEST GUST SPEED    36   HIGHEST GUST DIRECTION     W (290)
  AVERAGE WIND SPEED    15.1


SKY COVER
  POSSIBLE SUNSHINE  MM
  AVERAGE SKY COVER 0.9


WEATHER CONDITIONS
 THE FOLLOWING WEATHER WAS RECORDED YESTERDAY.
  RAIN
  LIGHT RAIN
  FOG


RELATIVE HUMIDITY (PERCENT)
 HIGHEST    83           100 AM
 LOWEST     42           400 PM
 AVERAGE    63

..........................................................


THE ALLENTOWN PA CLIMATE NORMALS FOR TODAY
                         NORMAL    RECORD    YEAR
 MAXIMUM TEMPERATURE (F)   52        80      2012
                                             1938
 MINIMUM TEMPERATURE (F)   31        13      1934


SUNRISE AND SUNSET
MARCH 23 2019.........SUNRISE   701 AM EDT   SUNSET   717 PM EDT
MARCH 24 2019.........SUNRISE   659 AM EDT   SUNSET   718 PM EDT


-  INDICATES NEGATIVE NUMBERS.
R  INDICATES RECORD WAS SET OR TIED.
MM INDICATES DATA IS MISSING.
T  INDICATES TRACE AMOUNT.




$$
