000
CDUS44 KSJT 262230
CLIABI


CLIMATE REPORT
NATIONAL WEATHER SERVICE SAN ANGELO TX
526 PM CDT TUE MAR 26 2019


...................................

...THE ABILENE CLIMATE SUMMARY FOR MARCH 26 2019...
VALID TODAY AS OF 0500 PM LOCAL TIME.

CLIMATE NORMAL PERIOD 1981 TO 2010
CLIMATE RECORD PERIOD 1886 TO 2019


WEATHER ITEM   OBSERVED TIME   RECORD YEAR NORMAL DEPARTURE LAST
                VALUE   (LST)  VALUE       VALUE  FROM      YEAR
                                                  NORMAL
..................................................................
TEMPERATURE (F)
 TODAY
  MAXIMUM         75    303 PM  92    1890  72      3       82
  MINIMUM         45    656 AM  19    1955  47     -2       59
  AVERAGE         60                        59      1       71

PRECIPITATION (IN)
  TODAY            0.00          2.30 2018   0.05  -0.05     0.57
  MONTH TO DATE    1.29                      1.47  -0.18     0.58
  SINCE MAR 1      1.29                      1.47  -0.18     0.58
  SINCE JAN 1      2.39                      3.85  -1.46     2.99

SNOWFALL (IN)
  TODAY            0.0           T    1996   0.1   -0.1      0.0
  MONTH TO DATE    0.0                       0.3   -0.3      0.0
  SINCE NOV 1      3.1                       4.4   -1.3      0.5
  SINCE JUL 1      3.1                       4.4   -1.3      0.5

DEGREE DAYS
 HEATING
  TODAY            5                         7     -2        0
  MONTH TO DATE  322                       264     58      173
  SINCE MAR 1    322                       264     58      173
  SINCE JUL 1   2418                      2397     21     2374

 COOLING
  TODAY            0                         1     -1        6
  MONTH TO DATE   13                        21     -8       41
  SINCE MAR 1     13                        21     -8       41
  SINCE JAN 1     26                        26      0       53
..................................................................


WIND (MPH)
  HIGHEST WIND SPEED    16   HIGHEST WIND DIRECTION    SE (120)
  HIGHEST GUST SPEED    19   HIGHEST GUST DIRECTION     E (110)
  AVERAGE WIND SPEED     7.6


SKY COVER
  POSSIBLE SUNSHINE  MM
  AVERAGE SKY COVER 0.0


WEATHER CONDITIONS
 THE FOLLOWING WEATHER WAS RECORDED TODAY.
  NO SIGNIFICANT WEATHER WAS OBSERVED.


RELATIVE HUMIDITY (PERCENT)
 HIGHEST    86           600 AM
 LOWEST     38           400 PM
 AVERAGE    62

..........................................................


THE ABILENE CLIMATE NORMALS FOR TOMORROW
                         NORMAL    RECORD    YEAR
 MAXIMUM TEMPERATURE (F)   72        92      1971
 MINIMUM TEMPERATURE (F)   47        19      1931


SUNRISE AND SUNSET
MARCH 26 2019.........SUNRISE   735 AM CDT   SUNSET   754 PM CDT
MARCH 27 2019.........SUNRISE   734 AM CDT   SUNSET   755 PM CDT


-  INDICATES NEGATIVE NUMBERS.
R  INDICATES RECORD WAS SET OR TIED.
MM INDICATES DATA IS MISSING.
T  INDICATES TRACE AMOUNT.




$$
