000
CDUS44 KSJT 250722
CLIABI


CLIMATE REPORT
NATIONAL WEATHER SERVICE SAN ANGELO TX
221 AM CDT TUE JUN 25 2019


...................................

...THE ABILENE CLIMATE SUMMARY FOR JUNE 24 2019...

CLIMATE NORMAL PERIOD 1981 TO 2010
CLIMATE RECORD PERIOD 1886 TO 2019


WEATHER ITEM   OBSERVED TIME   RECORD YEAR NORMAL DEPARTURE LAST
                VALUE   (LST)  VALUE       VALUE  FROM      YEAR
                                                  NORMAL
..................................................................
TEMPERATURE (F)
 YESTERDAY
  MAXIMUM         90    400 PM 105    1953  92     -2      100
                                      1911
  MINIMUM         70    348 AM  60    1957  70      0       77
                                      1912
                                      1888
  AVERAGE         80                        81     -1       89

PRECIPITATION (IN)
  YESTERDAY        0.01          1.54 1915   0.10  -0.09     0.00
  MONTH TO DATE    3.92                      3.05   0.87     2.73
  SINCE JUN 1      3.92                      3.05   0.87     2.73
  SINCE JAN 1     18.26                     11.99   6.27     8.84

DEGREE DAYS
 HEATING
  YESTERDAY        0                         0      0        0
  MONTH TO DATE    0                         0      0        0
  SINCE JUN 1      0                         0      0        0
  SINCE JUL 1   2551                      2558     -7     2583

 COOLING
  YESTERDAY       15                        16     -1       24
  MONTH TO DATE  339                       337      2      445
  SINCE JUN 1    339                       337      2      445
  SINCE JAN 1    732                       734     -2      976
..................................................................


WIND (MPH)
  HIGHEST WIND SPEED    35   HIGHEST WIND DIRECTION    SE (120)
  HIGHEST GUST SPEED    41   HIGHEST GUST DIRECTION    SE (120)
  AVERAGE WIND SPEED     9.0


SKY COVER
  POSSIBLE SUNSHINE  MM
  AVERAGE SKY COVER 0.4


WEATHER CONDITIONS
 THE FOLLOWING WEATHER WAS RECORDED YESTERDAY.
  THUNDERSTORM
  LIGHT RAIN


RELATIVE HUMIDITY (PERCENT)
 HIGHEST    97           100 AM
 LOWEST     32           700 PM
 AVERAGE    65

..........................................................


THE ABILENE CLIMATE NORMALS FOR TODAY
                         NORMAL    RECORD    YEAR
 MAXIMUM TEMPERATURE (F)   92       106      1902
 MINIMUM TEMPERATURE (F)   70        55      1940


SUNRISE AND SUNSET
JUNE 25 2019..........SUNRISE   633 AM CDT   SUNSET   850 PM CDT
JUNE 26 2019..........SUNRISE   633 AM CDT   SUNSET   850 PM CDT


-  INDICATES NEGATIVE NUMBERS.
R  INDICATES RECORD WAS SET OR TIED.
MM INDICATES DATA IS MISSING.
T  INDICATES TRACE AMOUNT.




$$
