000
CDUS45 KABQ 250826
CLIABQ


CLIMATE REPORT
NATIONAL WEATHER SERVICE ALBUQUERQUE NM
225 AM MDT WED APR 25 2018


...................................

...THE ALBUQUERQUE  NM CLIMATE SUMMARY FOR APRIL 24 2018...

CLIMATE NORMAL PERIOD 1981 TO 2010
CLIMATE RECORD PERIOD 1891 TO 2018


WEATHER ITEM   OBSERVED TIME   RECORD YEAR NORMAL DEPARTURE LAST
                VALUE   (LST)  VALUE       VALUE  FROM      YEAR
                                                  NORMAL
..................................................................
TEMPERATURE (F)
 YESTERDAY
  MAXIMUM         83    457 PM  88    2012  72     11       82
                                      1996
  MINIMUM         50   1159 PM  28    1913  46      4       49
  AVERAGE         67                        59      8       66

PRECIPITATION (IN)
  YESTERDAY        0.00          0.59 1980   0.01  -0.01
  MONTH TO DATE    T                         0.50  -0.50
  SINCE MAR 1      0.18                      1.07  -0.89
  SINCE JAN 1      0.72                      1.93  -1.21

SNOWFALL (IN)
  YESTERDAY        0.0
  MONTH TO DATE    0.0
  SINCE MAR 1      T
  SINCE JUL 1      0.3
  SNOW DEPTH       0

DEGREE DAYS
 HEATING
  YESTERDAY        0                         7     -7        0
  MONTH TO DATE  143                       242    -99      156
  SINCE MAR 1    593                       766   -173      464
  SINCE JUL 1   3296                      4069   -773     3146

 COOLING
  YESTERDAY        2                         0      2        1
  MONTH TO DATE    4                         0      4        4
  SINCE MAR 1      4                         0      4        5
  SINCE JAN 1      4                         0      4        5
..................................................................


WIND (MPH)
  HIGHEST WIND SPEED    40   HIGHEST WIND DIRECTION     E (90)
  HIGHEST GUST SPEED    48   HIGHEST GUST DIRECTION     E (90)
  AVERAGE WIND SPEED    13.0


SKY COVER
  POSSIBLE SUNSHINE  MM
  AVERAGE SKY COVER 0.6


WEATHER CONDITIONS
 THE FOLLOWING WEATHER WAS RECORDED YESTERDAY.
  NO SIGNIFICANT WEATHER WAS OBSERVED.


RELATIVE HUMIDITY (PERCENT)
 HIGHEST    54          1100 PM
 LOWEST      7           500 PM
 AVERAGE    31

..........................................................


THE ALBUQUERQUE  NM CLIMATE NORMALS FOR TODAY
                         NORMAL    RECORD    YEAR
 MAXIMUM TEMPERATURE (F)   72        86      2012
                                             1981
 MINIMUM TEMPERATURE (F)   46        25      1921


SUNRISE AND SUNSET
APRIL 25 2018.........SUNRISE   622 AM MDT   SUNSET   747 PM MDT
APRIL 26 2018.........SUNRISE   621 AM MDT   SUNSET   748 PM MDT


-  INDICATES NEGATIVE NUMBERS.
R  INDICATES RECORD WAS SET OR TIED.
MM INDICATES DATA IS MISSING.
T  INDICATES TRACE AMOUNT.




$$
