000
CDUS45 KABQ 220859
CLIABQ


CLIMATE REPORT
NATIONAL WEATHER SERVICE ALBUQUERQUE NM
259 AM MDT WED MAY 22 2019


...................................

...THE ALBUQUERQUE  NM CLIMATE SUMMARY FOR MAY 21 2019...

CLIMATE NORMAL PERIOD 1981 TO 2010
CLIMATE RECORD PERIOD 1891 TO 2019


WEATHER ITEM   OBSERVED TIME   RECORD YEAR NORMAL DEPARTURE LAST
                VALUE   (LST)  VALUE       VALUE  FROM      YEAR
                                                  NORMAL
..................................................................
TEMPERATURE (F)
 YESTERDAY
  MAXIMUM         64    532 PM  96    2005  80    -16       78
  MINIMUM         38    306 AM  36    1911  54    -16       58
  AVERAGE         51                        67    -16       68

PRECIPITATION (IN)
  YESTERDAY        0.00          0.97 1991   0.02  -0.02
  MONTH TO DATE    0.24                      0.34  -0.10
  SINCE MAR 1      1.98                      1.52   0.46
  SINCE JAN 1      3.00                      2.38   0.62

SNOWFALL (IN)
  YESTERDAY        0.0
  MONTH TO DATE    0.0
  SINCE MAR 1      T
  SINCE JUL 1      9.5
  SNOW DEPTH       0

DEGREE DAYS
 HEATING
  YESTERDAY       14                         1     13        0
  MONTH TO DATE  106                        62     44       24
  SINCE MAR 1    784                       863    -79      626
  SINCE JUL 1   4152                      4166    -14     3329

 COOLING
  YESTERDAY        0                         4     -4        3
  MONTH TO DATE   16                        43    -27      104
  SINCE MAR 1     24                        50    -26      118
  SINCE JAN 1     24                        50    -26      118
..................................................................


WIND (MPH)
  HIGHEST WIND SPEED    30   HIGHEST WIND DIRECTION     W (280)
  HIGHEST GUST SPEED    36   HIGHEST GUST DIRECTION     W (280)
  AVERAGE WIND SPEED    13.0


SKY COVER
  POSSIBLE SUNSHINE  MM
  AVERAGE SKY COVER 0.7


WEATHER CONDITIONS
 THE FOLLOWING WEATHER WAS RECORDED YESTERDAY.
  NO SIGNIFICANT WEATHER WAS OBSERVED.


RELATIVE HUMIDITY (PERCENT)
 HIGHEST    70          1200 AM
 LOWEST     20           600 PM
 AVERAGE    45

..........................................................


THE ALBUQUERQUE  NM CLIMATE NORMALS FOR TODAY
                         NORMAL    RECORD    YEAR
 MAXIMUM TEMPERATURE (F)   81        96      1984
 MINIMUM TEMPERATURE (F)   54        35      1962
                                             1915


SUNRISE AND SUNSET
MAY 22 2019...........SUNRISE   558 AM MDT   SUNSET   808 PM MDT
MAY 23 2019...........SUNRISE   558 AM MDT   SUNSET   809 PM MDT


-  INDICATES NEGATIVE NUMBERS.
R  INDICATES RECORD WAS SET OR TIED.
MM INDICATES DATA IS MISSING.
T  INDICATES TRACE AMOUNT.




$$
