000
CDUS45 KABQ 240834
CLIABQ


CLIMATE REPORT
NATIONAL WEATHER SERVICE ALBUQUERQUE NM
233 AM MDT SUN MAR 24 2019


...................................

...THE ALBUQUERQUE  NM CLIMATE SUMMARY FOR MARCH 23 2019...

CLIMATE NORMAL PERIOD 1981 TO 2010
CLIMATE RECORD PERIOD 1891 TO 2019


WEATHER ITEM   OBSERVED TIME   RECORD YEAR NORMAL DEPARTURE LAST
                VALUE   (LST)  VALUE       VALUE  FROM      YEAR
                                                  NORMAL
..................................................................
TEMPERATURE (F)
 YESTERDAY
  MAXIMUM         64    516 PM  78    1971  62      2       75
  MINIMUM         36    625 AM  17    1914  37     -1       50
  AVERAGE         50                        50      0       63

PRECIPITATION (IN)
  YESTERDAY        0.00          0.32 1919   0.02  -0.02
  MONTH TO DATE    0.61                      0.42   0.19
  SINCE MAR 1      0.61                      0.42   0.19
  SINCE JAN 1      1.63                      1.28   0.35

SNOWFALL (IN)
  YESTERDAY        0.0
  MONTH TO DATE    T
  SINCE MAR 1      T
  SINCE JUL 1      9.5
  SNOW DEPTH       0

DEGREE DAYS
 HEATING
  YESTERDAY       15                        15      0        2
  MONTH TO DATE  369                       409    -40      359
  SINCE MAR 1    369                       409    -40      359
  SINCE JUL 1   3737                      3712     25     3062

 COOLING
  YESTERDAY        0                         0      0        0
  MONTH TO DATE    0                         0      0        0
  SINCE MAR 1      0                         0      0        0
  SINCE JAN 1      0                         0      0        0
..................................................................


WIND (MPH)
  HIGHEST WIND SPEED    18   HIGHEST WIND DIRECTION     W (270)
  HIGHEST GUST SPEED    21   HIGHEST GUST DIRECTION     W (270)
  AVERAGE WIND SPEED     5.9


SKY COVER
  POSSIBLE SUNSHINE  MM
  AVERAGE SKY COVER 0.5


WEATHER CONDITIONS
 THE FOLLOWING WEATHER WAS RECORDED YESTERDAY.
  NO SIGNIFICANT WEATHER WAS OBSERVED.


RELATIVE HUMIDITY (PERCENT)
 HIGHEST    64           400 AM
 LOWEST     19           600 PM
 AVERAGE    42

..........................................................


THE ALBUQUERQUE  NM CLIMATE NORMALS FOR TODAY
                         NORMAL    RECORD    YEAR
 MAXIMUM TEMPERATURE (F)   63        80      1938
 MINIMUM TEMPERATURE (F)   37        17      1914


SUNRISE AND SUNSET
MARCH 24 2019.........SUNRISE   705 AM MDT   SUNSET   721 PM MDT
MARCH 25 2019.........SUNRISE   703 AM MDT   SUNSET   722 PM MDT


-  INDICATES NEGATIVE NUMBERS.
R  INDICATES RECORD WAS SET OR TIED.
MM INDICATES DATA IS MISSING.
T  INDICATES TRACE AMOUNT.




$$
