000
CDUS43 KABR 191536
CLIABR


CLIMATE REPORT
NATIONAL WEATHER SERVICE ABERDEEN SD
1036 AM CDT TUE MAR 19 2019


...................................

...THE ABERDEEN SD CLIMATE SUMMARY FOR MARCH 18 2019...

CLIMATE NORMAL PERIOD 1981 TO 2010
CLIMATE RECORD PERIOD 1893 TO 2019


WEATHER ITEM   OBSERVED TIME   RECORD YEAR NORMAL DEPARTURE
                VALUE   (LST)  VALUE       VALUE  FROM
                                                  NORMAL
...............................................................
TEMPERATURE (F)
 YESTERDAY
  MAXIMUM         33    540 PM  85    2012  41     -8
  MINIMUM          3    645 AM -15    1923  21    -18
  AVERAGE         18                        31    -13

PRECIPITATION (IN)
  YESTERDAY        0.00          2.49 1968   0.04  -0.04
  MONTH TO DATE    1.29                      0.59   0.70
  SINCE MAR 1      1.29                      0.59   0.70
  SINCE JAN 1      3.53                      1.61   1.92

SNOWFALL (IN)
  YESTERDAY        0.0          13.0  1920   0.2   -0.2
  MONTH TO DATE   16.4                       4.6   11.8
  SINCE OCT 1     67.5                      32.4   35.1
  SINCE JUL 1     67.5                      32.4   35.1
  SNOW DEPTH      16

DEGREE DAYS
 HEATING
  YESTERDAY       47                               13
  MONTH TO DATE  926                              240
  SINCE MAR 1    926                              240
  SINCE JUL 1   7862                              713

 COOLING
  YESTERDAY        0                                0
  MONTH TO DATE    0                                0
  SINCE MAR 1      0                                0
  SINCE JAN 1      0                                0
...............................................................


WIND (MPH)
  HIGHEST WIND SPEED    16   HIGHEST WIND DIRECTION     S (180)
  HIGHEST GUST SPEED    21   HIGHEST GUST DIRECTION     S (180)
  AVERAGE WIND SPEED     8.6


SKY COVER
  AVERAGE SKY COVER 0.1


WEATHER CONDITIONS
 THE FOLLOWING WEATHER WAS RECORDED YESTERDAY.
  NO SIGNIFICANT WEATHER WAS OBSERVED.


RELATIVE HUMIDITY (PERCENT)
 HIGHEST    92
 LOWEST     74
 AVERAGE    83

..........................................................


THE ABERDEEN SD CLIMATE NORMALS FOR TODAY
                         NORMAL    RECORD    YEAR
 MAXIMUM TEMPERATURE (F)   41        73      2012
 MINIMUM TEMPERATURE (F)   21       -11      1965


SUNRISE AND SUNSET
MARCH 19 2019.........SUNRISE   739 AM CDT   SUNSET   745 PM CDT
MARCH 20 2019.........SUNRISE   737 AM CDT   SUNSET   746 PM CDT


-  INDICATES NEGATIVE NUMBERS.
R  INDICATES RECORD WAS SET OR TIED.
MM INDICATES DATA IS MISSING.
T  INDICATES TRACE AMOUNT.




$$
