000
CDUS43 KABR 190811
CLIABR


CLIMATE REPORT
NATIONAL WEATHER SERVICE ABERDEEN SD
311 AM CDT SUN MAY 19 2019


...................................

...THE ABERDEEN SD CLIMATE SUMMARY FOR MAY 18 2019...

CLIMATE NORMAL PERIOD 1981 TO 2010
CLIMATE RECORD PERIOD 1893 TO 2019


WEATHER ITEM   OBSERVED TIME   RECORD YEAR NORMAL DEPARTURE
                VALUE   (LST)  VALUE       VALUE  FROM
                                                  NORMAL
...............................................................
TEMPERATURE (F)
 YESTERDAY
  MAXIMUM         49   1236 AM 100    1934  69    -20
  MINIMUM         42   1159 PM  26    1915  45     -3
  AVERAGE         46                        57    -11

PRECIPITATION (IN)
  YESTERDAY        1.11          1.27 1950   0.10   1.01
  MONTH TO DATE    2.55                      1.85   0.70
  SINCE MAR 1      5.30                      4.86   0.44
  SINCE JAN 1      7.54                      5.88   1.66

SNOWFALL (IN)
  YESTERDAY        0.0           T    1990   0.0    0.0
  MONTH TO DATE    0.0                       0.0    0.0
  SINCE OCT 1     81.1                      38.1   43.0
  SINCE JUL 1     81.1                      38.1   43.0
  SNOW DEPTH       0

DEGREE DAYS
 HEATING
  YESTERDAY       19                               10
  MONTH TO DATE  267                               68
  SINCE MAR 1   2253                              346
  SINCE JUL 1   9189                              819

 COOLING
  YESTERDAY        0                               -1
  MONTH TO DATE    0                               -8
  SINCE MAR 1      0                              -10
  SINCE JAN 1      0                              -10
...............................................................


WIND (MPH)
  HIGHEST WIND SPEED    30   HIGHEST WIND DIRECTION    NE (50)
  HIGHEST GUST SPEED    40   HIGHEST GUST DIRECTION    NE (60)
  AVERAGE WIND SPEED    21.6


SKY COVER
  AVERAGE SKY COVER 1.0


WEATHER CONDITIONS
 THE FOLLOWING WEATHER WAS RECORDED YESTERDAY.
  THUNDERSTORM
  HEAVY RAIN
  RAIN
  LIGHT RAIN
  FOG


RELATIVE HUMIDITY (PERCENT)
 HIGHEST    96
 LOWEST     86
 AVERAGE    91

..........................................................


THE ABERDEEN SD CLIMATE NORMALS FOR TODAY
                         NORMAL    RECORD    YEAR
 MAXIMUM TEMPERATURE (F)   70        97      1932
 MINIMUM TEMPERATURE (F)   45        28      2002


SUNRISE AND SUNSET
MAY 19 2019...........SUNRISE   559 AM CDT   SUNSET   902 PM CDT
MAY 20 2019...........SUNRISE   558 AM CDT   SUNSET   903 PM CDT


-  INDICATES NEGATIVE NUMBERS.
R  INDICATES RECORD WAS SET OR TIED.
MM INDICATES DATA IS MISSING.
T  INDICATES TRACE AMOUNT.




$$
