000
CDUS42 KTAE 270634
CLIABY


CLIMATE REPORT
NATIONAL WEATHER SERVICE TALLAHASSEE FL
233 AM EDT MON MAY 27 2019


...................................

...THE ALBANY CLIMATE SUMMARY FOR MAY 26 2019...

CLIMATE NORMAL PERIOD 1981 TO 2010
CLIMATE RECORD PERIOD 1930 TO 2019


WEATHER ITEM   OBSERVED TIME   RECORD YEAR NORMAL DEPARTURE LAST
                VALUE   (LST)  VALUE       VALUE  FROM      YEAR
                                                  NORMAL
..................................................................
TEMPERATURE (F)
 YESTERDAY
  MAXIMUM        101R   450 PM 101    1962  89     12       86
  MINIMUM         72    603 AM  42    1979  65      7       70
  AVERAGE         87                        77     10       78

PRECIPITATION (IN)
  YESTERDAY        0.00                      0.11  -0.11     0.26
  MONTH TO DATE    1.34                      2.01  -0.67     3.76
  SINCE MAR 1      6.89                     10.70  -3.81    10.85
  SINCE JAN 1     12.73                     19.68  -6.95    18.96

SNOWFALL (IN)
  YESTERDAY        0.0
  MONTH TO DATE    0.0
  SINCE MAR 1      0.0
  SINCE JUL 1      0.0

DEGREE DAYS
 HEATING
  YESTERDAY        0                         0      0        0
  MONTH TO DATE    0                         0      0        0
  SINCE MAR 1    210                       274    -64      295
  SINCE JUL 1   1382                      1834   -452     1541

 COOLING
  YESTERDAY       22                        12     10       13
  MONTH TO DATE  315                       237     78      326
  SINCE MAR 1    490                       368    122      416
  SINCE JAN 1    548                       377    171      499
..................................................................


WIND (MPH)
  HIGHEST WIND SPEED    10   HIGHEST WIND DIRECTION    SW (220)
  HIGHEST GUST SPEED    15   HIGHEST GUST DIRECTION     S (200)
  AVERAGE WIND SPEED     4.1




RELATIVE HUMIDITY (PERCENT)
 HIGHEST    74
 LOWEST     27
 AVERAGE    51

..........................................................


THE ALBANY CLIMATE NORMALS FOR TODAY
                         NORMAL    RECORD    YEAR
 MAXIMUM TEMPERATURE (F)   89       100      1962
 MINIMUM TEMPERATURE (F)   66        47      1988


SUNRISE AND SUNSET
MAY 27 2019...........SUNRISE   634 AM EDT   SUNSET   834 PM EDT
MAY 28 2019...........SUNRISE   634 AM EDT   SUNSET   834 PM EDT


-  INDICATES NEGATIVE NUMBERS.
R  INDICATES RECORD WAS SET OR TIED.
MM INDICATES DATA IS MISSING.
T  INDICATES TRACE AMOUNT.




$$
