000
CDUS42 KTAE 230633
CLIABY


CLIMATE REPORT
NATIONAL WEATHER SERVICE TALLAHASSEE FL
232 AM EDT MON APR 23 2018


...................................

...THE ALBANY CLIMATE SUMMARY FOR APRIL 22 2018...

CLIMATE NORMAL PERIOD 1981 TO 2010
CLIMATE RECORD PERIOD 1930 TO 2018


WEATHER ITEM   OBSERVED TIME   RECORD YEAR NORMAL DEPARTURE LAST
                VALUE   (LST)  VALUE       VALUE  FROM      YEAR
                                                  NORMAL
..................................................................
TEMPERATURE (F)
 YESTERDAY
  MAXIMUM         74    311 PM  94    1987  81     -7       89
  MINIMUM         62    537 AM  38    1986  55      7       57
  AVERAGE         68                        68      0       73

PRECIPITATION (IN)
  YESTERDAY        1.67                      0.11   1.56     0.00
  MONTH TO DATE    3.45                      2.98   0.47     1.76
  SINCE MAR 1      6.64                      8.03  -1.39     2.98
  SINCE JAN 1     14.75                     17.01  -2.26    14.80

SNOWFALL (IN)
  YESTERDAY        0.0
  MONTH TO DATE    0.0
  SINCE MAR 1      0.0
  SINCE JUL 1      0.1

DEGREE DAYS
 HEATING
  YESTERDAY        0                         1     -1        0
  MONTH TO DATE   61                        59      2       23
  SINCE MAR 1    295                       268     27      186
  SINCE JUL 1   1541                      1828   -287      989

 COOLING
  YESTERDAY        3                         4     -1        8
  MONTH TO DATE   30                        63    -33      128
  SINCE MAR 1     73                        92    -19      205
  SINCE JAN 1    156                       101     55      243
..................................................................


WIND (MPH)
  HIGHEST WIND SPEED    23   HIGHEST WIND DIRECTION    SE (120)
  HIGHEST GUST SPEED    28   HIGHEST GUST DIRECTION    SE (120)
  AVERAGE WIND SPEED    10.3




RELATIVE HUMIDITY (PERCENT)
 HIGHEST    93
 LOWEST     68
 AVERAGE    81

..........................................................


THE ALBANY CLIMATE NORMALS FOR TODAY
                         NORMAL    RECORD    YEAR
 MAXIMUM TEMPERATURE (F)   81        94      1987
 MINIMUM TEMPERATURE (F)   55        33      1993


SUNRISE AND SUNSET
APRIL 23 2018.........SUNRISE   700 AM EDT   SUNSET   811 PM EDT
APRIL 24 2018.........SUNRISE   658 AM EDT   SUNSET   812 PM EDT


-  INDICATES NEGATIVE NUMBERS.
R  INDICATES RECORD WAS SET OR TIED.
MM INDICATES DATA IS MISSING.
T  INDICATES TRACE AMOUNT.




$$
