000
CDUS42 KTAE 222146
CLIABY


CLIMATE REPORT
NATIONAL WEATHER SERVICE TALLAHASSEE FL
545 PM EDT FRI MAR 22 2019


...................................

...THE ALBANY CLIMATE SUMMARY FOR MARCH 22 2019...
VALID TODAY AS OF 0500 PM LOCAL TIME.

CLIMATE NORMAL PERIOD 1981 TO 2010
CLIMATE RECORD PERIOD 1930 TO 2019


WEATHER ITEM   OBSERVED TIME   RECORD YEAR NORMAL DEPARTURE LAST
                VALUE   (LST)  VALUE       VALUE  FROM      YEAR
                                                  NORMAL
..................................................................
TEMPERATURE (F)
 TODAY
  MAXIMUM         73    349 PM  89    1935  74     -1       65
  MINIMUM         44    619 AM  27    1990  48     -4       38
  AVERAGE         59                        61     -2       52

PRECIPITATION (IN)
  TODAY            0.00                      0.17  -0.17     0.00
  MONTH TO DATE    2.06                      3.38  -1.32     2.01
  SINCE MAR 1      2.06                      3.38  -1.32     2.01
  SINCE JAN 1      7.90                     12.36  -4.46    10.12

..................................................................







THE ALBANY CLIMATE NORMALS FOR TOMORROW
                         NORMAL    RECORD    YEAR
 MAXIMUM TEMPERATURE (F)   74        90      1935
 MINIMUM TEMPERATURE (F)   48        28      1955



-  INDICATES NEGATIVE NUMBERS.
R  INDICATES RECORD WAS SET OR TIED.
MM INDICATES DATA IS MISSING.
T  INDICATES TRACE AMOUNT.




$$
