000
CDUS44 KFWD 192124
CLIACT


CLIMATE REPORT
NATIONAL WEATHER SERVICE FORT WORTH TX
424 PM CDT THU APR 19 2018


...................................

...THE WACO CLIMATE SUMMARY FOR APRIL 19 2018...
VALID AS OF 0400 PM LOCAL TIME.

CLIMATE NORMAL PERIOD 1981 TO 2010
CLIMATE RECORD PERIOD 1901 TO 2018


WEATHER ITEM   OBSERVED TIME   RECORD YEAR NORMAL DEPARTURE LAST
                VALUE   (LST)  VALUE       VALUE  FROM      YEAR
                                                  NORMAL
..................................................................
TEMPERATURE (F)
 TODAY
  MAXIMUM         74    245 PM  97    1996  79     -5       83
  MINIMUM         47    600 AM  34    2013  56     -9       63
  AVERAGE         61

PRECIPITATION (IN)
  TODAY            0.00          1.78 1957   0.10  -0.10     0.00
  MONTH TO DATE    0.28                      1.52  -1.24     6.94
  SINCE MAR 1      2.77                      4.67  -1.90    10.26
  SINCE JAN 1      5.20                      9.42  -4.22    16.42

SNOWFALL (IN)
  TODAY            0.0           0.0    MM   0.0    0.0      0.0
  MONTH TO DATE    0.0                       0.1   -0.1      0.0
  SINCE MAR 1      0.0                       0.2   -0.2      0.0
  SINCE JUL 1      T                         1.0   -1.0       T
  SNOW DEPTH       0

..................................................................


WIND (MPH)
  HIGHEST WIND SPEED    21   HIGHEST WIND DIRECTION    NE (30)
  HIGHEST GUST SPEED    26   HIGHEST GUST DIRECTION    NE (50)
  AVERAGE WIND SPEED    11.4




..........................................................


THE WACO CLIMATE NORMALS FOR TOMORROW
                         NORMAL    RECORD    YEAR
 MAXIMUM TEMPERATURE (F)   79        94      1925
 MINIMUM TEMPERATURE (F)   56        38      2013
                                             1953


SUNRISE AND SUNSET
APRIL 19 2018.........SUNRISE   656 AM CDT   SUNSET   801 PM CDT
APRIL 20 2018.........SUNRISE   655 AM CDT   SUNSET   801 PM CDT


-  INDICATES NEGATIVE NUMBERS.
R  INDICATES RECORD WAS SET OR TIED.
MM INDICATES DATA IS MISSING.
T  INDICATES TRACE AMOUNT.




$$
