000
CDUS44 KFWD 250645
CLIACT


CLIMATE REPORT
NATIONAL WEATHER SERVICE FORT WORTH TX
144 AM CDT MON MAR 25 2019

...THE WACO CLIMATE SUMMARY FOR MARCH 24 2019...

CLIMATE NORMAL PERIOD 1981 TO 2010
CLIMATE RECORD PERIOD 1901 TO 2019


WEATHER ITEM   OBSERVED TIME   RECORD YEAR NORMAL DEPARTURE LAST
                VALUE   (LST)  VALUE       VALUE  FROM      YEAR
                                                  NORMAL
..................................................................
TEMPERATURE (F)
 YESTERDAY
  MAXIMUM         78    446 PM  89    1929  72      6       87
  MINIMUM         62    458 AM  30    1966  49     13       66
  AVERAGE         70                        60     10       77

PRECIPITATION (IN)
  YESTERDAY        0.00          1.34 1943   0.10  -0.10     0.00
  MONTH TO DATE    1.39                      2.54  -1.15     0.83
  SINCE MAR 1      1.39                      2.54  -1.15     0.83
  SINCE JAN 1      6.97                      7.29  -0.32     3.26

SNOWFALL (IN)
  YESTERDAY        0.0           0.0    MM   0.0    0.0      0.0
  MONTH TO DATE    0.0                       0.1   -0.1      0.0
  SINCE MAR 1      0.0                       0.1   -0.1      0.0
  SINCE JUL 1      0.1                       0.9   -0.8       T
  SNOW DEPTH       0

DEGREE DAYS
 HEATING
  YESTERDAY        0                         6     -6        0
  MONTH TO DATE  283                       208     75      139
  SINCE MAR 1    283                       208     75      139
  SINCE JUL 1   2145                      2020    125     1942

 COOLING
  YESTERDAY        5                         1      4       12
  MONTH TO DATE   11                        23    -12       38
  SINCE MAR 1     11                        23    -12       38
  SINCE JAN 1     26                        32     -6       58
..................................................................


WIND (MPH)
  HIGHEST WIND SPEED    18   HIGHEST WIND DIRECTION     S (200)
  HIGHEST GUST SPEED    23   HIGHEST GUST DIRECTION     S (190)
  AVERAGE WIND SPEED    11.5


SKY COVER
  POSSIBLE SUNSHINE  MM
  AVERAGE SKY COVER 0.6


WEATHER CONDITIONS
 THE FOLLOWING WEATHER WAS RECORDED YESTERDAY.
  NO SIGNIFICANT WEATHER WAS OBSERVED.


RELATIVE HUMIDITY (PERCENT)
 HIGHEST    93           400 AM
 LOWEST     60           400 PM
 AVERAGE    77

..........................................................


THE WACO CLIMATE NORMALS FOR TODAY
                         NORMAL    RECORD    YEAR
 MAXIMUM TEMPERATURE (F)   72        91      1928
 MINIMUM TEMPERATURE (F)   49        29      1955


SUNRISE AND SUNSET
MARCH 25 2019.........SUNRISE   727 AM CDT   SUNSET   744 PM CDT
MARCH 26 2019.........SUNRISE   725 AM CDT   SUNSET   744 PM CDT


-  INDICATES NEGATIVE NUMBERS.
R  INDICATES RECORD WAS SET OR TIED.
MM INDICATES DATA IS MISSING.
T  INDICATES TRACE AMOUNT.




$$
