000
CDUS44 KFWD 242128
CLIACT


CLIMATE REPORT
NATIONAL WEATHER SERVICE FORT WORTH TX
428 PM CDT FRI MAY 24 2019


...................................

...THE WACO CLIMATE SUMMARY FOR MAY 24 2019...
VALID AS OF 0400 PM LOCAL TIME.

CLIMATE NORMAL PERIOD 1981 TO 2010
CLIMATE RECORD PERIOD 1901 TO 2019


WEATHER ITEM   OBSERVED TIME   RECORD YEAR NORMAL DEPARTURE LAST
                VALUE   (LST)  VALUE       VALUE  FROM      YEAR
                                                  NORMAL
..................................................................
TEMPERATURE (F)
 TODAY
  MAXIMUM         92    238 PM  97    1996  87      5       91
  MINIMUM         76    625 AM  51    1940  66     10       68
  AVERAGE         84

PRECIPITATION (IN)
  TODAY            0.00          4.81 1908   0.14  -0.14     0.00
  MONTH TO DATE    4.80                      3.29   1.51     2.94
  SINCE MAR 1     13.00                      9.13   3.87     5.94
  SINCE JAN 1     18.58                     13.88   4.70     8.37

..................................................................


WIND (MPH)
  HIGHEST WIND SPEED    23   HIGHEST WIND DIRECTION    SE (150)
  HIGHEST GUST SPEED    29   HIGHEST GUST DIRECTION    SE (140)
  AVERAGE WIND SPEED    15.1




..........................................................


THE WACO CLIMATE NORMALS FOR TOMORROW
                         NORMAL    RECORD    YEAR
 MAXIMUM TEMPERATURE (F)   87        98      2011
 MINIMUM TEMPERATURE (F)   66        53      1979


SUNRISE AND SUNSET
MAY 24 2019...........SUNRISE   627 AM CDT   SUNSET   824 PM CDT
MAY 25 2019...........SUNRISE   627 AM CDT   SUNSET   825 PM CDT


-  INDICATES NEGATIVE NUMBERS.
R  INDICATES RECORD WAS SET OR TIED.
MM INDICATES DATA IS MISSING.
T  INDICATES TRACE AMOUNT.




$$
