280
CDUS41 KPHI 220559
CLIACY


CLIMATE REPORT
NATIONAL WEATHER SERVICE MOUNT HOLLY NJ
159 AM EDT WED MAY 22 2019


...................................

...THE ATLANTIC CITY NJ CLIMATE SUMMARY FOR MAY 21 2019...

CLIMATE NORMAL PERIOD 1981 TO 2010
CLIMATE RECORD PERIOD 1943 TO 2019


WEATHER ITEM   OBSERVED TIME   RECORD YEAR NORMAL DEPARTURE LAST
                VALUE   (LST)  VALUE       VALUE  FROM      YEAR
                                                  NORMAL
..................................................................
TEMPERATURE (F)
 YESTERDAY
  MAXIMUM         73    410 PM  93    1996  73      0       76
  MINIMUM         55   1022 PM  28    1992  53      2       57
  AVERAGE         64                        63      1       67

PRECIPITATION (IN)
  YESTERDAY        0.00          1.12 1975   0.11  -0.11     0.00
  MONTH TO DATE    2.42                      2.18   0.24     5.46
  SINCE MAR 1     10.30                     10.02   0.28    14.61
  SINCE JAN 1     18.13                     16.11   2.02    24.33

SNOWFALL (IN)
  YESTERDAY        0.0           0.0    MM   0.0    0.0      0.0
  MONTH TO DATE    0.0                       0.0    0.0      0.0
  SINCE MAR 1      1.2                       1.4   -0.2      9.6
  SINCE JUL 1     17.8                      16.5    1.3     34.1
  SNOW DEPTH       0

DEGREE DAYS
 HEATING
  YESTERDAY        1                         4     -3        0
  MONTH TO DATE   93                       141    -48       49
  SINCE MAR 1   1097                      1254   -157     1264
  SINCE JUL 1   4465                      4845   -380     4502

 COOLING
  YESTERDAY        0                         2     -2        2
  MONTH TO DATE   34                        28      6       72
  SINCE MAR 1     43                        37      6       78
  SINCE JAN 1     43                        37      6       78
..................................................................


WIND (MPH)
  HIGHEST WIND SPEED    22   HIGHEST WIND DIRECTION    NW (310)
  HIGHEST GUST SPEED    32   HIGHEST GUST DIRECTION    NW (300)
  AVERAGE WIND SPEED    11.1


SKY COVER
  POSSIBLE SUNSHINE  MM
  AVERAGE SKY COVER 0.0


WEATHER CONDITIONS
 THE FOLLOWING WEATHER WAS RECORDED YESTERDAY.
  HAZE


RELATIVE HUMIDITY (PERCENT)
 HIGHEST    90          1200 AM
 LOWEST     33           400 PM
 AVERAGE    62

..........................................................


THE ATLANTIC CITY NJ CLIMATE NORMALS FOR TODAY
                         NORMAL    RECORD    YEAR
 MAXIMUM TEMPERATURE (F)   73        91      1992
 MINIMUM TEMPERATURE (F)   53        36      2002


SUNRISE AND SUNSET
MAY 22 2019...........SUNRISE   539 AM EDT   SUNSET   811 PM EDT
MAY 23 2019...........SUNRISE   538 AM EDT   SUNSET   812 PM EDT


-  INDICATES NEGATIVE NUMBERS.
R  INDICATES RECORD WAS SET OR TIED.
MM INDICATES DATA IS MISSING.
T  INDICATES TRACE AMOUNT.




$$
