000
CDUS41 KPHI 240554
CLIACY


CLIMATE REPORT
NATIONAL WEATHER SERVICE MOUNT HOLLY NJ
154 AM EDT SUN MAR 24 2019


...................................

...THE ATLANTIC CITY NJ CLIMATE SUMMARY FOR MARCH 23 2019...

CLIMATE NORMAL PERIOD 1981 TO 2010
CLIMATE RECORD PERIOD 1943 TO 2019


WEATHER ITEM   OBSERVED TIME   RECORD YEAR NORMAL DEPARTURE LAST
                VALUE   (LST)  VALUE       VALUE  FROM      YEAR
                                                  NORMAL
..................................................................
TEMPERATURE (F)
 YESTERDAY
  MAXIMUM         52    422 PM  79    2012  54     -2       50
  MINIMUM         35    638 AM  15    2004  35      0       31
  AVERAGE         44                        44      0       41

PRECIPITATION (IN)
  YESTERDAY        0.00          1.59 2005   0.13  -0.13     0.00
  MONTH TO DATE    3.78                      3.08   0.70     5.15
  SINCE MAR 1      3.78                      3.08   0.70     5.15
  SINCE JAN 1     11.61                      9.17   2.44    14.87

SNOWFALL (IN)
  YESTERDAY        0.0           0.9  1971   0.0    0.0      0.0
  MONTH TO DATE    1.2                       1.0    0.2      9.6
  SINCE MAR 1      1.2                       1.0    0.2      9.6
  SINCE JUL 1     17.8                      16.1    1.7     34.1
  SNOW DEPTH       0

DEGREE DAYS
 HEATING
  YESTERDAY       21                        21      0       24
  MONTH TO DATE  594                       551     43      603
  SINCE MAR 1    594                       551     43      603
  SINCE JUL 1   3962                      4142   -180     3841

 COOLING
  YESTERDAY        0                         0      0        0
  MONTH TO DATE    0                         0      0        0
  SINCE MAR 1      0                         0      0        0
  SINCE JAN 1      0                         0      0        0
..................................................................


WIND (MPH)
  HIGHEST WIND SPEED    32   HIGHEST WIND DIRECTION     W (290)
  HIGHEST GUST SPEED    49   HIGHEST GUST DIRECTION     W (260)
  AVERAGE WIND SPEED    19.8


SKY COVER
  POSSIBLE SUNSHINE  MM
  AVERAGE SKY COVER 0.1


WEATHER CONDITIONS
 THE FOLLOWING WEATHER WAS RECORDED YESTERDAY.
  NO SIGNIFICANT WEATHER WAS OBSERVED.


RELATIVE HUMIDITY (PERCENT)
 HIGHEST    59           200 AM
 LOWEST     24           400 PM
 AVERAGE    42

..........................................................


THE ATLANTIC CITY NJ CLIMATE NORMALS FOR TODAY
                         NORMAL    RECORD    YEAR
 MAXIMUM TEMPERATURE (F)   54        77      1994
 MINIMUM TEMPERATURE (F)   35        17      2014


SUNRISE AND SUNSET
MARCH 24 2019.........SUNRISE   656 AM EDT   SUNSET   714 PM EDT
MARCH 25 2019.........SUNRISE   654 AM EDT   SUNSET   715 PM EDT


-  INDICATES NEGATIVE NUMBERS.
R  INDICATES RECORD WAS SET OR TIED.
MM INDICATES DATA IS MISSING.
T  INDICATES TRACE AMOUNT.




$$
