000
CDUS41 KPHI 260554
CLIACY


CLIMATE REPORT
NATIONAL WEATHER SERVICE MOUNT HOLLY NJ
154 AM EDT THU APR 26 2018


...................................

...THE ATLANTIC CITY NJ CLIMATE SUMMARY FOR APRIL 25 2018...

CLIMATE NORMAL PERIOD 1981 TO 2010
CLIMATE RECORD PERIOD 1874 TO 2018


WEATHER ITEM   OBSERVED TIME   RECORD YEAR NORMAL DEPARTURE LAST
                VALUE   (LST)  VALUE       VALUE  FROM      YEAR
                                                  NORMAL
..................................................................
TEMPERATURE (F)
 YESTERDAY
  MAXIMUM         69    310 PM  92    2009  65      4       60
  MINIMUM         54    859 PM  29    2015  45      9       52
  AVERAGE         62                        55      7       56

PRECIPITATION (IN)
  YESTERDAY        0.59          1.29 2017   0.10   0.49     1.29
  MONTH TO DATE    3.31                      3.09   0.22     2.86
  SINCE MAR 1      8.64                      7.30   1.34     8.48
  SINCE JAN 1     18.36                     13.39   4.97    14.03

SNOWFALL (IN)
  YESTERDAY        0.0           0.0    MM   0.0    0.0      0.0
  MONTH TO DATE    T                         0.3   -0.3      0.0
  SINCE MAR 1      9.6                       1.4    8.2      0.2
  SINCE JUL 1     34.1                      16.5   17.6      7.7
  SNOW DEPTH       0

DEGREE DAYS
 HEATING
  YESTERDAY        3                        11     -8        9
  MONTH TO DATE  410                       358     52      241
  SINCE MAR 1   1181                      1064    117      960
  SINCE JUL 1   4419                      4655   -236     3956

 COOLING
  YESTERDAY        0                         0      0        0
  MONTH TO DATE    6                         0      6       10
  SINCE MAR 1      6                         0      6       10
  SINCE JAN 1      6                         0      6       10
..................................................................


WIND (MPH)
  HIGHEST WIND SPEED    21   HIGHEST WIND DIRECTION     E (110)
  HIGHEST GUST SPEED    30   HIGHEST GUST DIRECTION     E (100)
  AVERAGE WIND SPEED     9.7


SKY COVER
  POSSIBLE SUNSHINE  MM
  AVERAGE SKY COVER 0.9


WEATHER CONDITIONS
 THE FOLLOWING WEATHER WAS RECORDED YESTERDAY.
  HEAVY RAIN
  RAIN
  LIGHT RAIN
  FOG


RELATIVE HUMIDITY (PERCENT)
 HIGHEST   100          1200 AM
 LOWEST     76           300 PM
 AVERAGE    88

..........................................................


THE ATLANTIC CITY NJ CLIMATE NORMALS FOR TODAY
                         NORMAL    RECORD    YEAR
 MAXIMUM TEMPERATURE (F)   65        92      2009
 MINIMUM TEMPERATURE (F)   45        28      1967


SUNRISE AND SUNSET
APRIL 26 2018.........SUNRISE   606 AM EDT   SUNSET   747 PM EDT
APRIL 27 2018.........SUNRISE   604 AM EDT   SUNSET   748 PM EDT


-  INDICATES NEGATIVE NUMBERS.
R  INDICATES RECORD WAS SET OR TIED.
MM INDICATES DATA IS MISSING.
T  INDICATES TRACE AMOUNT.




$$
