000
CDAK48 PAFC 270116
CLIADQ


CLIMATE REPORT
NATIONAL WEATHER SERVICE ANCHORAGE, AK
515 PM AKDT SUN MAY 26 2019


...................................

...THE KODIAK CLIMATE SUMMARY FOR MAY 26 2019...
VALID TODAY AS OF 0500 PM LOCAL TIME.

CLIMATE NORMAL PERIOD 1981 TO 2010
CLIMATE RECORD PERIOD 1913 TO 2019


WEATHER ITEM   OBSERVED TIME   RECORD YEAR NORMAL DEPARTURE LAST
                VALUE   (LST)  VALUE       VALUE  FROM      YEAR
                                                  NORMAL
..................................................................
TEMPERATURE (F)
 TODAY
  MAXIMUM         51        MM  74    2006  52     -1       51
  MINIMUM         47        MM  32    2017  41      6       43
  AVERAGE         49                        46      3       47

PRECIPITATION (IN)
  TODAY            0.53          1.24 1982   0.19   0.34     0.05
  MONTH TO DATE    4.88                      4.61   0.27     8.97
  SINCE DEC 1     33.94                     39.11  -5.17    40.54
  SINCE JAN 1     25.89                     30.38  -4.49    27.67

SNOWFALL (IN)
  TODAY           MM            MM      MM   0.0   MM        0.0
  MONTH TO DATE   MM                         0.2   MM        0.0
  SINCE DEC 1      T                        61.4  -61.4     10.4
  SINCE JUL 1      T                        68.9  -68.9     17.9
  SNOW DEPTH      MM

DEGREE DAYS
 HEATING
  TODAY           16                        19     -3       18
  MONTH TO DATE  476                       550    -74      549
  SINCE MAR 1   2052                      2370   -318     2151
  SINCE JUL 1   7041                      8242  -1201     7452

 COOLING
  TODAY            0                         0      0        0
  MONTH TO DATE    0                         0      0        0
  SINCE MAR 1      0                         0      0        0
  SINCE JAN 1      0                         0      0        0
..................................................................


WIND (MPH)
  RESULTANT WIND SPEED   6   RESULTANT WIND DIRECTION  NE (60)
  HIGHEST WIND SPEED    16   HIGHEST WIND DIRECTION    SE (150)
  HIGHEST GUST SPEED    MM   HIGHEST GUST DIRECTION    MM
  AVERAGE WIND SPEED     8.1



WEATHER CONDITIONS
 THE FOLLOWING WEATHER WAS RECORDED TODAY.
  RAIN
  LIGHT RAIN
  FOG


RELATIVE HUMIDITY (PERCENT)
 HIGHEST    93
 LOWEST     80
 AVERAGE    87

..........................................................


THE KODIAK CLIMATE NORMALS FOR TOMORROW
                         NORMAL    RECORD    YEAR
 MAXIMUM TEMPERATURE (F)   52        75      2006
 MINIMUM TEMPERATURE (F)   41        29      1914


SUNRISE AND SUNSET
MAY 26 2019...........SUNRISE   527 AM AKDT  SUNSET  1048 PM AKDT
MAY 27 2019...........SUNRISE   526 AM AKDT  SUNSET  1050 PM AKDT


-  INDICATES NEGATIVE NUMBERS.
R  INDICATES RECORD WAS SET OR TIED.
MM INDICATES DATA IS MISSING.
T  INDICATES TRACE AMOUNT.




$$
