000
CDAK48 PAFC 220128
CLIADQ


CLIMATE REPORT
NATIONAL WEATHER SERVICE ANCHORAGE, AK
526 PM AKDT THU MAR 21 2019


...................................

...THE KODIAK CLIMATE SUMMARY FOR MARCH 21 2019...
VALID TODAY AS OF 0500 PM LOCAL TIME.

CLIMATE NORMAL PERIOD 1981 TO 2010
CLIMATE RECORD PERIOD 1913 TO 2019


WEATHER ITEM   OBSERVED TIME   RECORD YEAR NORMAL DEPARTURE LAST
                VALUE   (LST)  VALUE       VALUE  FROM      YEAR
                                                  NORMAL
..................................................................
TEMPERATURE (F)
 TODAY
  MAXIMUM         43        MM  49    1982  38      5       44
                                      1915
  MINIMUM         41        MM   3    1975  28     13       33
  AVERAGE         42                        33      9       39

PRECIPITATION (IN)
  TODAY            1.02          1.16 1985   0.19   0.83     0.00
  MONTH TO DATE    6.78                      3.75   3.03     0.73
  SINCE DEC 1     22.91                     26.91  -4.00    24.53
  SINCE JAN 1     14.86                     18.18  -3.32    11.66

SNOWFALL (IN)
  TODAY           MM             6.8  2008   0.4   MM        0.0
  MONTH TO DATE   MM                         7.7   MM        1.1
  SINCE DEC 1      T                        49.6  -49.6     10.4
  SINCE JUL 1      T                        57.1  -57.1     17.9
  SNOW DEPTH      MM

DEGREE DAYS
 HEATING
  TODAY           23                        32     -9       26
  MONTH TO DATE  539                       685   -146      614
  SINCE MAR 1    539                       685   -146      614
  SINCE JUL 1   5528                      6557  -1029     5915

 COOLING
  TODAY            0                         0      0        0
  MONTH TO DATE    0                         0      0        0
  SINCE MAR 1      0                         0      0        0
  SINCE JAN 1      0                         0      0        0
..................................................................


WIND (MPH)
  RESULTANT WIND SPEED  25   RESULTANT WIND DIRECTION   E (70)
  HIGHEST WIND SPEED    32   HIGHEST WIND DIRECTION     E (70)
  HIGHEST GUST SPEED    46   HIGHEST GUST DIRECTION    NE (60)
  AVERAGE WIND SPEED    25.8



WEATHER CONDITIONS
 THE FOLLOWING WEATHER WAS RECORDED TODAY.
  RAIN
  LIGHT RAIN
  FOG


RELATIVE HUMIDITY (PERCENT)
 HIGHEST    96
 LOWEST     86
 AVERAGE    91

..........................................................


THE KODIAK CLIMATE NORMALS FOR TOMORROW
                         NORMAL    RECORD    YEAR
 MAXIMUM TEMPERATURE (F)   38        55      1965
 MINIMUM TEMPERATURE (F)   28         4      1975


SUNRISE AND SUNSET
MARCH 21 2019.........SUNRISE   809 AM AKDT  SUNSET   827 PM AKDT
MARCH 22 2019.........SUNRISE   806 AM AKDT  SUNSET   829 PM AKDT


-  INDICATES NEGATIVE NUMBERS.
R  INDICATES RECORD WAS SET OR TIED.
MM INDICATES DATA IS MISSING.
T  INDICATES TRACE AMOUNT.




$$
