769
CDUS44 KLCH 250821
CLIAEX


CLIMATE REPORT
NATIONAL WEATHER SERVICE LAKE CHARLES, LA
319 AM CDT SAT MAY 25 2019


...................................

...THE ALEXANDRIA CLIMATE SUMMARY FOR MAY 24 2019...

CLIMATE NORMAL PERIOD 1981 TO 2010
CLIMATE RECORD PERIOD 1892 TO 2019


WEATHER ITEM   OBSERVED TIME   RECORD YEAR NORMAL DEPARTURE LAST
                VALUE   (LST)  VALUE       VALUE  FROM      YEAR
                                                  NORMAL
..................................................................
TEMPERATURE (F)
 YESTERDAY
  MAXIMUM         90    413 PM  96    2005  87      3       90
  MINIMUM         70    540 AM  51    1967  66      4       71
                                      1917
                                      1893
  AVERAGE         80                        76      4       81

PRECIPITATION (IN)
  YESTERDAY        0.00          1.94 1922   0.19  -0.19      T
  MONTH TO DATE    8.76                      3.62   5.14     0.97
  SINCE MAR 1     18.13                     13.22   4.91    13.97
  SINCE JAN 1     29.34                     22.90   6.44    30.46

DEGREE DAYS
 COOLING
  YESTERDAY       15                        11      4       16
  MONTH TO DATE  231                       209     22      325
  SINCE MAR 1    344                       351     -7      451
  SINCE JAN 1    369                       368      1      510
..................................................................


WIND (MPH)
  HIGHEST WIND SPEED    15   HIGHEST WIND DIRECTION    SE (140)
  HIGHEST GUST SPEED    19   HIGHEST GUST DIRECTION    SE (150)
  AVERAGE WIND SPEED     7.2


SKY COVER
  POSSIBLE SUNSHINE  MM
  AVERAGE SKY COVER 0.2


WEATHER CONDITIONS
 THE FOLLOWING WEATHER WAS RECORDED YESTERDAY.
  FOG
  HAZE


RELATIVE HUMIDITY (PERCENT)
 HIGHEST   100           200 AM
 LOWEST     44           200 PM
 AVERAGE    72

..........................................................


THE ALEXANDRIA CLIMATE NORMALS FOR TODAY
                         NORMAL    RECORD    YEAR
 MAXIMUM TEMPERATURE (F)   87        96      1898
                                             1896
 MINIMUM TEMPERATURE (F)   66        52      1913


SUNRISE AND SUNSET
MAY 25 2019...........SUNRISE   609 AM CDT   SUNSET   806 PM CDT
MAY 26 2019...........SUNRISE   609 AM CDT   SUNSET   806 PM CDT


-  INDICATES NEGATIVE NUMBERS.
R  INDICATES RECORD WAS SET OR TIED.
MM INDICATES DATA IS MISSING.
T  INDICATES TRACE AMOUNT.




$$
