000
CDUS44 KLCH 222215
CLIAEX


CLIMATE REPORT
NATIONAL WEATHER SERVICE LAKE CHARLES, LA
515 PM CDT FRI MAR 22 2019


...................................

...THE ALEXANDRIA CLIMATE SUMMARY FOR MARCH 22 2019...
VALID TODAY AS OF 0500 PM LOCAL TIME.

CLIMATE NORMAL PERIOD 1981 TO 2010
CLIMATE RECORD PERIOD 1892 TO 2019


WEATHER ITEM   OBSERVED TIME   RECORD YEAR NORMAL DEPARTURE LAST
                VALUE   (LST)  VALUE       VALUE  FROM      YEAR
                                                  NORMAL
..................................................................
TEMPERATURE (F)
 TODAY
  MAXIMUM         77    353 PM  92    1907  72      5       72
  MINIMUM         40    635 AM  26    1915  49     -9       43
  AVERAGE         59                        61     -2       58

PRECIPITATION (IN)
  TODAY            0.00          5.40 1929   0.14  -0.14     0.00
  MONTH TO DATE    0.19                      3.68  -3.49     2.92
  SINCE MAR 1      0.19                      3.68  -3.49     2.92
  SINCE JAN 1     11.40                     13.36  -1.96    19.41

SNOWFALL (IN)
  TODAY            0.0           0.0    MM  MM     MM        0.0
  MONTH TO DATE    0.0                      MM     MM        0.0
  SINCE MAR 1      0.0                      MM     MM        0.0
  SINCE JUL 1      0.0                      MM     MM        2.9
  SNOW DEPTH       0

DEGREE DAYS
 HEATING
  TODAY            6                         6      0        7
  MONTH TO DATE  201                       169     32      136
  SINCE MAR 1    201                       169     32      136
  SINCE JUL 1   1733                      1834   -101     1758

 COOLING
  TODAY            0                         1     -1        0
  MONTH TO DATE   25                        22      3       33
  SINCE MAR 1     25                        22      3       33
  SINCE JAN 1     50                        39     11       92
..................................................................


WIND (MPH)
  HIGHEST WIND SPEED     9   HIGHEST WIND DIRECTION    SE (140)
  HIGHEST GUST SPEED    13   HIGHEST GUST DIRECTION    SE (120)
  AVERAGE WIND SPEED     2.3


SKY COVER
  POSSIBLE SUNSHINE  MM
  AVERAGE SKY COVER 0.0


WEATHER CONDITIONS
 THE FOLLOWING WEATHER WAS RECORDED TODAY.
  FOG


RELATIVE HUMIDITY (PERCENT)
 HIGHEST    96           700 AM
 LOWEST     22           300 PM
 AVERAGE    59

..........................................................


THE ALEXANDRIA CLIMATE NORMALS FOR TOMORROW
                         NORMAL    RECORD    YEAR
 MAXIMUM TEMPERATURE (F)   73        91      1907
 MINIMUM TEMPERATURE (F)   49        27      1915


SUNRISE AND SUNSET
MARCH 22 2019.........SUNRISE   712 AM CDT   SUNSET   723 PM CDT
MARCH 23 2019.........SUNRISE   710 AM CDT   SUNSET   724 PM CDT


-  INDICATES NEGATIVE NUMBERS.
R  INDICATES RECORD WAS SET OR TIED.
MM INDICATES DATA IS MISSING.
T  INDICATES TRACE AMOUNT.




$$
