000
CDUS42 KCAE 220632
CLIAGS


CLIMATE REPORT
NATIONAL WEATHER SERVICE COLUMBIA SC
232 AM EDT FRI MAR 22 2019


...................................

...THE AUGUSTA REGIONAL BUSH FIELD GA CLIMATE SUMMARY FOR MARCH 21 2019...

CLIMATE NORMAL PERIOD 1981 TO 2010
CLIMATE RECORD PERIOD 1873 TO 2019


WEATHER ITEM   OBSERVED TIME   RECORD YEAR NORMAL DEPARTURE LAST
                VALUE   (LST)  VALUE       VALUE  FROM      YEAR
                                                  NORMAL
..................................................................
TEMPERATURE (F)
 YESTERDAY
  MAXIMUM         71    133 PM  91    2017  71      0       54
  MINIMUM         34    613 AM  26    1965  43     -9       42
  AVERAGE         53                        57     -4       48

PRECIPITATION (IN)
  YESTERDAY        0.00          2.79 2006   0.12  -0.12     0.00
  MONTH TO DATE    1.62                      2.93  -1.31     2.65
  SINCE MAR 1      1.62                      2.93  -1.31     2.65
  SINCE JAN 1      7.16                     10.76  -3.60     6.31

SNOWFALL (IN)
  YESTERDAY        0.0          MM      MM   0.0             0.0
  MONTH TO DATE    0.0                       0.0             0.0
  SINCE MAR 1      0.0                       0.0             0.0
  SINCE JUL 1      0.0                       0.9              T

DEGREE DAYS
 HEATING
  YESTERDAY       12                         8      4       17
  MONTH TO DATE  180                       223    -43      260
  SINCE MAR 1    180                       223    -43      260
  SINCE JUL 1   1784                      2255   -471     1947

 COOLING
  YESTERDAY        0                         1     -1        0
  MONTH TO DATE   11                         7      4       14
  SINCE MAR 1     11                         7      4       14
  SINCE JAN 1     24                        10     14       65
..................................................................


WIND (MPH)
  HIGHEST WIND SPEED    21   HIGHEST WIND DIRECTION    NW (300)
  HIGHEST GUST SPEED    31   HIGHEST GUST DIRECTION    NW (300)
  AVERAGE WIND SPEED     6.4


SKY COVER
  AVERAGE SKY COVER 0.4


WEATHER CONDITIONS
 THE FOLLOWING WEATHER WAS RECORDED YESTERDAY.
  FOG
  FOG W/VISIBILITY <= 1/4 MILE
  HAZE


RELATIVE HUMIDITY (PERCENT)
 HIGHEST   100           400 AM
 LOWEST     27           100 PM
 AVERAGE    64

..........................................................


THE AUGUSTA REGIONAL BUSH FIELD GA CLIMATE NORMALS FOR TODAY
                         NORMAL    RECORD    YEAR
 MAXIMUM TEMPERATURE (F)   72        92      1907
 MINIMUM TEMPERATURE (F)   43        23      1996


SUNRISE AND SUNSET
MARCH 22 2019.........SUNRISE   729 AM EDT   SUNSET   741 PM EDT
MARCH 23 2019.........SUNRISE   728 AM EDT   SUNSET   742 PM EDT


-  INDICATES NEGATIVE NUMBERS.
R  INDICATES RECORD WAS SET OR TIED.
MM INDICATES DATA IS MISSING.
T  INDICATES TRACE AMOUNT.




$$
