000
CDUS42 KCAE 222136
CLIAGS


CLIMATE REPORT
NATIONAL WEATHER SERVICE COLUMBIA SC
536 PM EDT WED MAY 22 2019


...................................

...THE AUGUSTA BUSH FIELD GA CLIMATE SUMMARY FOR MAY 22 2019...
VALID TODAY AS OF 0500 PM LOCAL TIME.

CLIMATE NORMAL PERIOD 1981 TO 2010
CLIMATE RECORD PERIOD 1873 TO 2019


WEATHER ITEM   OBSERVED TIME   RECORD YEAR NORMAL DEPARTURE LAST
                VALUE   (LST)  VALUE       VALUE  FROM      YEAR
                                                  NORMAL
..................................................................
TEMPERATURE (F)
 TODAY
  MAXIMUM         95    359 PM  97    1941  87      8       85
                                      1933
  MINIMUM         66    546 AM  42    1954  59      7       67
  AVERAGE         81                        73      8       76

PRECIPITATION (IN)
  TODAY            0.00          3.39 1967   0.09  -0.09     1.18
  MONTH TO DATE    3.70                      1.68   2.02     3.49
  SINCE MAR 1      8.94                      8.70   0.24    10.17
  SINCE JAN 1     14.48                     16.53  -2.05    13.83

SNOWFALL (IN)
  TODAY            0.0          MM      MM   0.0             0.0
  MONTH TO DATE    0.0                       0.0             0.0
  SINCE MAR 1      0.0                       0.0             0.0
  SINCE JUL 1      0.0                       0.9              T

DEGREE DAYS
 HEATING
  TODAY            0                         0      0        0
  MONTH TO DATE    1                        18    -17        3
  SINCE MAR 1    331                       438   -107      478
  SINCE JUL 1   1935                      2470   -535     2165

 COOLING
  TODAY           16                         8      8       11
  MONTH TO DATE  231                       124    107      169
  SINCE MAR 1    360                       194    166      201
  SINCE JAN 1    373                       197    176      252
..................................................................


WIND (MPH)
  HIGHEST WIND SPEED    12   HIGHEST WIND DIRECTION    SE (120)
  HIGHEST GUST SPEED    16   HIGHEST GUST DIRECTION    SE (120)
  AVERAGE WIND SPEED     4.0


SKY COVER
  AVERAGE SKY COVER 0.2


WEATHER CONDITIONS
 THE FOLLOWING WEATHER WAS RECORDED TODAY.
  NO SIGNIFICANT WEATHER WAS OBSERVED.


RELATIVE HUMIDITY (PERCENT)
 HIGHEST   100           600 AM
 LOWEST     39           300 PM
 AVERAGE    70

..........................................................


THE AUGUSTA BUSH FIELD GA CLIMATE NORMALS FOR TOMORROW
                         NORMAL    RECORD    YEAR
 MAXIMUM TEMPERATURE (F)   87        99      2011
                                             1941
 MINIMUM TEMPERATURE (F)   60        41      2002


SUNRISE AND SUNSET
MAY 22 2019...........SUNRISE   624 AM EDT   SUNSET   826 PM EDT
MAY 23 2019...........SUNRISE   623 AM EDT   SUNSET   827 PM EDT


-  INDICATES NEGATIVE NUMBERS.
R  INDICATES RECORD WAS SET OR TIED.
MM INDICATES DATA IS MISSING.
T  INDICATES TRACE AMOUNT.




$$
