000
CDAK48 PAFC 240109
CLIAKN


CLIMATE REPORT
NATIONAL WEATHER SERVICE ANCHORAGE, AK
508 PM AKDT SAT MAR 23 2019


...................................

...THE KING SALMON CLIMATE SUMMARY FOR MARCH 23 2019...
VALID TODAY AS OF 0500 PM LOCAL TIME.

CLIMATE NORMAL PERIOD 1981 TO 2010
CLIMATE RECORD PERIOD 1917 TO 2019


WEATHER ITEM   OBSERVED TIME   RECORD YEAR NORMAL DEPARTURE LAST
                VALUE   (LST)  VALUE       VALUE  FROM      YEAR
                                                  NORMAL
..................................................................
TEMPERATURE (F)
 TODAY
  MAXIMUM         47        MM  51    2015  34     13       38
  MINIMUM         28        MM -30    1975  17     11       24
  AVERAGE         38                        26     12       31

PRECIPITATION (IN)
  TODAY            0.00          0.43 1992   0.02  -0.02     0.02
  MONTH TO DATE    1.22                      0.52   0.70     3.28
  SINCE DEC 1      6.09                      3.53   2.56     8.79
  SINCE JAN 1      4.36                      2.30   2.06     6.98

SNOWFALL (IN)
  TODAY            0.0          MM      MM   0.2   -0.2      0.2
  MONTH TO DATE    5.8                       4.9    0.9     20.9
  SINCE DEC 1     16.2                      30.6  -14.4     39.6
  SINCE JUL 1     18.0                      40.4  -22.4     44.8
  SNOW DEPTH       0

DEGREE DAYS
 HEATING
  TODAY           27                        39    -12       34
  MONTH TO DATE  687                       960   -273      859
  SINCE MAR 1    687                       960   -273      859
  SINCE JUL 1   5217                      8580  -3363     7345

 COOLING
  TODAY            0                         0      0        0
  MONTH TO DATE    0                         0      0        0
  SINCE MAR 1      0                         0      0        0
  SINCE JAN 1      0                         0      0        0
..................................................................


WIND (MPH)
  RESULTANT WIND SPEED   6   RESULTANT WIND DIRECTION  SE (130)
  HIGHEST WIND SPEED    15   HIGHEST WIND DIRECTION     S (160)
  HIGHEST GUST SPEED    MM   HIGHEST GUST DIRECTION    MM
  AVERAGE WIND SPEED     7.6



WEATHER CONDITIONS
 THE FOLLOWING WEATHER WAS RECORDED TODAY.
  NO SIGNIFICANT WEATHER WAS OBSERVED.


RELATIVE HUMIDITY (PERCENT)
 HIGHEST    92
 LOWEST     49
 AVERAGE    71

..........................................................


THE KING SALMON CLIMATE NORMALS FOR TOMORROW
                         NORMAL    RECORD    YEAR
 MAXIMUM TEMPERATURE (F)   34        52      1979
                                             1941
 MINIMUM TEMPERATURE (F)   17       -27      2007


SUNRISE AND SUNSET
MARCH 23 2019.........SUNRISE   820 AM AKDT  SUNSET   848 PM AKDT
MARCH 24 2019.........SUNRISE   817 AM AKDT  SUNSET   850 PM AKDT


-  INDICATES NEGATIVE NUMBERS.
R  INDICATES RECORD WAS SET OR TIED.
MM INDICATES DATA IS MISSING.
T  INDICATES TRACE AMOUNT.




$$
