000
CDAK48 PAFC 210102
CLIAKN


CLIMATE REPORT
NATIONAL WEATHER SERVICE ANCHORAGE, AK
501 PM AKDT MON MAY 20 2019


...................................

...THE KING SALMON CLIMATE SUMMARY FOR MAY 20 2019...
VALID TODAY AS OF 0500 PM LOCAL TIME.

CLIMATE NORMAL PERIOD 1981 TO 2010
CLIMATE RECORD PERIOD 1917 TO 2019


WEATHER ITEM   OBSERVED TIME   RECORD YEAR NORMAL DEPARTURE LAST
                VALUE   (LST)  VALUE       VALUE  FROM      YEAR
                                                  NORMAL
..................................................................
TEMPERATURE (F)
 TODAY
  MAXIMUM         59    200 PM  74    2002  55      4       58
  MINIMUM         35    519 AM  26    2008  36     -1       38
  AVERAGE         47                        45      2       48

PRECIPITATION (IN)
  TODAY            0.01          0.92 1933   0.04  -0.03     0.00
  MONTH TO DATE    1.34                      0.76   0.58     1.43
  SINCE DEC 1      8.94                      5.44   3.50    12.44
  SINCE JAN 1      7.21                      4.21   3.00    10.63

SNOWFALL (IN)
  TODAY           MM            MM      MM   0.1   MM        0.0
  MONTH TO DATE    0.0                       0.7   -0.7       T
  SINCE DEC 1     19.1                      36.7  -17.6     51.0
  SINCE JUL 1     20.9                      46.5  -25.6     56.2
  SNOW DEPTH      MM

DEGREE DAYS
 HEATING
  TODAY           18                        20     -2       17
  MONTH TO DATE  401                       446    -45      436
  SINCE MAR 1   2149                      2651   -502     2393
  SINCE JUL 1   6679                     10271  -3592     8879

 COOLING
  TODAY            0                         0      0        0
  MONTH TO DATE    0                         0      0        0
  SINCE MAR 1      0                         0      0        0
  SINCE JAN 1      0                         0      0        0
..................................................................


WIND (MPH)
  RESULTANT WIND SPEED   1   RESULTANT WIND DIRECTION  SW (210)
  HIGHEST WIND SPEED    15   HIGHEST WIND DIRECTION     S (200)
  HIGHEST GUST SPEED    21   HIGHEST GUST DIRECTION     S (200)
  AVERAGE WIND SPEED     5.1



WEATHER CONDITIONS
 THE FOLLOWING WEATHER WAS RECORDED TODAY.
  LIGHT RAIN


RELATIVE HUMIDITY (PERCENT)
 HIGHEST   100
 LOWEST     51
 AVERAGE    76

..........................................................


THE KING SALMON CLIMATE NORMALS FOR TOMORROW
                         NORMAL    RECORD    YEAR
 MAXIMUM TEMPERATURE (F)   56        71      2002
 MINIMUM TEMPERATURE (F)   36        24      1986


SUNRISE AND SUNSET
MAY 20 2019...........SUNRISE   548 AM AKDT  SUNSET  1100 PM AKDT
MAY 21 2019...........SUNRISE   546 AM AKDT  SUNSET  1102 PM AKDT


-  INDICATES NEGATIVE NUMBERS.
R  INDICATES RECORD WAS SET OR TIED.
MM INDICATES DATA IS MISSING.
T  INDICATES TRACE AMOUNT.




$$
