000
CDUS45 KBOU 170735
CLIAKO


CLIMATE REPORT
NATIONAL WEATHER SERVICE DENVER/BOULDER CO
134 AM MDT MON JUN 17 2019


...................................

...THE AKRON CO CLIMATE SUMMARY FOR JUNE 16 2019...

CLIMATE NORMAL PERIOD 1981 TO 2010
CLIMATE RECORD PERIOD 9999 TO 9999


WEATHER ITEM   OBSERVED TIME   RECORD YEAR NORMAL DEPARTURE LAST
                VALUE   (LST)  VALUE       VALUE  FROM      YEAR
                                                  NORMAL
..................................................................
TEMPERATURE (F)
 YESTERDAY
  MAXIMUM         83    235 PM  96    1940  82      1
  MINIMUM         53    315 AM  35    1945  54     -1
  AVERAGE         68                        68      0

PRECIPITATION (IN)
  YESTERDAY        0.57          1.86 1963   0.08   0.49     0.00
  MONTH TO DATE    1.12                      1.49  -0.37     0.35
  SINCE JUN 1      1.12                      1.49  -0.37     0.35
  SINCE JAN 1      5.79                      7.67  -1.88    10.18

SNOWFALL (IN)
  YESTERDAY        0.0
  SNOW DEPTH       0

DEGREE DAYS
 HEATING
  YESTERDAY        0
  MONTH TO DATE   28

 COOLING
  YESTERDAY        3
  MONTH TO DATE   25
..................................................................


WIND (MPH)
  HIGHEST WIND SPEED    30   HIGHEST WIND DIRECTION     N (340)
  HIGHEST GUST SPEED    53   HIGHEST GUST DIRECTION    NW (310)




RELATIVE HUMIDITY (PERCENT)
 HIGHEST   100
 LOWEST     30
 AVERAGE    65

..........................................................


THE AKRON CO CLIMATE NORMALS FOR TODAY
                         NORMAL    RECORD    YEAR
 MAXIMUM TEMPERATURE (F)   82        99      2012
                                             1939
 MINIMUM TEMPERATURE (F)   54        40      1945


SUNRISE AND SUNSET
JUNE 17 2019..........SUNRISE   523 AM MDT   SUNSET   825 PM MDT
JUNE 18 2019..........SUNRISE   523 AM MDT   SUNSET   825 PM MDT


-  INDICATES NEGATIVE NUMBERS.
R  INDICATES RECORD WAS SET OR TIED.
MM INDICATES DATA IS MISSING.
T  INDICATES TRACE AMOUNT.




$$
