000
CDUS45 KPUB 270020
CLIALS


CLIMATE REPORT
NATIONAL WEATHER SERVICE PUEBLO
620 PM MDT SUN MAY 26 2019


...................................

...THE ALAMOSA CO CLIMATE SUMMARY FOR MAY 26 2019...
VALID TODAY AS OF 0500 PM LOCAL TIME.

CLIMATE NORMAL PERIOD 1981 TO 2010
CLIMATE RECORD PERIOD 1932 TO 2019


WEATHER ITEM   OBSERVED TIME   RECORD YEAR NORMAL DEPARTURE LAST
                VALUE   (LST)  VALUE       VALUE  FROM      YEAR
                                                  NORMAL
..................................................................
TEMPERATURE (F)
 TODAY
  MAXIMUM         75   1208 PM  84    1969  72      3       80
                                      1953
  MINIMUM         31    457 AM  24    1907  36     -5       35
  AVERAGE         53                        54     -1       58

PRECIPITATION (IN)
  TODAY            T             0.86 1967   0.02  -0.02     0.00
  MONTH TO DATE    0.86                      0.49   0.37     0.14
  SINCE MAR 1      3.08                      1.61   1.47     0.49
  SINCE JAN 1      4.62                      2.13   2.49     0.80

SNOWFALL (IN)
  TODAY            0.0           0.1  1965   0.0    0.0      0.0
  MONTH TO DATE    6.3                       0.9    5.4       T
  SINCE MAR 1     17.9                       9.5    8.4      2.1
  SINCE JUL 1     54.9                      27.6   27.3      9.1
  SNOW DEPTH       0

DEGREE DAYS
 HEATING
  TODAY           12                        11      1        7
  MONTH TO DATE  443                       376     67      293
  SINCE MAR 1   1940                      2047   -107     1828
  SINCE JUL 1   8336                      8376    -40     7103

 COOLING
  TODAY            0                         0      0        0
  MONTH TO DATE    0                         0      0        0
  SINCE MAR 1      0                         0      0        0
  SINCE JAN 1      0                         0      0        0
..................................................................


WIND (MPH)
  HIGHEST WIND SPEED    46   HIGHEST WIND DIRECTION     W (260)
  HIGHEST GUST SPEED    80   HIGHEST GUST DIRECTION    SW (240)
  AVERAGE WIND SPEED    13.2


SKY COVER
  POSSIBLE SUNSHINE  MM
  AVERAGE SKY COVER 0.1


WEATHER CONDITIONS
 THE FOLLOWING WEATHER WAS RECORDED TODAY.
  LIGHT RAIN
  HAZE


RELATIVE HUMIDITY (PERCENT)
 HIGHEST    63           400 AM
 LOWEST      8          1200 PM
 AVERAGE    36

..........................................................


THE ALAMOSA CO CLIMATE NORMALS FOR TOMORROW
                         NORMAL    RECORD    YEAR
 MAXIMUM TEMPERATURE (F)   73        84      2010
                                             1984
                                             1951
 MINIMUM TEMPERATURE (F)   36        25      1996
                                             1950


SUNRISE AND SUNSET
MAY 26 2019...........SUNRISE   547 AM MDT   SUNSET   814 PM MDT
MAY 27 2019...........SUNRISE   546 AM MDT   SUNSET   815 PM MDT


-  INDICATES NEGATIVE NUMBERS.
R  INDICATES RECORD WAS SET OR TIED.
MM INDICATES DATA IS MISSING.
T  INDICATES TRACE AMOUNT.




$$
