000
CDUS45 KPUB 241036
CLIALS


CLIMATE REPORT
NATIONAL WEATHER SERVICE PUEBLO
436 AM MDT TUE APR 24 2018


...................................

...THE ALAMOSA CO CLIMATE SUMMARY FOR APRIL 23 2018...

CLIMATE NORMAL PERIOD 1981 TO 2010
CLIMATE RECORD PERIOD 1932 TO 2018


WEATHER ITEM   OBSERVED TIME   RECORD YEAR NORMAL DEPARTURE LAST
                VALUE   (LST)  VALUE       VALUE  FROM      YEAR
                                                  NORMAL
..................................................................
TEMPERATURE (F)
 YESTERDAY
  MAXIMUM         71    224 PM  78    2012  62      9       72
  MINIMUM         25    544 AM  10    1970  27     -2       22
  AVERAGE         48                        44      4       47

PRECIPITATION (IN)
  YESTERDAY        0.00          0.64 1942   0.02  -0.02     0.00
  MONTH TO DATE    0.20                      0.45  -0.25     0.36
  SINCE MAR 1      0.35                      0.98  -0.63     1.09
  SINCE JAN 1      0.66                      1.50  -0.84     2.74

SNOWFALL (IN)
  YESTERDAY        0.0           4.5  1932   0.2   -0.2      0.0
  MONTH TO DATE    0.3                       3.0   -2.7      3.2
  SINCE MAR 1      2.1                       8.0   -5.9      3.9
  SINCE JUL 1      9.1                      26.1  -17.0     39.4
  SNOW DEPTH       0

DEGREE DAYS
 HEATING
  YESTERDAY       17                        21     -4       18
  MONTH TO DATE  490                       557    -67      461
  SINCE MAR 1   1426                      1534   -108     1200
  SINCE JUL 1   6701                      7863  -1162     6989

 COOLING
  YESTERDAY        0                         0      0        0
  MONTH TO DATE    0                         0      0        0
  SINCE MAR 1      0                         0      0        0
  SINCE JAN 1      0                         0      0        0
..................................................................


WIND (MPH)
  HIGHEST WIND SPEED    26   HIGHEST WIND DIRECTION    NW (320)
  HIGHEST GUST SPEED    40   HIGHEST GUST DIRECTION     N (340)
  AVERAGE WIND SPEED     6.1


SKY COVER
  POSSIBLE SUNSHINE  MM
  AVERAGE SKY COVER 0.1


WEATHER CONDITIONS
 THE FOLLOWING WEATHER WAS RECORDED YESTERDAY.
  NO SIGNIFICANT WEATHER WAS OBSERVED.


RELATIVE HUMIDITY (PERCENT)
 HIGHEST    75           600 AM
 LOWEST     15           200 PM
 AVERAGE    45

..........................................................


THE ALAMOSA CO CLIMATE NORMALS FOR TODAY
                         NORMAL    RECORD    YEAR
 MAXIMUM TEMPERATURE (F)   62        79      2012
 MINIMUM TEMPERATURE (F)   27        12      1970


SUNRISE AND SUNSET
APRIL 24 2018.........SUNRISE   617 AM MDT   SUNSET   747 PM MDT
APRIL 25 2018.........SUNRISE   615 AM MDT   SUNSET   748 PM MDT


-  INDICATES NEGATIVE NUMBERS.
R  INDICATES RECORD WAS SET OR TIED.
MM INDICATES DATA IS MISSING.
T  INDICATES TRACE AMOUNT.




$$
