000
CDUS45 KPUB 181036
CLIALS


CLIMATE REPORT
NATIONAL WEATHER SERVICE PUEBLO
436 AM MDT MON MAR 18 2019


...................................

...THE ALAMOSA CO CLIMATE SUMMARY FOR MARCH 17 2019...

CLIMATE NORMAL PERIOD 1981 TO 2010
CLIMATE RECORD PERIOD 1932 TO 2019


WEATHER ITEM   OBSERVED TIME   RECORD YEAR NORMAL DEPARTURE LAST
                VALUE   (LST)  VALUE       VALUE  FROM      YEAR
                                                  NORMAL
..................................................................
TEMPERATURE (F)
 YESTERDAY
  MAXIMUM         52    451 PM  70    2017  51      1       53
                                      2007
  MINIMUM         20    631 AM  -5    1980  18      2       16
  AVERAGE         36                        34      2       35

PRECIPITATION (IN)
  YESTERDAY        0.00          0.16 1986   0.02  -0.02     0.00
  MONTH TO DATE    1.10                      0.27   0.83      T
  SINCE MAR 1      1.10                      0.27   0.83      T
  SINCE JAN 1      2.64                      0.79   1.85     0.31

SNOWFALL (IN)
  YESTERDAY        0.0           1.6  1986   0.2   -0.2      0.0
                                      1970
  MONTH TO DATE    7.2                       2.6    4.6       T
  SINCE MAR 1      7.2                       2.6    4.6       T
  SINCE JUL 1     44.2                      20.7   23.5      7.0
  SNOW DEPTH       0

DEGREE DAYS
 HEATING
  YESTERDAY       29                        31     -2       30
  MONTH TO DATE  491                       570    -79      536
  SINCE MAR 1    491                       570    -79      536
  SINCE JUL 1   6887                      6899    -12     5811

 COOLING
  YESTERDAY        0                         0      0        0
  MONTH TO DATE    0                         0      0        0
  SINCE MAR 1      0                         0      0        0
  SINCE JAN 1      0                         0      0        0
..................................................................


WIND (MPH)
  HIGHEST WIND SPEED    25   HIGHEST WIND DIRECTION     E (100)
  HIGHEST GUST SPEED    35   HIGHEST GUST DIRECTION     E (90)
  AVERAGE WIND SPEED     7.8


SKY COVER
  POSSIBLE SUNSHINE  MM
  AVERAGE SKY COVER 0.0


WEATHER CONDITIONS
 THE FOLLOWING WEATHER WAS RECORDED YESTERDAY.
  NO SIGNIFICANT WEATHER WAS OBSERVED.


RELATIVE HUMIDITY (PERCENT)
 HIGHEST    92           200 AM
 LOWEST     19           400 PM
 AVERAGE    56

..........................................................


THE ALAMOSA CO CLIMATE NORMALS FOR TODAY
                         NORMAL    RECORD    YEAR
 MAXIMUM TEMPERATURE (F)   51        73      2017
 MINIMUM TEMPERATURE (F)   18        -3      1970


SUNRISE AND SUNSET
MARCH 18 2019.........SUNRISE   710 AM MDT   SUNSET   713 PM MDT
MARCH 19 2019.........SUNRISE   709 AM MDT   SUNSET   714 PM MDT


-  INDICATES NEGATIVE NUMBERS.
R  INDICATES RECORD WAS SET OR TIED.
MM INDICATES DATA IS MISSING.
T  INDICATES TRACE AMOUNT.




$$
