542
CDUS46 KPDT 241036 RRA
CLIALW

CLIMATE REPORT
NATIONAL WEATHER SERVICE PENDLETON OR
130 AM PDT SUN MAR 24 2019


...................................

...THE WALLA WALLA WA CLIMATE SUMMARY FOR MARCH 23 2019...

CLIMATE NORMAL PERIOD 1981 TO 2010
CLIMATE RECORD PERIOD 1949 TO 2019


WEATHER ITEM   OBSERVED TIME   RECORD YEAR NORMAL DEPARTURE LAST
                VALUE   (LST)  VALUE       VALUE  FROM      YEAR
                                                  NORMAL
..................................................................
TEMPERATURE (F)
 YESTERDAY
  MAXIMUM         59    334 PM  76    1960  58      1       55
  MINIMUM         48   1159 PM  22    1965  39      9       36
  AVERAGE         54                        48      6       46

PRECIPITATION (IN)
  YESTERDAY        0.02          0.67 1985   0.08  -0.06     0.05
  MONTH TO DATE    0.68                      1.70  -1.02     2.10
  SINCE OCT 1     10.30                     13.01  -2.71    13.28
  SINCE JAN 1      4.94                      5.99  -1.05     6.04

DEGREE DAYS
 HEATING
  YESTERDAY       11                        17     -6       19
  MONTH TO DATE  692                       453    239      440
  SINCE MAR 1    692                       453    239      440
  SINCE JUL 1   4410                      4230    180     3897

 COOLING
  YESTERDAY        0                         0      0        0
  MONTH TO DATE    0                         0      0        0
  SINCE MAR 1      0                         0      0        0
  SINCE JAN 1      0                         0      0        0
..................................................................


WIND (MPH)
  HIGHEST WIND SPEED    17   HIGHEST WIND DIRECTION     S (200)
  HIGHEST GUST SPEED    20   HIGHEST GUST DIRECTION     S (200)
  AVERAGE WIND SPEED     8.1


SKY COVER
  POSSIBLE SUNSHINE  MM
  AVERAGE SKY COVER 0.9


WEATHER CONDITIONS
 THE FOLLOWING WEATHER WAS RECORDED YESTERDAY.
  LIGHT RAIN


RELATIVE HUMIDITY (PERCENT)
 HIGHEST    80          1100 PM
 LOWEST     40           100 PM
 AVERAGE    60

..........................................................


THE WALLA WALLA WA CLIMATE NORMALS FOR TODAY
                         NORMAL    RECORD    YEAR
 MAXIMUM TEMPERATURE (F)   58        73      1960
 MINIMUM TEMPERATURE (F)   39        16      1965


SUNRISE AND SUNSET
MARCH 24 2019.........SUNRISE   649 AM PDT   SUNSET   711 PM PDT
MARCH 25 2019.........SUNRISE   647 AM PDT   SUNSET   712 PM PDT


-  INDICATES NEGATIVE NUMBERS.
R  INDICATES RECORD WAS SET OR TIED.
MM INDICATES DATA IS MISSING.
T  INDICATES TRACE AMOUNT.




$$
