000
CDUS46 KPDT 250052 RRA
CLIALW

CLIMATE REPORT
NATIONAL WEATHER SERVICE PENDLETON OR
532 PM PDT FRI MAY 24 2019


...................................

...THE WALLA WALLA WA CLIMATE SUMMARY FOR MAY 24 2019...
VALID TODAY AS OF 0500 PM LOCAL TIME.

CLIMATE NORMAL PERIOD 1981 TO 2010
CLIMATE RECORD PERIOD 1949 TO 2019


WEATHER ITEM   OBSERVED TIME   RECORD YEAR NORMAL DEPARTURE LAST
                VALUE   (LST)  VALUE       VALUE  FROM      YEAR
                                                  NORMAL
..................................................................
TEMPERATURE (F)
 TODAY
  MAXIMUM         65    359 PM  93    1992  73     -8       85
  MINIMUM         57   1015 AM  40    1953  50      7       66
  AVERAGE         61                        61      0       76

PRECIPITATION (IN)
  TODAY            0.06          1.21 1958   0.07  -0.01     0.00
  MONTH TO DATE    1.74                      1.63   0.11     0.77
  SINCE OCT 1     15.60                     17.16  -1.56    16.54
  SINCE JAN 1     10.24                     10.14   0.10     9.30

DEGREE DAYS
 HEATING
  TODAY            4                         5     -1        0
  MONTH TO DATE   92                       178    -86       39
  SINCE MAR 1   1209                      1142     67      963
  SINCE JUL 1   4927                      4919      8     4420

 COOLING
  TODAY            0                         1     -1       11
  MONTH TO DATE   22                        21      1       65
  SINCE MAR 1     23                        23      0       66
  SINCE JAN 1     23                        23      0       66
..................................................................


WIND (MPH)
  HIGHEST WIND SPEED    20   HIGHEST WIND DIRECTION     S (200)
  HIGHEST GUST SPEED    23   HIGHEST GUST DIRECTION     S (190)
  AVERAGE WIND SPEED    11.1


SKY COVER
  POSSIBLE SUNSHINE  MM
  AVERAGE SKY COVER 0.8


WEATHER CONDITIONS
THE FOLLOWING WEATHER WAS RECORDED TODAY.
  LIGHT RAIN


RELATIVE HUMIDITY (PERCENT)
 HIGHEST    72           800 AM
 LOWEST     52          1200 AM
 AVERAGE    62

..........................................................


THE WALLA WALLA WA CLIMATE NORMALS FOR TOMORROW
                         NORMAL    RECORD    YEAR
 MAXIMUM TEMPERATURE (F)   73        95      1966
 MINIMUM TEMPERATURE (F)   51        38      1978


SUNRISE AND SUNSET
MAY 24 2019...........SUNRISE   512 AM PDT   SUNSET   829 PM PDT
MAY 25 2019...........SUNRISE   511 AM PDT   SUNSET   830 PM PDT


-  INDICATES NEGATIVE NUMBERS.
R  INDICATES RECORD WAS SET OR TIED.
MM INDICATES DATA IS MISSING.
T  INDICATES TRACE AMOUNT.




$$
