000
CDUS44 KAMA 250635
CLIAMA


CLIMATE REPORT
NATIONAL WEATHER SERVICE AMARILLO TX
134 AM CDT WED APR 25 2018


...................................

...THE AMARILLO CLIMATE SUMMARY FOR APRIL 24 2018...

CLIMATE NORMAL PERIOD 1981 TO 2010
CLIMATE RECORD PERIOD 1892 TO 2018


WEATHER ITEM   OBSERVED TIME   RECORD YEAR NORMAL DEPARTURE LAST
                VALUE   (LST)  VALUE       VALUE  FROM      YEAR
                                                  NORMAL
..................................................................
TEMPERATURE (F)
 YESTERDAY
  MAXIMUM         73        MM  95    2012  74     -1       89
  MINIMUM         44        MM  20    2013  44      0       49
  AVERAGE         59                        59      0       69

PRECIPITATION (IN)
  YESTERDAY        0.00          1.39 1997   0.06  -0.06     0.00
  MONTH TO DATE    0.49                      1.09  -0.60     0.32
  SINCE MAR 1      0.73                      2.48  -1.75     2.30
  SINCE JAN 1      0.74                      3.76  -3.02     5.98

SNOWFALL (IN)
  YESTERDAY        0.0           0.2  1913   0.0    0.0      0.0
  MONTH TO DATE    0.0                       0.6   -0.6      0.0
  SINCE MAR 1      0.0                       3.5   -3.5      0.0
  SINCE JUL 1      T                        17.5  -17.5      8.0
  SNOW DEPTH       0

DEGREE DAYS
 HEATING
  YESTERDAY        6                         7     -1        0
  MONTH TO DATE  283                       243     40      165
  SINCE MAR 1    669                       775   -106      512
  SINCE JUL 1   3575                      4052   -477     3070

 COOLING
  YESTERDAY        0                         1     -1        4
  MONTH TO DATE   17                        10      7       37
  SINCE MAR 1     26                        12     14       49
  SINCE JAN 1     26                        12     14       54
..................................................................


WIND (MPH)
  RESULTANT WIND SPEED   7   RESULTANT WIND DIRECTION  NE (60)
  HIGHEST WIND SPEED    30   HIGHEST WIND DIRECTION     N (360)
  HIGHEST GUST SPEED    43   HIGHEST GUST DIRECTION     N (360)
  AVERAGE WIND SPEED    19.1


SKY COVER
  AVERAGE SKY COVER 0.3


WEATHER CONDITIONS
 THE FOLLOWING WEATHER WAS RECORDED YESTERDAY.
  NO SIGNIFICANT WEATHER WAS OBSERVED.


RELATIVE HUMIDITY (PERCENT)
 HIGHEST    76           800 PM
 LOWEST     38           200 PM
 AVERAGE    57

..........................................................


THE AMARILLO CLIMATE NORMALS FOR TODAY
                         NORMAL    RECORD    YEAR
 MAXIMUM TEMPERATURE (F)   74        99      2012
 MINIMUM TEMPERATURE (F)   45        32      1997
                                             1907


SUNRISE AND SUNSET
APRIL 25 2018.........SUNRISE   702 AM CDT   SUNSET   828 PM CDT
APRIL 26 2018.........SUNRISE   701 AM CDT   SUNSET   829 PM CDT


-  INDICATES NEGATIVE NUMBERS.
R  INDICATES RECORD WAS SET OR TIED.
MM INDICATES DATA IS MISSING.
T  INDICATES TRACE AMOUNT.




$$
