000
CDUS44 KAMA 191406
CLIAMA


CLIMATE REPORT
NATIONAL WEATHER SERVICE AMARILLO TX
905 AM CDT SUN MAY 19 2019


...................................

...THE AMARILLO CLIMATE SUMMARY FOR MAY 19 2019...
VALID AS OF 0900 AM LOCAL TIME.

CLIMATE NORMAL PERIOD 1981 TO 2010
CLIMATE RECORD PERIOD 1892 TO 2019


WEATHER ITEM   OBSERVED TIME   RECORD YEAR NORMAL DEPARTURE LAST
                VALUE   (LST)  VALUE       VALUE  FROM      YEAR
                                                  NORMAL
..................................................................
TEMPERATURE (F)
 TODAY
  MINIMUM         43    603 AM  33    1971  53    -10       46

PRECIPITATION (IN)
  TODAY            0.00          1.18 1901   0.07  -0.07     0.08
  MONTH TO DATE    1.35                      1.15   0.20     0.08
  SINCE MAR 1      5.10                      3.94   1.16     0.92
  SINCE JAN 1      5.44                      5.22   0.22     0.93

SNOWFALL (IN)
  TODAY            0.0           T    1950   0.0    0.0     MM
  MONTH TO DATE    0.0                       0.2   -0.2      0.0
  SINCE MAR 1      1.0                       3.8   -2.8      0.0
  SINCE JUL 1      8.1                      17.8   -9.7       T
  SNOW DEPTH       0

..................................................................


WIND (MPH)
  RESULTANT WIND SPEED   8   RESULTANT WIND DIRECTION   N (350)
  HIGHEST WIND SPEED    13   HIGHEST WIND DIRECTION     N (10)
  HIGHEST GUST SPEED    15   HIGHEST GUST DIRECTION     N (360)
  AVERAGE WIND SPEED     7.6


SKY COVER
  AVERAGE SKY COVER 0.0


WEATHER CONDITIONS
 THE FOLLOWING WEATHER WAS RECORDED TODAY.
  NO SIGNIFICANT WEATHER WAS OBSERVED.


RELATIVE HUMIDITY (PERCENT)
 HIGHEST    82           600 AM
 LOWEST     59          1200 AM
 AVERAGE    71

..........................................................


THE AMARILLO CLIMATE NORMALS FOR TOMORROW
                         NORMAL    RECORD    YEAR
 MAXIMUM TEMPERATURE (F)   81       100      1925
 MINIMUM TEMPERATURE (F)   53        38      2017


SUNRISE AND SUNSET
MAY 19 2019...........SUNRISE   640 AM CDT   SUNSET   847 PM CDT
MAY 20 2019...........SUNRISE   639 AM CDT   SUNSET   848 PM CDT


-  INDICATES NEGATIVE NUMBERS.
R  INDICATES RECORD WAS SET OR TIED.
MM INDICATES DATA IS MISSING.
T  INDICATES TRACE AMOUNT.




$$
