000
CDUS44 KAMA 182133
CLIAMA


CLIMATE REPORT
NATIONAL WEATHER SERVICE AMARILLO TX
432 PM CDT MON MAR 18 2019


...................................

...THE AMARILLO CLIMATE SUMMARY FOR MARCH 18 2019...
VALID TODAY AS OF 0400 PM LOCAL TIME.

CLIMATE NORMAL PERIOD 1981 TO 2010
CLIMATE RECORD PERIOD 1892 TO 2019


WEATHER ITEM   OBSERVED TIME   RECORD YEAR NORMAL DEPARTURE LAST
                VALUE   (LST)  VALUE       VALUE  FROM      YEAR
                                                  NORMAL
..................................................................
TEMPERATURE (F)
 TODAY
  MAXIMUM         66    320 PM  91    1907  63      3       75
  MINIMUM         31    651 AM   7    1923  34     -3       39
  AVERAGE         49                        48      1       57

PRECIPITATION (IN)
  TODAY            0.00          0.73 1999   0.05  -0.05     0.00
  MONTH TO DATE    1.22                      0.74   0.48      T
  SINCE MAR 1      1.22                      0.74   0.48      T
  SINCE JAN 1      1.56                      2.02  -0.46     0.01

SNOWFALL (IN)
  TODAY            0.0           1.8  1930   0.1   -0.1      0.0
  MONTH TO DATE    1.0                       1.7   -0.7      0.0
  SINCE MAR 1      1.0                       1.7   -0.7      0.0
  SINCE JUL 1      8.1                      15.7   -7.6       T
  SNOW DEPTH       0

DEGREE DAYS
 HEATING
  TODAY           16                        17     -1        8
  MONTH TO DATE  416                       340     76      259
  SINCE MAR 1    416                       340     76      259
  SINCE JUL 1   3599                      3617    -18     3165

 COOLING
  TODAY            0                         0      0        0
  MONTH TO DATE    0                         0      0        0
  SINCE MAR 1      0                         0      0        0
  SINCE JAN 1      0                         0      0        0
..................................................................


WIND (MPH)
  RESULTANT WIND SPEED   8   RESULTANT WIND DIRECTION  SW (210)
  HIGHEST WIND SPEED    20   HIGHEST WIND DIRECTION     S (180)
  HIGHEST GUST SPEED    25   HIGHEST GUST DIRECTION     S (180)
  AVERAGE WIND SPEED     9.4


SKY COVER
  AVERAGE SKY COVER 0.0


WEATHER CONDITIONS
 THE FOLLOWING WEATHER WAS RECORDED TODAY.
  NO SIGNIFICANT WEATHER WAS OBSERVED.


RELATIVE HUMIDITY (PERCENT)
 HIGHEST    72           500 AM
 LOWEST     18           200 PM
 AVERAGE    45

..........................................................


THE AMARILLO CLIMATE NORMALS FOR TOMORROW
                         NORMAL    RECORD    YEAR
 MAXIMUM TEMPERATURE (F)   64        96      1907
 MINIMUM TEMPERATURE (F)   34        12      1906


SUNRISE AND SUNSET
MARCH 18 2019.........SUNRISE   754 AM CDT   SUNSET   757 PM CDT
MARCH 19 2019.........SUNRISE   752 AM CDT   SUNSET   758 PM CDT


-  INDICATES NEGATIVE NUMBERS.
R  INDICATES RECORD WAS SET OR TIED.
MM INDICATES DATA IS MISSING.
T  INDICATES TRACE AMOUNT.




$$
