954
CDUS42 KJAX 220528
CLIAMG


CLIMATE REPORT
NATIONAL WEATHER SERVICE JACKSONVILLE FL
127 AM EDT FRI MAR 22 2019


...................................

...THE ALMA CLIMATE SUMMARY FOR MARCH 21 2019...

CLIMATE NORMAL PERIOD 1981 TO 2010
CLIMATE RECORD PERIOD 1948 TO 2019


WEATHER ITEM   OBSERVED TIME   RECORD YEAR NORMAL DEPARTURE LAST
                VALUE   (LST)  VALUE       VALUE  FROM      YEAR
                                                  NORMAL
..................................................................
TEMPERATURE (F)
 YESTERDAY
  MAXIMUM         72    143 PM  88    1968  73     -1       62
  MINIMUM         36    637 AM  25    1956  49    -13       49
  AVERAGE         54                        61     -7       56

PRECIPITATION (IN)
  YESTERDAY        0.00          1.60 1970   0.14  -0.14     0.00
  MONTH TO DATE    1.53                      3.35  -1.82     1.37
  SINCE MAR 1      1.53                      3.35  -1.82     1.37
  SINCE JAN 1      6.30                     11.41  -5.11     4.88

SNOWFALL (IN)
  YESTERDAY        0.0           0.0    MM   0.0    0.0      0.0
  MONTH TO DATE    0.0                       0.0    0.0      0.0
  SINCE MAR 1      0.0                       0.0    0.0      0.0
  SINCE JUL 1      0.0                       0.1   -0.1      3.0
  SNOW DEPTH       0

DEGREE DAYS
 HEATING
  YESTERDAY       11                         5      6        9
  MONTH TO DATE  135                       145    -10      197
  SINCE MAR 1    135                       145    -10      197
  SINCE JUL 1   1268                      1546   -278     1443

 COOLING
  YESTERDAY        0                         1     -1        0
  MONTH TO DATE   39                        21     18       30
  SINCE MAR 1     39                        21     18       30
  SINCE JAN 1     89                        37     52      122
..................................................................


WIND (MPH)
  HIGHEST WIND SPEED    23   HIGHEST WIND DIRECTION     W (250)
  HIGHEST GUST SPEED    33   HIGHEST GUST DIRECTION    SW (240)
  AVERAGE WIND SPEED     7.2


SKY COVER
  POSSIBLE SUNSHINE  MM
  AVERAGE SKY COVER 0.0


WEATHER CONDITIONS
 THE FOLLOWING WEATHER WAS RECORDED YESTERDAY.
  FOG


RELATIVE HUMIDITY (PERCENT)
 HIGHEST    92           400 AM
 LOWEST     26           300 PM
 AVERAGE    59

..........................................................


THE ALMA CLIMATE NORMALS FOR TODAY
                         NORMAL    RECORD    YEAR
 MAXIMUM TEMPERATURE (F)   74        88      2011
 MINIMUM TEMPERATURE (F)   49        27      1958


SUNRISE AND SUNSET
MARCH 22 2019.........SUNRISE   732 AM EDT   SUNSET   743 PM EDT
MARCH 23 2019.........SUNRISE   730 AM EDT   SUNSET   743 PM EDT


-  INDICATES NEGATIVE NUMBERS.
R  INDICATES RECORD WAS SET OR TIED.
MM INDICATES DATA IS MISSING.
T  INDICATES TRACE AMOUNT.




$$
