000
CDUS42 KJAX 270530
CLIAMG


CLIMATE REPORT
NATIONAL WEATHER SERVICE JACKSONVILLE FL
127 AM EDT MON MAY 27 2019


...................................

...THE ALMA CLIMATE SUMMARY FOR MAY 26 2019...

CLIMATE NORMAL PERIOD 1981 TO 2010
CLIMATE RECORD PERIOD 1948 TO 2019


WEATHER ITEM   OBSERVED TIME   RECORD YEAR NORMAL DEPARTURE LAST
                VALUE   (LST)  VALUE       VALUE  FROM      YEAR
                                                  NORMAL
..................................................................
TEMPERATURE (F)
 YESTERDAY
  MAXIMUM        101R   331 PM  99    1962  88     13       88
  MINIMUM         70    601 AM  47    1979  65      5       69
  AVERAGE         86                        76     10       79

PRECIPITATION (IN)
  YESTERDAY        0.00          1.43 1991   0.10  -0.10     0.00
  MONTH TO DATE    1.18                      1.94  -0.76     4.15
  SINCE MAR 1      5.13                      9.50  -4.37     8.20
  SINCE JAN 1      9.90                     17.56  -7.66    11.71

SNOWFALL (IN)
  YESTERDAY        0.0           0.0    MM   0.0    0.0      0.0
  MONTH TO DATE    0.0                       0.0    0.0      0.0
  SINCE MAR 1      0.0                       0.0    0.0      0.0
  SINCE JUL 1      0.0                       0.1   -0.1      3.0
  SNOW DEPTH       0

DEGREE DAYS
 HEATING
  YESTERDAY        0                         0      0        0
  MONTH TO DATE    0                         3     -3        0
  SINCE MAR 1    226                       255    -29      305
  SINCE JUL 1   1359                      1656   -297     1551

 COOLING
  YESTERDAY       21                        11     10       14
  MONTH TO DATE  328                       215    113      275
  SINCE MAR 1    514                       353    161      370
  SINCE JAN 1    564                       369    195      462
..................................................................


WIND (MPH)
  HIGHEST WIND SPEED    10   HIGHEST WIND DIRECTION    NW (300)
  HIGHEST GUST SPEED    14   HIGHEST GUST DIRECTION     W (290)
  AVERAGE WIND SPEED     2.6


SKY COVER
  POSSIBLE SUNSHINE  MM
  AVERAGE SKY COVER 0.1


WEATHER CONDITIONS
 THE FOLLOWING WEATHER WAS RECORDED YESTERDAY.
  NO SIGNIFICANT WEATHER WAS OBSERVED.


RELATIVE HUMIDITY (PERCENT)
 HIGHEST    90           600 AM
 LOWEST     29           400 PM
 AVERAGE    60

..........................................................


THE ALMA CLIMATE NORMALS FOR TODAY
                         NORMAL    RECORD    YEAR
 MAXIMUM TEMPERATURE (F)   88        99      1967
 MINIMUM TEMPERATURE (F)   65        49      1979


SUNRISE AND SUNSET
MAY 27 2019...........SUNRISE   628 AM EDT   SUNSET   827 PM EDT
MAY 28 2019...........SUNRISE   627 AM EDT   SUNSET   828 PM EDT


-  INDICATES NEGATIVE NUMBERS.
R  INDICATES RECORD WAS SET OR TIED.
MM INDICATES DATA IS MISSING.
T  INDICATES TRACE AMOUNT.




$$
