000
CDUS44 KBMX 262122
CLIANB


CLIMATE REPORT
NATIONAL WEATHER SERVICE BIRMINGHAM, AL
422 PM CDT SUN MAY 26 2019


...................................

...THE ANNISTON CLIMATE SUMMARY FOR MAY 26 2019...
VALID TODAY AS OF 0400 PM LOCAL TIME.

CLIMATE NORMAL PERIOD 1981 TO 2010
CLIMATE RECORD PERIOD 1903 TO 2019


WEATHER ITEM   OBSERVED RECORD YEAR NORMAL DEPARTURE LAST
                VALUE   VALUE       VALUE  FROM      YEAR
                                           NORMAL
...........................................................
TEMPERATURE (F)
 TODAY
  MAXIMUM         93     95    2012  83     10       86
  MINIMUM         65     44    1979  62      3       68
  AVERAGE         79

PRECIPITATION (IN)
  TODAY            0.00   1.74 1974   0.13  -0.13      T
  MONTH TO DATE    3.30               3.62  -0.32     1.50
  SINCE MAR 1      9.80              12.69  -2.89    10.06
  SINCE JAN 1     24.33              22.29   2.04    19.91

DEGREE DAYS
 COOLING
  TODAY           14                  8      6       12
  MONTH TO DATE  215                135     80      230
  SINCE MAR 1    292                196     96      247
  SINCE JAN 1    301                197    104      279
...........................................................


WIND (MPH)
  HIGHEST WIND SPEED    10   HIGHEST WIND DIRECTION    SW (240)
  HIGHEST GUST SPEED    14   HIGHEST GUST DIRECTION     W (290)
  AVERAGE WIND SPEED     3.2


SKY COVER
  AVERAGE SKY COVER 0.0


WEATHER CONDITIONS
 THE FOLLOWING WEATHER WAS RECORDED TODAY.
  FOG


RELATIVE HUMIDITY (PERCENT)
 HIGHEST    93
 LOWEST     38
 AVERAGE    66

..........................................................


THE ANNISTON CLIMATE NORMALS FOR TOMORROW
                         NORMAL    RECORD    YEAR
 MAXIMUM TEMPERATURE (F)   84        93      1996
                                             1953
 MINIMUM TEMPERATURE (F)   62        41      1961


SUNRISE AND SUNSET
MAY 26 2019...........SUNRISE   537 AM CDT   SUNSET   745 PM CDT
MAY 27 2019...........SUNRISE   536 AM CDT   SUNSET   745 PM CDT


-  INDICATES NEGATIVE NUMBERS.
R  INDICATES RECORD WAS SET OR TIED.
MM INDICATES DATA IS MISSING.
T  INDICATES TRACE AMOUNT.




$$
