000
CDAK48 PAFC 251023
CLIANC


CLIMATE REPORT
NATIONAL WEATHER SERVICE ANCHORAGE, AK
222 AM AKDT SAT MAY 25 2019


...................................

...THE ANCHORAGE AK CLIMATE SUMMARY FOR MAY 24 2019...

CLIMATE NORMAL PERIOD 1981 TO 2010
CLIMATE RECORD PERIOD 1952 TO 2019


WEATHER ITEM   OBSERVED TIME   RECORD YEAR NORMAL DEPARTURE LAST
                VALUE   (LST)  VALUE       VALUE  FROM      YEAR
                                                  NORMAL
..................................................................
TEMPERATURE (F)
 YESTERDAY
  MAXIMUM         62    725 PM  77    1969  59      3       56
  MINIMUM         47   1157 PM  34    1957  42      5       42
  AVERAGE         55                        50      5       49

PRECIPITATION (IN)
  YESTERDAY        T             0.68 1995   0.03  -0.03
  MONTH TO DATE    1.17                      0.53   0.64
  SINCE DEC 1      6.45                      4.16   2.29
  SINCE JAN 1      4.02                      3.05   0.97

SNOWFALL (IN)
  YESTERDAY        0.0           0.0    MM   0.0    0.0      0.0
  MONTH TO DATE    0.0                       0.3   -0.3      0.0
  SINCE DEC 1     59.8                      53.1    6.7     50.8
  SINCE JUL 1     65.0                      74.5   -9.5     59.1
  SNOW DEPTH       0

DEGREE DAYS
 HEATING
  YESTERDAY       10                               -5
  MONTH TO DATE  377                              -61
  SINCE MAR 1   2017                             -459
  SINCE JUL 1   8108                            -1697

 COOLING
  YESTERDAY        0                                0
  MONTH TO DATE    0                                0
  SINCE MAR 1      0                                0
  SINCE JAN 1      0                                0
..................................................................


WIND (MPH)
  HIGHEST WIND SPEED    14   HIGHEST WIND DIRECTION     S (170)
  HIGHEST GUST SPEED    19   HIGHEST GUST DIRECTION     S (180)
  AVERAGE WIND SPEED     4.6




RELATIVE HUMIDITY (PERCENT)
 HIGHEST    80
 LOWEST     46
 AVERAGE    63

..........................................................


THE ANCHORAGE AK CLIMATE NORMALS FOR TODAY
                         NORMAL    RECORD    YEAR
 MAXIMUM TEMPERATURE (F)   59        73      2006
 MINIMUM TEMPERATURE (F)   42        33      1966


SUNRISE AND SUNSET
MAY 25 2019...........SUNRISE   450 AM AKDT  SUNSET  1106 PM AKDT
MAY 26 2019...........SUNRISE   448 AM AKDT  SUNSET  1108 PM AKDT


-  INDICATES NEGATIVE NUMBERS.
R  INDICATES RECORD WAS SET OR TIED.
MM INDICATES DATA IS MISSING.
T  INDICATES TRACE AMOUNT.




$$
