000
CDAK48 PAFC 230055
CLIANC

CLIMATE REPORT
NATIONAL WEATHER SERVICE ANCHORAGE, AK
454 PM AKDT FRI MAR 22 2019


...................................

...THE ANCHORAGE AK CLIMATE SUMMARY FOR MARCH 22 2019...
VALID TODAY AS OF 0400 PM LOCAL TIME.

CLIMATE NORMAL PERIOD 1981 TO 2010
CLIMATE RECORD PERIOD 1952 TO 2019


WEATHER ITEM   OBSERVED TIME   RECORD YEAR NORMAL DEPARTURE LAST
                VALUE   (LST)  VALUE       VALUE  FROM      YEAR
                                                  NORMAL
..................................................................
TEMPERATURE (F)
 TODAY
  MAXIMUM         49R   233 PM  49    2016  35     14       35
  MINIMUM         38    748 AM -10    1959  21     17       20
  AVERAGE         44                        28     16       28

PRECIPITATION (IN)
  TODAY            T             0.45 1964   0.02  -0.02     0.00
  MONTH TO DATE    0.06                      0.44  -0.38     0.80
  SINCE DEC 1      4.17                      3.00   1.17     4.38
  SINCE JAN 1      1.74                      1.89  -0.15     3.94

SNOWFALL (IN)
  TODAY            T             5.6  1964   0.3   -0.3      0.0
  MONTH TO DATE    T                         7.4   -7.4     10.4
  SINCE DEC 1     50.7                      46.3    4.4     50.4
  SINCE JUL 1     55.9                      67.7  -11.8     58.7
  SNOW DEPTH      13

DEGREE DAYS
 HEATING
  TODAY           21                        37    -16       37
  MONTH TO DATE  679                       873   -194      835
  SINCE MAR 1    679                       873   -194      835
  SINCE JUL 1   6770                      8202  -1432     7559

 COOLING
  TODAY            0                         0      0        0
  MONTH TO DATE    0                         0      0        0
  SINCE MAR 1      0                         0      0        0
  SINCE JAN 1      0                         0      0        0
..................................................................


WIND (MPH)
  RESULTANT WIND SPEED   2   RESULTANT WIND DIRECTION   S (170)
  HIGHEST WIND SPEED    21   HIGHEST WIND DIRECTION     E (90)
  HIGHEST GUST SPEED    26   HIGHEST GUST DIRECTION     E (80)
  AVERAGE WIND SPEED     6.8


SKY COVER
  POSSIBLE SUNSHINE  MM
  AVERAGE SKY COVER 0.7


WEATHER CONDITIONS
 THE FOLLOWING WEATHER WAS RECORDED TODAY.
  LIGHT RAIN


RELATIVE HUMIDITY (PERCENT)
 HIGHEST    79           800 AM
 LOWEST     60           200 PM
 AVERAGE    70

..........................................................


THE ANCHORAGE AK CLIMATE NORMALS FOR TOMORROW
                         NORMAL    RECORD    YEAR
 MAXIMUM TEMPERATURE (F)   36        50      2016
 MINIMUM TEMPERATURE (F)   21        -8      1962
                                             1959


SUNRISE AND SUNSET
MARCH 22 2019.........SUNRISE   755 AM AKDT  SUNSET   820 PM AKDT
MARCH 23 2019.........SUNRISE   752 AM AKDT  SUNSET   823 PM AKDT

CIVIL TWILIGHT
MARCH 22 2019           START   712 AM AKDT     END   904 PM AKDT
MARCH 23 2019           START   709 AM AKDT     END   907 PM AKDT



-  INDICATES NEGATIVE NUMBERS.
R  INDICATES RECORD WAS SET OR TIED.
MM INDICATES DATA IS MISSING.
T  INDICATES TRACE AMOUNT.




$$
&&
------------------------------------------------------
AMOUNT OF DAYLIGHT TODAY  (HOUR:MIN)........12:25
GAIN/LOSS SINCE YESTERDAY (HOUR:MIN:SEC)....+0:05:44
