000
CDUS43 KAPX 250527
CLIANJ


CLIMATE REPORT
NATIONAL WEATHER SERVICE GAYLORD MI
127 AM EDT TUE JUN 25 2019


...................................

...THE SAULT STE MARIE MI CLIMATE SUMMARY FOR JUNE 24 2019...

CLIMATE NORMAL PERIOD 1981 TO 2010
CLIMATE RECORD PERIOD 1888 TO 2019


WEATHER ITEM   OBSERVED TIME   RECORD YEAR NORMAL DEPARTURE LAST
                VALUE   (LST)  VALUE       VALUE  FROM      YEAR
                                                  NORMAL
..................................................................
TEMPERATURE (F)
 YESTERDAY
  MAXIMUM         62    901 AM  89    1966  74    -12       72
  MINIMUM         59   1147 AM  33    1967  51      8       57
  AVERAGE         61                        62     -1       65

PRECIPITATION (IN)
  YESTERDAY        0.95          0.97 1933   0.09   0.86      T
  MONTH TO DATE    4.92                      2.18   2.74     1.40
  SINCE JUN 1      4.92                      2.18   2.74     1.40
  SINCE JAN 1     23.24                     12.62  10.62    11.59

DEGREE DAYS
 HEATING
  YESTERDAY        4                         4      0        0
  MONTH TO DATE  168                       157     11      102
  SINCE JUN 1    168                       157     11      102
  SINCE JUL 1   8869                      8640    229     8327

 COOLING
  YESTERDAY        0                         2     -2        0
  MONTH TO DATE    2                        18    -16       13
  SINCE JUN 1      2                        18    -16       13
  SINCE JAN 1      2                        23    -21       34
..................................................................


WIND (MPH)
  HIGHEST WIND SPEED    14   HIGHEST WIND DIRECTION    SE (120)
  HIGHEST GUST SPEED    27   HIGHEST GUST DIRECTION     E (90)
  AVERAGE WIND SPEED     7.5




RELATIVE HUMIDITY (PERCENT)
 HIGHEST   100
 LOWEST     55
 AVERAGE    78

..........................................................


THE SAULT STE MARIE MI CLIMATE NORMALS FOR TODAY
                         NORMAL    RECORD    YEAR
 MAXIMUM TEMPERATURE (F)   74        88      1966
 MINIMUM TEMPERATURE (F)   51        35      2004


SUNRISE AND SUNSET
JUNE 25 2019..........SUNRISE   546 AM EDT   SUNSET   934 PM EDT
JUNE 26 2019..........SUNRISE   546 AM EDT   SUNSET   934 PM EDT


-  INDICATES NEGATIVE NUMBERS.
R  INDICATES RECORD WAS SET OR TIED.
MM INDICATES DATA IS MISSING.
T  INDICATES TRACE AMOUNT.




$$
