000
CDUS43 KAPX 262131
CLIANJ


CLIMATE REPORT
NATIONAL WEATHER SERVICE GAYLORD MI
529 PM EDT TUE MAR 26 2019


...................................

...THE SAULT STE MARIE MI CLIMATE SUMMARY FOR MARCH 26 2019...
VALID TODAY AS OF 0500 PM LOCAL TIME.

CLIMATE NORMAL PERIOD 1981 TO 2010
CLIMATE RECORD PERIOD 1888 TO 2019


WEATHER ITEM   OBSERVED TIME   RECORD YEAR NORMAL DEPARTURE LAST
                VALUE   (LST)  VALUE       VALUE  FROM      YEAR
                                                  NORMAL
..................................................................
TEMPERATURE (F)
 TODAY
  MAXIMUM         42    245 PM  65    1945  39      3       43
  MINIMUM         14    715 AM  -9    1923  22     -8       22
  AVERAGE         28                        30     -2       33

PRECIPITATION (IN)
  TODAY            0.00          1.50 1906   0.07  -0.07     0.00
  MONTH TO DATE    1.42                      1.59  -0.17     0.25
  SINCE MAR 1      1.42                      1.59  -0.17     0.25
  SINCE JAN 1      9.67                      5.12   4.55     3.73

SNOWFALL (IN)
  TODAY            0.0          11.4  1964   0.4             0.0
  MONTH TO DATE   11.8                      11.8             2.9
  SINCE OCT 1    142.1                     112.0            95.4
  SINCE JUL 1    142.1                     112.0            95.4

DEGREE DAYS
 HEATING
  TODAY           37                        35      2       32
  MONTH TO DATE 1102                      1034     68     1014
  SINCE MAR 1   1102                      1034     68     1014
  SINCE JUL 1   7238                      7160     78     6841

 COOLING
  TODAY            0                         0      0        0
  MONTH TO DATE    0                         0      0        0
  SINCE MAR 1      0                         0      0        0
  SINCE JAN 1      0                         0      0        0
..................................................................


WIND (MPH)
  RESULTANT WIND SPEED   2   RESULTANT WIND DIRECTION   W (250)
  HIGHEST WIND SPEED    12   HIGHEST WIND DIRECTION     S (200)
  HIGHEST GUST SPEED    16   HIGHEST GUST DIRECTION    SW (210)
  AVERAGE WIND SPEED     3.8


SKY COVER
  POSSIBLE SUNSHINE  MM
  AVERAGE SKY COVER 0.0


WEATHER CONDITIONS
 THE FOLLOWING WEATHER WAS RECORDED TODAY.
  LIGHT SNOW
  FOG


RELATIVE HUMIDITY (PERCENT)
 HIGHEST    91           800 AM
 LOWEST     30           200 PM
 AVERAGE    61

..........................................................


THE SAULT STE MARIE MI CLIMATE NORMALS FOR TOMORROW
                         NORMAL    RECORD    YEAR
 MAXIMUM TEMPERATURE (F)   39        69      1945
 MINIMUM TEMPERATURE (F)   22        -6      1996


SUNRISE AND SUNSET
MARCH 26 2019.........SUNRISE   729 AM EDT   SUNSET   758 PM EDT
MARCH 27 2019.........SUNRISE   727 AM EDT   SUNSET   759 PM EDT


-  INDICATES NEGATIVE NUMBERS.
R  INDICATES RECORD WAS SET OR TIED.
MM INDICATES DATA IS MISSING.
T  INDICATES TRACE AMOUNT.




$$
