627
CDUS41 KCTP 222123
CLIAOO


CLIMATE REPORT
NATIONAL WEATHER SERVICE STATE COLLEGE PA
523 PM EDT FRI MAR 22 2019


...................................

...THE ALTOONA CLIMATE SUMMARY FOR MARCH 22 2019...
VALID TODAY AS OF 0500 PM LOCAL TIME.

CLIMATE NORMAL PERIOD 1981 TO 2010
CLIMATE RECORD PERIOD 1948 TO 2019


WEATHER ITEM   OBSERVED TIME   RECORD YEAR NORMAL DEPARTURE LAST
                VALUE   (LST)  VALUE       VALUE  FROM      YEAR
                                                  NORMAL
..................................................................
TEMPERATURE (F)
 TODAY
  MAXIMUM         40    309 PM  81    1966  49     -9       37
  MINIMUM         36    336 PM   2    1980  30      6       24
  AVERAGE         38                        40     -2       31

PRECIPITATION (IN)
  TODAY            0.05          0.87 2010   0.10  -0.05     0.00
  MONTH TO DATE    1.84                      2.09  -0.25     1.61
  SINCE MAR 1      1.84                      2.09  -0.25     1.61
  SINCE JAN 1      9.38                      6.30   3.08     7.84

DEGREE DAYS
 HEATING
  TODAY           27                        26      1       34
  MONTH TO DATE  700                       647     53      731
  SINCE MAR 1    700                       647     53      731
  SINCE JUL 1   4992                      5217   -225     4817

 COOLING
  TODAY            0                         0      0        0
  MONTH TO DATE    0                         0      0        0
  SINCE MAR 1      0                         0      0        0
  SINCE JAN 1      0                         0      0        0
..................................................................


WIND (MPH)
  HIGHEST WIND SPEED    31   HIGHEST WIND DIRECTION    NW (310)
  HIGHEST GUST SPEED    41   HIGHEST GUST DIRECTION    NW (300)
  AVERAGE WIND SPEED    16.8


SKY COVER
  POSSIBLE SUNSHINE  MM
  AVERAGE SKY COVER 1.0


WEATHER CONDITIONS
 THE FOLLOWING WEATHER WAS RECORDED TODAY.
  LIGHT RAIN
  LIGHT SNOW
  FOG
  HAZE


RELATIVE HUMIDITY (PERCENT)
 HIGHEST    92           100 PM
 LOWEST     64          1100 AM
 AVERAGE    78

..........................................................


THE ALTOONA CLIMATE NORMALS FOR TOMORROW
                         NORMAL    RECORD    YEAR
 MAXIMUM TEMPERATURE (F)   49        81      2012
 MINIMUM TEMPERATURE (F)   31        15      2017
                                             1959


SUNRISE AND SUNSET
MARCH 22 2019.........SUNRISE   714 AM EDT   SUNSET   727 PM EDT
MARCH 23 2019.........SUNRISE   712 AM EDT   SUNSET   728 PM EDT


-  INDICATES NEGATIVE NUMBERS.
R  INDICATES RECORD WAS SET OR TIED.
MM INDICATES DATA IS MISSING.
T  INDICATES TRACE AMOUNT.




$$
