000
CDUS41 KCTP 222121
CLIAOO


CLIMATE REPORT
NATIONAL WEATHER SERVICE STATE COLLEGE PA
521 PM EDT WED MAY 22 2019


...................................

...THE ALTOONA CLIMATE SUMMARY FOR MAY 22 2019...
VALID TODAY AS OF 0500 PM LOCAL TIME.

CLIMATE NORMAL PERIOD 1981 TO 2010
CLIMATE RECORD PERIOD 1948 TO 2019


WEATHER ITEM   OBSERVED TIME   RECORD YEAR NORMAL DEPARTURE LAST
                VALUE   (LST)  VALUE       VALUE  FROM      YEAR
                                                  NORMAL
..................................................................
TEMPERATURE (F)
 TODAY
  MAXIMUM         70    316 PM  88    2013  71     -1       77
  MINIMUM         44    452 AM  31    2002  49     -5       66
  AVERAGE         57                        60     -3       72

PRECIPITATION (IN)
  TODAY            0.00          1.49 1983   0.13  -0.13     0.44
  MONTH TO DATE    4.19                      2.62   1.57     4.37
  SINCE MAR 1      9.46                      8.88   0.58    10.32
  SINCE JAN 1     17.00                     13.09   3.91    16.55

DEGREE DAYS
 HEATING
  TODAY            8                         6      2        0
  MONTH TO DATE  116                       194    -78       45
  SINCE MAR 1   1378                      1542   -164     1622
  SINCE JUL 1   5670                      6112   -442     5708

 COOLING
  TODAY            0                         1     -1        7
  MONTH TO DATE   22                        12     10       72
  SINCE MAR 1     22                        18      4       84
  SINCE JAN 1     22                        18      4       84
..................................................................


WIND (MPH)
  HIGHEST WIND SPEED    15   HIGHEST WIND DIRECTION    SE (150)
  HIGHEST GUST SPEED    20   HIGHEST GUST DIRECTION     S (160)
  AVERAGE WIND SPEED     4.9


SKY COVER
  POSSIBLE SUNSHINE  MM
  AVERAGE SKY COVER 0.0


WEATHER CONDITIONS
 THE FOLLOWING WEATHER WAS RECORDED TODAY.
  NO SIGNIFICANT WEATHER WAS OBSERVED.


RELATIVE HUMIDITY (PERCENT)
 HIGHEST    93           600 AM
 LOWEST     40          1200 PM
 AVERAGE    67

..........................................................


THE ALTOONA CLIMATE NORMALS FOR TOMORROW
                         NORMAL    RECORD    YEAR
 MAXIMUM TEMPERATURE (F)   71        88      1964
 MINIMUM TEMPERATURE (F)   49        34      2015
                                             2006


SUNRISE AND SUNSET
MAY 22 2019...........SUNRISE   552 AM EDT   SUNSET   829 PM EDT
MAY 23 2019...........SUNRISE   551 AM EDT   SUNSET   830 PM EDT


-  INDICATES NEGATIVE NUMBERS.
R  INDICATES RECORD WAS SET OR TIED.
MM INDICATES DATA IS MISSING.
T  INDICATES TRACE AMOUNT.




$$
