000
CDUS42 KMFL 222017
CLIAPF


CLIMATE REPORT
NATIONAL WEATHER SERVICE MIAMI, FL
417 PM EDT FRI MAR 22 2019


...................................

...THE NAPLES CLIMATE SUMMARY FOR MARCH 22 2019...
VALID TODAY AS OF 0400 PM LOCAL TIME.

CLIMATE NORMAL PERIOD 1981 TO 2010
CLIMATE RECORD PERIOD 1942 TO 2019


WEATHER ITEM   OBSERVED TIME   RECORD YEAR NORMAL DEPARTURE LAST
                VALUE   (LST)  VALUE       VALUE  FROM      YEAR
                                                  NORMAL
..................................................................
TEMPERATURE (F)
 TODAY
  MAXIMUM         72    259 PM  88    1944  80     -8       69
  MINIMUM         59    657 AM  42    1960  61     -2       57
  AVERAGE         66                        70     -4       63

PRECIPITATION (IN)
  TODAY            0.00          4.64 1953   0.08  -0.08     0.00
  MONTH TO DATE    2.36                      1.57   0.79     1.33
  SINCE NOV 1      8.79                      9.01  -0.22     3.11
  SINCE JAN 1      6.07                      5.52   0.55     1.96

SNOWFALL (IN)
  TODAY            0.0
  MONTH TO DATE    0.0
  SINCE MAR 1      0.0
  SINCE JUL 1      0.0
  SNOW DEPTH       0

DEGREE DAYS
 HEATING
  TODAY            0                         0      0        2
  MONTH TO DATE    7                        19    -12       20
  SINCE MAR 1      7                        19    -12       20
  SINCE JUL 1    142                       252   -110      198

 COOLING
  TODAY            1                         6     -5        0
  MONTH TO DATE  161                       117     44       78
  SINCE MAR 1    161                       117     44       78
  SINCE JAN 1    498                       308    190      438
..................................................................


WIND (MPH)
  HIGHEST WIND SPEED    21   HIGHEST WIND DIRECTION     W (290)
  HIGHEST GUST SPEED    25   HIGHEST GUST DIRECTION     W (280)
  AVERAGE WIND SPEED     9.8


SKY COVER
  AVERAGE SKY COVER 0.1


WEATHER CONDITIONS
 THE FOLLOWING WEATHER WAS RECORDED TODAY.
  NO SIGNIFICANT WEATHER WAS OBSERVED.


RELATIVE HUMIDITY (PERCENT)
 HIGHEST    80
 LOWEST     33
 AVERAGE    57

..........................................................


THE NAPLES CLIMATE NORMALS FOR TOMORROW
                         NORMAL    RECORD    YEAR
 MAXIMUM TEMPERATURE (F)   80        89      2007
 MINIMUM TEMPERATURE (F)   61        40      1963


SUNRISE AND SUNSET
MARCH 22 2019.........SUNRISE   729 AM EDT   SUNSET   739 PM EDT
MARCH 23 2019.........SUNRISE   728 AM EDT   SUNSET   740 PM EDT


-  INDICATES NEGATIVE NUMBERS.
R  INDICATES RECORD WAS SET OR TIED.
MM INDICATES DATA IS MISSING.
T  INDICATES TRACE AMOUNT.




$$
