134
CDUS42 KMFL 250833
CLIAPF


CLIMATE REPORT
NATIONAL WEATHER SERVICE MIAMI, FL
432 AM EDT SAT MAY 25 2019


...................................

...THE NAPLES CLIMATE SUMMARY FOR MAY 24 2019...

CLIMATE NORMAL PERIOD 1981 TO 2010
CLIMATE RECORD PERIOD 1942 TO 2019


WEATHER ITEM   OBSERVED TIME   RECORD YEAR NORMAL DEPARTURE LAST
                VALUE   (LST)  VALUE       VALUE  FROM      YEAR
                                                  NORMAL
..................................................................
TEMPERATURE (F)
 YESTERDAY
  MAXIMUM         91    337 PM  93    2006  89      2       87
  MINIMUM         68    611 AM  58    1981  70     -2       72
  AVERAGE         80                        79      1       80

PRECIPITATION (IN)
  YESTERDAY        0.00          2.70 1970   0.12  -0.12     0.00
  MONTH TO DATE    4.13                      2.14   1.99     4.11
  SINCE NOV 1     13.89                     14.32  -0.43     8.24
  SINCE JAN 1     11.17                     10.83   0.34     7.09

SNOWFALL (IN)
  YESTERDAY        0.0
  MONTH TO DATE    0.0
  SINCE MAR 1      0.0
  SINCE JUL 1      0.0
  SNOW DEPTH       0

DEGREE DAYS
 HEATING
  YESTERDAY        0                         0      0        0
  MONTH TO DATE    0                         0      0        0
  SINCE MAR 1      7                        27    -20       22
  SINCE JUL 1    142                       260   -118      200

 COOLING
  YESTERDAY       15                        14      1       15
  MONTH TO DATE  371                       303     68      346
  SINCE MAR 1    938                       732    206      827
  SINCE JAN 1   1275                       923    352     1187
..................................................................


WIND (MPH)
  HIGHEST WIND SPEED    20   HIGHEST WIND DIRECTION     E (70)
  HIGHEST GUST SPEED    25   HIGHEST GUST DIRECTION    NE (60)
  AVERAGE WIND SPEED    11.3


SKY COVER
  AVERAGE SKY COVER 0.1


WEATHER CONDITIONS
 THE FOLLOWING WEATHER WAS RECORDED YESTERDAY.
  NO SIGNIFICANT WEATHER WAS OBSERVED.


RELATIVE HUMIDITY (PERCENT)
 HIGHEST    87
 LOWEST     44
 AVERAGE    66

..........................................................


THE NAPLES CLIMATE NORMALS FOR TODAY
                         NORMAL    RECORD    YEAR
 MAXIMUM TEMPERATURE (F)   89        94      2015
                                             2008
 MINIMUM TEMPERATURE (F)   70        62      1981


SUNRISE AND SUNSET
MAY 25 2019...........SUNRISE   637 AM EDT   SUNSET   812 PM EDT
MAY 26 2019...........SUNRISE   636 AM EDT   SUNSET   812 PM EDT


-  INDICATES NEGATIVE NUMBERS.
R  INDICATES RECORD WAS SET OR TIED.
MM INDICATES DATA IS MISSING.
T  INDICATES TRACE AMOUNT.




$$
