756
CDUS43 KAPX 220555
CLIAPN


CLIMATE REPORT
NATIONAL WEATHER SERVICE GAYLORD MI
155 AM EDT FRI MAR 22 2019


...................................

...THE ALPENA MI CLIMATE SUMMARY FOR MARCH 21 2019...

CLIMATE NORMAL PERIOD 1981 TO 2010
CLIMATE RECORD PERIOD 1916 TO 2019


WEATHER ITEM   OBSERVED TIME   RECORD YEAR NORMAL DEPARTURE LAST
                VALUE   (LST)  VALUE       VALUE  FROM      YEAR
                                                  NORMAL
..................................................................
TEMPERATURE (F)
 YESTERDAY
  MAXIMUM         42   1206 PM  87    2012  40      2       34
  MINIMUM         32    826 AM  -5    1988  21     11       13
  AVERAGE         37                        31      6       24

PRECIPITATION (IN)
  YESTERDAY        0.00          0.74 1935   0.06  -0.06     0.00
  MONTH TO DATE    1.09                      1.21  -0.12     0.92
  SINCE MAR 1      1.09                      1.21  -0.12     0.92
  SINCE JAN 1      6.22                      4.19   2.03     4.81

SNOWFALL (IN)
  YESTERDAY        0.0          10.8  1983   0.4   -0.4      0.0
  MONTH TO DATE    6.7                       9.1   -2.4     13.2
  SINCE OCT 1     87.9                      75.2   12.7     50.3
  SINCE JUL 1     87.9                      75.2   12.7     50.3
  SNOW DEPTH      10

DEGREE DAYS
 HEATING
  YESTERDAY       28                        34     -6       41
  MONTH TO DATE  887                       802     85      811
  SINCE MAR 1    887                       802     85      811
  SINCE JUL 1   6617                      6534     83     6260

 COOLING
  YESTERDAY        0                         0      0        0
  MONTH TO DATE    0                         0      0        0
  SINCE MAR 1      0                         0      0        0
  SINCE JAN 1      0                         0      0        0
..................................................................


WIND (MPH)
  HIGHEST WIND SPEED    15   HIGHEST WIND DIRECTION    NW (320)
  HIGHEST GUST SPEED    19   HIGHEST GUST DIRECTION    NW (320)
  AVERAGE WIND SPEED     3.8




RELATIVE HUMIDITY (PERCENT)
 HIGHEST   100
 LOWEST     67
 AVERAGE    84

..........................................................


THE ALPENA MI CLIMATE NORMALS FOR TODAY
                         NORMAL    RECORD    YEAR
 MAXIMUM TEMPERATURE (F)   41        79      1938
 MINIMUM TEMPERATURE (F)   21        -9      1989


SUNRISE AND SUNSET
MARCH 22 2019.........SUNRISE   734 AM EDT   SUNSET   749 PM EDT
MARCH 23 2019.........SUNRISE   732 AM EDT   SUNSET   750 PM EDT


-  INDICATES NEGATIVE NUMBERS.
R  INDICATES RECORD WAS SET OR TIED.
MM INDICATES DATA IS MISSING.
T  INDICATES TRACE AMOUNT.




$$
