000
CDUS43 KAPX 220526
CLIAPN


CLIMATE REPORT
NATIONAL WEATHER SERVICE GAYLORD MI
126 AM EDT WED MAY 22 2019


...................................

...THE ALPENA MI CLIMATE SUMMARY FOR MAY 21 2019...

CLIMATE NORMAL PERIOD 1981 TO 2010
CLIMATE RECORD PERIOD 1916 TO 2019


WEATHER ITEM   OBSERVED TIME   RECORD YEAR NORMAL DEPARTURE LAST
                VALUE   (LST)  VALUE       VALUE  FROM      YEAR
                                                  NORMAL
..................................................................
TEMPERATURE (F)
 YESTERDAY
  MAXIMUM         65    155 PM  91    1921  66     -1       67
  MINIMUM         36    512 AM  27    1967  42     -6       37
                                      1949
  AVERAGE         51                        54     -3       52

PRECIPITATION (IN)
  YESTERDAY        0.00          1.04 2001   0.09  -0.09      T
  MONTH TO DATE    3.09                      1.75   1.34     2.20
  SINCE MAR 1      7.63                      6.00   1.63     8.74
  SINCE JAN 1     12.76                      8.98   3.78    12.63

DEGREE DAYS
 HEATING
  YESTERDAY       14                        11      3       13
  MONTH TO DATE  391                       300     91      250
  SINCE MAR 1   2300                      2127    173     2339
  SINCE JUL 1   8030                      7859    171     7788

 COOLING
  YESTERDAY        0                         0      0        0
  MONTH TO DATE    0                         0      0        7
  SINCE MAR 1      0                         2     -2        7
  SINCE JAN 1      0                         2     -2        7
..................................................................


WIND (MPH)
  HIGHEST WIND SPEED    15   HIGHEST WIND DIRECTION    SE (120)
  HIGHEST GUST SPEED    20   HIGHEST GUST DIRECTION    SE (120)
  AVERAGE WIND SPEED     6.2




RELATIVE HUMIDITY (PERCENT)
 HIGHEST    85
 LOWEST     34
 AVERAGE    60

..........................................................


THE ALPENA MI CLIMATE NORMALS FOR TODAY
                         NORMAL    RECORD    YEAR
 MAXIMUM TEMPERATURE (F)   67        91      1964
 MINIMUM TEMPERATURE (F)   42        26      1967
                                             1935


SUNRISE AND SUNSET
MAY 22 2019...........SUNRISE   558 AM EDT   SUNSET   904 PM EDT
MAY 23 2019...........SUNRISE   557 AM EDT   SUNSET   905 PM EDT


-  INDICATES NEGATIVE NUMBERS.
R  INDICATES RECORD WAS SET OR TIED.
MM INDICATES DATA IS MISSING.
T  INDICATES TRACE AMOUNT.




$$
