000
CDUS44 KLCH 252209
CLIARA


CLIMATE REPORT
NATIONAL WEATHER SERVICE LAKE CHARLES, LA
508 PM CDT SAT MAY 25 2019


...................................

...THE NEW IBERIA CLIMATE SUMMARY FOR MAY 25 2019...
VALID TODAY AS OF 0500 PM LOCAL TIME.

CLIMATE NORMAL PERIOD 1981 TO 2010
CLIMATE RECORD PERIOD 1948 TO 2019


WEATHER ITEM   OBSERVED TIME   RECORD YEAR NORMAL DEPARTURE LAST
                VALUE   (LST)  VALUE       VALUE  FROM      YEAR
                                                  NORMAL
..................................................................
TEMPERATURE (F)
 TODAY
  MAXIMUM         91    104 PM  94    2010  88      3       88
                                      2005
  MINIMUM         71    532 AM  55    2017  69      2       70
  AVERAGE         81                        78      3       79

PRECIPITATION (IN)
  TODAY            0.00          5.85 1961   0.23  -0.23     1.26
  MONTH TO DATE    7.77                      3.51   4.26     4.32
  SINCE MAR 1     18.00                     11.35   6.65    10.18
  SINCE JAN 1     24.06                     20.76   3.30    19.69

SNOWFALL (IN)
  TODAY            0.0           0.0    MM  MM               0.0
  MONTH TO DATE    0.0                      MM               0.0
  SINCE MAR 1      0.0                      MM               0.0
  SINCE JUL 1      0.0                      MM               2.4

DEGREE DAYS
 HEATING
  TODAY            0                         0      0        0
  MONTH TO DATE    0                         0      0        0
  SINCE MAR 1    220                       192     28      175
  SINCE JUL 1   1268                      1408   -140     1358

 COOLING
  TODAY           16                        13      3       14
  MONTH TO DATE  300                       266     34      341
  SINCE MAR 1    482                       455     27      499
  SINCE JAN 1    522                       486     36      622
..................................................................


WIND (MPH)
  RESULTANT WIND SPEED   5   RESULTANT WIND DIRECTION  SE (130)
  HIGHEST WIND SPEED    14   HIGHEST WIND DIRECTION     S (200)
  HIGHEST GUST SPEED    18   HIGHEST GUST DIRECTION     S (190)
  AVERAGE WIND SPEED     5.8


SKY COVER
  POSSIBLE SUNSHINE  MM
  AVERAGE SKY COVER 0.2


WEATHER CONDITIONS
 THE FOLLOWING WEATHER WAS RECORDED TODAY.
  NO SIGNIFICANT WEATHER WAS OBSERVED.


RELATIVE HUMIDITY (PERCENT)
 HIGHEST   100          1200 AM
 LOWEST     52           100 PM
 AVERAGE    76

..........................................................


THE NEW IBERIA CLIMATE NORMALS FOR TOMORROW
                         NORMAL    RECORD    YEAR
 MAXIMUM TEMPERATURE (F)   88        93      2012
                                             2011
                                             1996
 MINIMUM TEMPERATURE (F)   69        53      1979


SUNRISE AND SUNSET
MAY 25 2019...........SUNRISE   609 AM CDT   SUNSET   800 PM CDT
MAY 26 2019...........SUNRISE   609 AM CDT   SUNSET   801 PM CDT


-  INDICATES NEGATIVE NUMBERS.
R  INDICATES RECORD WAS SET OR TIED.
MM INDICATES DATA IS MISSING.
T  INDICATES TRACE AMOUNT.




$$
