000
CDUS44 KLCH 250915
CLIARA


CLIMATE REPORT
NATIONAL WEATHER SERVICE LAKE CHARLES, LA
415 AM CDT MON MAR 25 2019


...................................

...THE NEW IBERIA CLIMATE SUMMARY FOR MARCH 24 2019...

CLIMATE NORMAL PERIOD 1981 TO 2010
CLIMATE RECORD PERIOD 1948 TO 2019


WEATHER ITEM   OBSERVED TIME   RECORD YEAR NORMAL DEPARTURE LAST
                VALUE   (LST)  VALUE       VALUE  FROM      YEAR
                                                  NORMAL
..................................................................
TEMPERATURE (F)
 YESTERDAY
  MAXIMUM         75   1236 PM  84    1948  74      1       79
  MINIMUM         50    349 AM  34    1968  53     -3       58
  AVERAGE         63                        64     -1       69

PRECIPITATION (IN)
  YESTERDAY        0.00          2.01 1973   0.11  -0.11      T
  MONTH TO DATE    1.02                      2.89  -1.87     1.33
  SINCE MAR 1      1.02                      2.89  -1.87     1.33
  SINCE JAN 1      7.08                     12.30  -5.22    10.84

SNOWFALL (IN)
  YESTERDAY        0.0           0.0    MM  MM               0.0
  MONTH TO DATE    0.0                      MM               0.0
  SINCE MAR 1      0.0                      MM               0.0
  SINCE JUL 1      0.0                      MM               2.4

DEGREE DAYS
 HEATING
  YESTERDAY        2                         4     -2        0
  MONTH TO DATE  150                       125     25      110
  SINCE MAR 1    150                       125     25      110
  SINCE JUL 1   1198                      1341   -143     1293

 COOLING
  YESTERDAY        0                         2     -2        4
  MONTH TO DATE   45                        33     12       50
  SINCE MAR 1     45                        33     12       50
  SINCE JAN 1     85                        64     21      173
..................................................................


WIND (MPH)
  RESULTANT WIND SPEED   7   RESULTANT WIND DIRECTION   S (170)
  HIGHEST WIND SPEED    16   HIGHEST WIND DIRECTION     S (200)
  HIGHEST GUST SPEED    20   HIGHEST GUST DIRECTION     S (170)
  AVERAGE WIND SPEED     7.5


SKY COVER
  POSSIBLE SUNSHINE  MM
  AVERAGE SKY COVER 0.3


WEATHER CONDITIONS
 THE FOLLOWING WEATHER WAS RECORDED YESTERDAY.
  LIGHT RAIN


RELATIVE HUMIDITY (PERCENT)
 HIGHEST   100           300 AM
 LOWEST     64          1200 PM
 AVERAGE    82

..........................................................


THE NEW IBERIA CLIMATE NORMALS FOR TODAY
                         NORMAL    RECORD    YEAR
 MAXIMUM TEMPERATURE (F)   75        85      1949
 MINIMUM TEMPERATURE (F)   53        33      2006


SUNRISE AND SUNSET
MARCH 25 2019.........SUNRISE   706 AM CDT   SUNSET   722 PM CDT
MARCH 26 2019.........SUNRISE   704 AM CDT   SUNSET   723 PM CDT


-  INDICATES NEGATIVE NUMBERS.
R  INDICATES RECORD WAS SET OR TIED.
MM INDICATES DATA IS MISSING.
T  INDICATES TRACE AMOUNT.




$$
