000
CDUS43 KLOT 210631
CLIARR


CLIMATE REPORT
NATIONAL WEATHER SERVICE CHICAGO IL
131 AM CDT THU MAR 21 2019


...................................

...THE AURORA MUNICIPAL AIRPORT CLIMATE SUMMARY FOR MARCH 20 2019...

CLIMATE NORMAL PERIOD 1981 TO 2010
CLIMATE RECORD PERIOD 1998 TO 2019


WEATHER ITEM   OBSERVED TIME   RECORD YEAR NORMAL DEPARTURE LAST
                VALUE   (LST)  VALUE       VALUE  FROM      YEAR
                                                  NORMAL
..................................................................
TEMPERATURE (F)
 YESTERDAY
  MAXIMUM         47    410 PM  83    2012  49     -2       40
  MINIMUM         35   1257 AM  12    2013  28      7       27
  AVERAGE         41                        39      2       34

PRECIPITATION (IN)
  YESTERDAY        0.14          0.47 2011   0.07   0.07     0.00
  MONTH TO DATE    1.70                      1.38   0.32     1.38
  SINCE MAR 1      1.70                      1.38   0.32     1.38
  SINCE JAN 1      4.50                      4.47   0.03     5.19

DEGREE DAYS
 HEATING
  YESTERDAY       24                        26     -2       31
  MONTH TO DATE  683                       607     76      604
  SINCE MAR 1    683                       607     76      604
  SINCE JUL 1   5778                      5745     33     5422

 COOLING
  YESTERDAY        0                         0      0        0
  MONTH TO DATE    0                         0      0        0
  SINCE MAR 1      0                         0      0        0
  SINCE JAN 1      0                         0      0        0
..................................................................


WIND (MPH)
  RESULTANT WIND SPEED   5   RESULTANT WIND DIRECTION  SW (220)
  HIGHEST WIND SPEED    17   HIGHEST WIND DIRECTION     W (270)
  HIGHEST GUST SPEED    23   HIGHEST GUST DIRECTION     W (270)
  AVERAGE WIND SPEED     8.3


SKY COVER
  POSSIBLE SUNSHINE  MM
  AVERAGE SKY COVER 0.9


WEATHER CONDITIONS
 THE FOLLOWING WEATHER WAS RECORDED YESTERDAY.
  RAIN
  LIGHT RAIN
  FOG
  HAZE


RELATIVE HUMIDITY (PERCENT)
 HIGHEST    92           700 AM
 LOWEST     70           300 AM
 AVERAGE    81

..........................................................


THE AURORA MUNICIPAL AIRPORT CLIMATE NORMALS FOR TODAY
                         NORMAL    RECORD    YEAR
 MAXIMUM TEMPERATURE (F)   50        83      2012
 MINIMUM TEMPERATURE (F)   29        11      2013


SUNRISE AND SUNSET
MARCH 21 2019.........SUNRISE   656 AM CDT   SUNSET   707 PM CDT
MARCH 22 2019.........SUNRISE   654 AM CDT   SUNSET   708 PM CDT


-  INDICATES NEGATIVE NUMBERS.
R  INDICATES RECORD WAS SET OR TIED.
MM INDICATES DATA IS MISSING.
T  INDICATES TRACE AMOUNT.




$$
