000
CDUS41 KBUF 250631
CLIART


CLIMATE REPORT
NATIONAL WEATHER SERVICE BUFFALO NY
227 AM EDT SAT MAY 25 2019


...................................

...THE WATERTOWN NY CLIMATE SUMMARY FOR MAY 24 2019...

CLIMATE NORMAL PERIOD 1981 TO 2010
CLIMATE RECORD PERIOD 1949 TO 2019


WEATHER ITEM   OBSERVED TIME   RECORD YEAR NORMAL DEPARTURE LAST
                VALUE   (LST)  VALUE       VALUE  FROM      YEAR
                                                  NORMAL
..................................................................
TEMPERATURE (F)
 YESTERDAY
  MAXIMUM         64    253 PM  87    1966  68     -4       71
  MINIMUM         44   1159 PM  30    1992  46     -2       37
  AVERAGE         54                        57     -3       54

PRECIPITATION (IN)
  YESTERDAY        0.00          1.66 2003   0.10  -0.10     0.00
  MONTH TO DATE    4.13                      2.34   1.79     1.51
  SINCE MAR 1      9.25                      7.54   1.71     6.42
  SINCE JAN 1     16.11                     12.42   3.69    10.44

DEGREE DAYS
 HEATING
  YESTERDAY       11                         8      3       11
  MONTH TO DATE  327                       281     46      219
  SINCE MAR 1   2115                      1983    132     2127
  SINCE JUL 1   7613                      7424    189     7337

 COOLING
  YESTERDAY        0                         1     -1        0
  MONTH TO DATE    0                         1     -1        3
  SINCE MAR 1      0                         2     -2        3
  SINCE JAN 1      0                         2     -2        3
..................................................................


WIND (MPH)
  HIGHEST WIND SPEED    18   HIGHEST WIND DIRECTION    NW (330)
  HIGHEST GUST SPEED    23   HIGHEST GUST DIRECTION    NW (320)
  AVERAGE WIND SPEED     7.0


SKY COVER
  AVERAGE SKY COVER 0.8


WEATHER CONDITIONS
 THE FOLLOWING WEATHER WAS RECORDED YESTERDAY.
  FOG


RELATIVE HUMIDITY (PERCENT)
 HIGHEST   100           800 PM
 LOWEST     60           200 PM
 AVERAGE    80

..........................................................


THE WATERTOWN NY CLIMATE NORMALS FOR TODAY
                         NORMAL    RECORD    YEAR
 MAXIMUM TEMPERATURE (F)   68        86      2012
 MINIMUM TEMPERATURE (F)   46        30      2002


SUNRISE AND SUNSET
MAY 25 2019...........SUNRISE   529 AM EDT   SUNSET   834 PM EDT
MAY 26 2019...........SUNRISE   528 AM EDT   SUNSET   835 PM EDT


-  INDICATES NEGATIVE NUMBERS.
R  INDICATES RECORD WAS SET OR TIED.
MM INDICATES DATA IS MISSING.
T  INDICATES TRACE AMOUNT.




$$
