000
CDUS41 KBUF 190632
CLIART


CLIMATE REPORT
NATIONAL WEATHER SERVICE BUFFALO NY
231 AM EDT TUE MAR 19 2019


...................................

...THE WATERTOWN NY CLIMATE SUMMARY FOR MARCH 18 2019...

CLIMATE NORMAL PERIOD 1981 TO 2010
CLIMATE RECORD PERIOD 1949 TO 2019


WEATHER ITEM   OBSERVED TIME   RECORD YEAR NORMAL DEPARTURE LAST
                VALUE   (LST)  VALUE       VALUE  FROM      YEAR
                                                  NORMAL
..................................................................
TEMPERATURE (F)
 YESTERDAY
  MAXIMUM         35    358 PM  74    2012  41     -6       29
  MINIMUM         14    539 AM -23    1993  21     -7        0
  AVERAGE         25                        31     -6       15

PRECIPITATION (IN)
  YESTERDAY        T             0.60 1989   0.07  -0.07     0.00
  MONTH TO DATE    0.68                      1.33  -0.65     0.90
  SINCE MAR 1      0.68                      1.33  -0.65     0.90
  SINCE JAN 1      7.54                      6.21   1.33     4.92

DEGREE DAYS
 HEATING
  YESTERDAY       40                        34      6       50
  MONTH TO DATE  741                       669     72      639
  SINCE MAR 1    741                       669     72      639
  SINCE JUL 1   6239                      6110    129     5849

 COOLING
  YESTERDAY        0                         0      0        0
  MONTH TO DATE    0                         0      0        0
  SINCE MAR 1      0                         0      0        0
  SINCE JAN 1      0                         0      0        0
..................................................................


WIND (MPH)
  HIGHEST WIND SPEED    15   HIGHEST WIND DIRECTION     W (260)
  HIGHEST GUST SPEED    20   HIGHEST GUST DIRECTION     W (260)
  AVERAGE WIND SPEED     5.8


SKY COVER
  AVERAGE SKY COVER 0.3


WEATHER CONDITIONS
 THE FOLLOWING WEATHER WAS RECORDED YESTERDAY.
  LIGHT SNOW
  FOG
  HAZE


RELATIVE HUMIDITY (PERCENT)
 HIGHEST    96           400 AM
 LOWEST     63          1100 PM
 AVERAGE    80

..........................................................


THE WATERTOWN NY CLIMATE NORMALS FOR TODAY
                         NORMAL    RECORD    YEAR
 MAXIMUM TEMPERATURE (F)   42        73      2012
 MINIMUM TEMPERATURE (F)   22       -19      1993


SUNRISE AND SUNSET
MARCH 19 2019.........SUNRISE   710 AM EDT   SUNSET   715 PM EDT
MARCH 20 2019.........SUNRISE   708 AM EDT   SUNSET   716 PM EDT


-  INDICATES NEGATIVE NUMBERS.
R  INDICATES RECORD WAS SET OR TIED.
MM INDICATES DATA IS MISSING.
T  INDICATES TRACE AMOUNT.




$$
