000
CDUS41 KBUF 240705
CLIART


CLIMATE REPORT
NATIONAL WEATHER SERVICE BUFFALO NY
305 AM EDT TUE APR 24 2018


...................................

...THE WATERTOWN NY CLIMATE SUMMARY FOR APRIL 23 2018...

CLIMATE NORMAL PERIOD 1981 TO 2010
CLIMATE RECORD PERIOD 1949 TO 2018


WEATHER ITEM   OBSERVED TIME   RECORD YEAR NORMAL DEPARTURE LAST
                VALUE   (LST)  VALUE       VALUE  FROM      YEAR
                                                  NORMAL
..................................................................
TEMPERATURE (F)
 YESTERDAY
  MAXIMUM         66    529 PM  84    2001  58      8       59
  MINIMUM         21R   521 AM  24    2010  36    -15       26
                                      1989
  AVERAGE         44                        47     -3       43

PRECIPITATION (IN)
  YESTERDAY        0.00          0.74 1996   0.09  -0.09     0.00
  MONTH TO DATE    2.54                      2.22   0.32     3.51
  SINCE MAR 1      4.14                      4.52  -0.38     5.86
  SINCE JAN 1      8.16                      9.40  -1.24     9.49

DEGREE DAYS
 HEATING
  YESTERDAY       21                        18      3       22
  MONTH TO DATE  697                       519    178      437
  SINCE MAR 1   1787                      1585    202     1611
  SINCE JUL 1   6997                      7026    -29     6222

 COOLING
  YESTERDAY        0                         0      0        0
  MONTH TO DATE    0                         0      0        4
  SINCE MAR 1      0                         0      0        4
  SINCE JAN 1      0                         0      0        4
..................................................................


WIND (MPH)
  HIGHEST WIND SPEED    14   HIGHEST WIND DIRECTION     W (270)
  HIGHEST GUST SPEED    17   HIGHEST GUST DIRECTION     W (270)
  AVERAGE WIND SPEED     5.3


SKY COVER
  AVERAGE SKY COVER 0.0


WEATHER CONDITIONS
 THE FOLLOWING WEATHER WAS RECORDED YESTERDAY.
  NO SIGNIFICANT WEATHER WAS OBSERVED.


RELATIVE HUMIDITY (PERCENT)
 HIGHEST   100           400 AM
 LOWEST     16           400 PM
 AVERAGE    58

..........................................................


THE WATERTOWN NY CLIMATE NORMALS FOR TODAY
                         NORMAL    RECORD    YEAR
 MAXIMUM TEMPERATURE (F)   59        78      1958
 MINIMUM TEMPERATURE (F)   36        18      1972


SUNRISE AND SUNSET
APRIL 24 2018.........SUNRISE   606 AM EDT   SUNSET   759 PM EDT
APRIL 25 2018.........SUNRISE   605 AM EDT   SUNSET   800 PM EDT


-  INDICATES NEGATIVE NUMBERS.
R  INDICATES RECORD WAS SET OR TIED.
MM INDICATES DATA IS MISSING.
T  INDICATES TRACE AMOUNT.




$$
