000
CDAK47 PAJK 251232
CLIASI
CLIMATE REPORT
NATIONAL WEATHER SERVICE JUNEAU, AK
427 AM AKDT MON MAR 25 2019


...................................

...THE SITKA CLIMATE SUMMARY FOR MARCH 24 2019...

CLIMATE NORMAL PERIOD 1981 TO 2010
CLIMATE RECORD PERIOD 1944 TO 2019


WEATHER ITEM   OBSERVED RECORD YEAR NORMAL DEPARTURE LAST
                VALUE   VALUE       VALUE  FROM      YEAR
                                           NORMAL
...........................................................
TEMPERATURE (F)
 YESTERDAY
  MAXIMUM         52     53    1958  44      8       42
  MINIMUM         38     15    1967  34      4       28
  AVERAGE         45                 39      6       35

PRECIPITATION (IN)
  YESTERDAY        0.00   1.07 1994   0.19  -0.19     0.01
  MONTH TO DATE    3.71               4.97  -1.26     3.07
  SINCE JAN 1     14.15              19.84  -5.69    12.53

DEGREE DAYS
 HEATING
  YESTERDAY       20                 26     -6       30
  MONTH TO DATE  554                658   -104      648
...........................................................


WIND (MPH)
  HIGHEST WIND SPEED    12   HIGHEST WIND DIRECTION     W (250)
  HIGHEST GUST SPEED    13   HIGHEST GUST DIRECTION     W (250)
  AVERAGE WIND SPEED     4.9


SKY COVER
  AVERAGE SKY COVER 0.2


WEATHER CONDITIONS
 THE FOLLOWING WEATHER WAS RECORDED YESTERDAY.
  NO SIGNIFICANT WEATHER WAS OBSERVED.


..........................................................


THE SITKA CLIMATE NORMALS FOR TODAY
                         NORMAL    RECORD    YEAR
 MAXIMUM TEMPERATURE (F)   44        56      2011
 MINIMUM TEMPERATURE (F)   34        11      1967


SUNRISE AND SUNSET
MARCH 25 2019.........SUNRISE   650 AM AKDT  SUNSET   726 PM AKDT
MARCH 26 2019.........SUNRISE   647 AM AKDT  SUNSET   728 PM AKDT


-  INDICATES NEGATIVE NUMBERS.
R  INDICATES RECORD WAS SET OR TIED.
MM INDICATES DATA IS MISSING.
T  INDICATES TRACE AMOUNT.




$$
--------------------------------------------------------------

AMOUNT OF DAYLIGHT TODAY (HOUR:MIN)......... 12 HOURS 36 MINUTES
GAIN/LOSS SINCE YESTERDAY (HOUR:MIN:SEC).... +0:04:52

$$
