000
CDUS46 KPQR 260225
CLIAST


CLIMATE REPORT
NATIONAL WEATHER SERVICE PORTLAND OREGON
725 PM PDT FRI MAY 25 2018


...................................

...THE ASTORIA OR CLIMATE SUMMARY FOR MAY 25 2018...
VALID TODAY AS OF 0700 PM LOCAL TIME.

CLIMATE NORMAL PERIOD 1981 TO 2010
CLIMATE RECORD PERIOD 1892 TO 2018


WEATHER ITEM   OBSERVED TIME   RECORD YEAR NORMAL DEPARTURE LAST
                VALUE   (LST)  VALUE       VALUE  FROM      YEAR
                                                  NORMAL
..................................................................
TEMPERATURE (F)
 TODAY
  MAXIMUM         61    344 PM  81    2005  62     -1       62
  MINIMUM         53    607 AM  34    1967  47      6       43
  AVERAGE         57                        54      3       53

PRECIPITATION (IN)
  TODAY            0.00          1.50 1900   0.10  -0.10     0.00
  MONTH TO DATE    0.42                      2.72  -2.30     5.79
  SINCE OCT 1     63.93                     59.78   4.15    90.90
  SINCE JAN 1     33.14                     32.76   0.38    47.03

DEGREE DAYS
 HEATING
  TODAY            8                        11     -3       12
  MONTH TO DATE  228                       311    -83      288
  SINCE MAR 1   1297                      1378    -81     1327
  SINCE JUL 1   4455                      4720   -265     4310

 COOLING
  TODAY            0                         0      0        0
  MONTH TO DATE    0                         0      0        2
  SINCE MAR 1      1                         0      1        2
  SINCE JAN 1      1                         0      1        2
..................................................................


WIND (MPH)
  HIGHEST WIND SPEED    21   HIGHEST WIND DIRECTION    NW (310)
  HIGHEST GUST SPEED    25   HIGHEST GUST DIRECTION    NW (320)
  AVERAGE WIND SPEED    12.2


SKY COVER
  POSSIBLE SUNSHINE  MM
  AVERAGE SKY COVER 0.5


WEATHER CONDITIONS
 THE FOLLOWING WEATHER WAS RECORDED TODAY.
  NO SIGNIFICANT WEATHER WAS OBSERVED.


RELATIVE HUMIDITY (PERCENT)
 HIGHEST    83          1200 AM
 LOWEST     55           300 PM
 AVERAGE    69

..........................................................


THE ASTORIA OR CLIMATE NORMALS FOR TOMORROW
                         NORMAL    RECORD    YEAR
 MAXIMUM TEMPERATURE (F)   62        81      2005
                                             1947
 MINIMUM TEMPERATURE (F)   47        37      1998
                                             1973


SUNRISE AND SUNSET
MAY 25 2018...........SUNRISE   533 AM PDT   SUNSET   853 PM PDT
MAY 26 2018...........SUNRISE   532 AM PDT   SUNSET   854 PM PDT


-  INDICATES NEGATIVE NUMBERS.
R  INDICATES RECORD WAS SET OR TIED.
MM INDICATES DATA IS MISSING.
T  INDICATES TRACE AMOUNT.




$$
