000
CDUS46 KPQR 230223
CLIAST


CLIMATE REPORT
NATIONAL WEATHER SERVICE PORTLAND OREGON
723 PM PDT WED MAY 22 2019


...................................

...THE ASTORIA OR CLIMATE SUMMARY FOR MAY 22 2019...
VALID TODAY AS OF 0700 PM LOCAL TIME.

CLIMATE NORMAL PERIOD 1981 TO 2010
CLIMATE RECORD PERIOD 1892 TO 2019


WEATHER ITEM   OBSERVED TIME   RECORD YEAR NORMAL DEPARTURE LAST
                VALUE   (LST)  VALUE       VALUE  FROM      YEAR
                                                  NORMAL
..................................................................
TEMPERATURE (F)
 TODAY
  MAXIMUM         58    409 PM  88    1941  61     -3       71
  MINIMUM         51   1239 AM  37    1960  47      4       44
                                      1955
  AVERAGE         55                        54      1       58

PRECIPITATION (IN)
  TODAY            0.00          1.10 1922   0.09  -0.09      T
  MONTH TO DATE    1.33                      2.42  -1.09     0.42
  SINCE OCT 1     47.41                     59.48 -12.07    63.93
  SINCE JAN 1     21.68                     32.46 -10.78    33.14

DEGREE DAYS
 HEATING
  TODAY           10                        11     -1        7
  MONTH TO DATE  206                       278    -72      207
  SINCE MAR 1   1250                      1345    -95     1276
  SINCE JUL 1   4437                      4687   -250     4434

 COOLING
  TODAY            0                         0      0        0
  MONTH TO DATE    1                         0      1        0
  SINCE MAR 1      1                         0      1        1
  SINCE JAN 1      1                         0      1        1
..................................................................


WIND (MPH)
  HIGHEST WIND SPEED    12   HIGHEST WIND DIRECTION     W (280)
  HIGHEST GUST SPEED    14   HIGHEST GUST DIRECTION    NW (310)
  AVERAGE WIND SPEED     5.7


SKY COVER
  POSSIBLE SUNSHINE  MM
  AVERAGE SKY COVER 1.0


WEATHER CONDITIONS
 THE FOLLOWING WEATHER WAS RECORDED TODAY.
  FOG
  HAZE


RELATIVE HUMIDITY (PERCENT)
 HIGHEST    96           100 AM
 LOWEST     77           700 AM
 AVERAGE    87

..........................................................


THE ASTORIA OR CLIMATE NORMALS FOR TOMORROW
                         NORMAL    RECORD    YEAR
 MAXIMUM TEMPERATURE (F)   61        85      1999
 MINIMUM TEMPERATURE (F)   47        34      1966


SUNRISE AND SUNSET
MAY 22 2019...........SUNRISE   536 AM PDT   SUNSET   849 PM PDT
MAY 23 2019...........SUNRISE   535 AM PDT   SUNSET   851 PM PDT


-  INDICATES NEGATIVE NUMBERS.
R  INDICATES RECORD WAS SET OR TIED.
MM INDICATES DATA IS MISSING.
T  INDICATES TRACE AMOUNT.




$$
