000
CDUS46 KPQR 261141
CLIAST


CLIMATE REPORT
NATIONAL WEATHER SERVICE PORTLAND OREGON
441 AM PDT TUE MAR 26 2019


...................................

...THE ASTORIA OR CLIMATE SUMMARY FOR MARCH 25 2019...

CLIMATE NORMAL PERIOD 1981 TO 2010
CLIMATE RECORD PERIOD 1892 TO 2019


WEATHER ITEM   OBSERVED TIME   RECORD YEAR NORMAL DEPARTURE LAST
                VALUE   (LST)  VALUE       VALUE  FROM      YEAR
                                                  NORMAL
..................................................................
TEMPERATURE (F)
 YESTERDAY
  MAXIMUM         51    135 PM  69    1934  55     -4       50
  MINIMUM         43   1159 PM  27    1996  40      3       32
  AVERAGE         47                        47      0       41

PRECIPITATION (IN)
  YESTERDAY        0.48          1.88 1916   0.23   0.25      T
  MONTH TO DATE    1.94                      6.13  -4.19     3.13
  SINCE OCT 1     40.26                     50.54 -10.28    52.53
  SINCE JAN 1     14.53                     23.52  -8.99    21.74

DEGREE DAYS
 HEATING
  YESTERDAY       18                        18      0       24
  MONTH TO DATE  509                       472     37      511
  SINCE MAR 1    509                       472     37      511
  SINCE JUL 1   3696                      3814   -118     3669

 COOLING
  YESTERDAY        0                         0      0        0
  MONTH TO DATE    0                         0      0        0
  SINCE MAR 1      0                         0      0        0
  SINCE JAN 1      0                         0      0        0
..................................................................


WIND (MPH)
  HIGHEST WIND SPEED    18   HIGHEST WIND DIRECTION    SW (210)
  HIGHEST GUST SPEED    26   HIGHEST GUST DIRECTION    SW (230)
  AVERAGE WIND SPEED     6.3


SKY COVER
  POSSIBLE SUNSHINE  MM
  AVERAGE SKY COVER 0.7


WEATHER CONDITIONS
 THE FOLLOWING WEATHER WAS RECORDED YESTERDAY.
  HEAVY RAIN
  RAIN
  LIGHT RAIN
  FOG


RELATIVE HUMIDITY (PERCENT)
 HIGHEST    93           300 PM
 LOWEST     66           500 AM
 AVERAGE    80

..........................................................


THE ASTORIA OR CLIMATE NORMALS FOR TODAY
                         NORMAL    RECORD    YEAR
 MAXIMUM TEMPERATURE (F)   55        72      1994
 MINIMUM TEMPERATURE (F)   40        29      1996
                                             1991


SUNRISE AND SUNSET
MARCH 26 2019.........SUNRISE   707 AM PDT   SUNSET   736 PM PDT
MARCH 27 2019.........SUNRISE   705 AM PDT   SUNSET   737 PM PDT


-  INDICATES NEGATIVE NUMBERS.
R  INDICATES RECORD WAS SET OR TIED.
MM INDICATES DATA IS MISSING.
T  INDICATES TRACE AMOUNT.




$$
