000
CDUS42 KFFC 230034
CLIATL


CLIMATE REPORT
NATIONAL WEATHER SERVICE PEACHTREE CITY GA
834 PM EDT WED MAY 22 2019


...................................

...THE ATLANTA CLIMATE SUMMARY FOR MAY 22 2019...
VALID AS OF 0800 PM LOCAL TIME.

CLIMATE NORMAL PERIOD 1981 TO 2010
CLIMATE RECORD PERIOD 1878 TO 2019


WEATHER ITEM   OBSERVED TIME   RECORD YEAR NORMAL DEPARTURE LAST
                VALUE   (LST)  VALUE       VALUE  FROM      YEAR
                                                  NORMAL
..................................................................
TEMPERATURE (F)
 TODAY
  MAXIMUM         91    416 PM  94    1941  81     10       84
                                      1938
  MINIMUM         73    604 AM  43    1883  62     11       69
  AVERAGE         82                        72     10       77

PRECIPITATION (IN)
  TODAY            0.00          1.61 1967   0.11  -0.11     0.49
  MONTH TO DATE    2.28                      2.67  -0.39     3.06
  SINCE MAR 1     10.79                     10.84  -0.05    14.45
  SINCE JAN 1     21.16                     19.71   1.45    23.82

SNOWFALL (IN)
  TODAY            0.0           0.0  2002   0.0    0.0      0.0
                                      2001
                                      2000
  MONTH TO DATE    0.0                       0.0    0.0      0.0
  SINCE MAR 1      0.0                       0.8   -0.8      0.0
  SINCE JUL 1      0.0                       2.9   -2.9      4.7
  SNOW DEPTH       0

DEGREE DAYS
 HEATING
  TODAY            0                         0      0        0
  MONTH TO DATE    3                        24    -21        0
  SINCE MAR 1    376                       509   -133      523
  SINCE JUL 1   2298                      2764   -466     2467

 COOLING
  TODAY           17                         7     10       12
  MONTH TO DATE  199                       109     90      201
  SINCE MAR 1    299                       174    125      224
  SINCE JAN 1    305                       175    130      251
..................................................................


WIND (MPH)
  RESULTANT WIND SPEED   4   RESULTANT WIND DIRECTION   S (200)
  HIGHEST WIND SPEED    14   HIGHEST WIND DIRECTION     S (180)
  HIGHEST GUST SPEED    20   HIGHEST GUST DIRECTION    SW (230)
  AVERAGE WIND SPEED     4.9


SKY COVER
  AVERAGE SKY COVER 0.3


WEATHER CONDITIONS
 THE FOLLOWING WEATHER WAS RECORDED TODAY.
  NO SIGNIFICANT WEATHER WAS OBSERVED.


RELATIVE HUMIDITY (PERCENT)
 HIGHEST    69           200 AM
 LOWEST     36           300 PM

..........................................................


THE ATLANTA CLIMATE NORMALS FOR TOMORROW
                         NORMAL    RECORD    YEAR
 MAXIMUM TEMPERATURE (F)   82        95      1941
 MINIMUM TEMPERATURE (F)   62        40      1883


SUNRISE AND SUNSET
MAY 22 2019...........SUNRISE   633 AM EDT   SUNSET   836 PM EDT
MAY 23 2019...........SUNRISE   632 AM EDT   SUNSET   837 PM EDT


-  INDICATES NEGATIVE NUMBERS.
R  INDICATES RECORD WAS SET OR TIED.
MM INDICATES DATA IS MISSING.
T  INDICATES TRACE AMOUNT.




$$
