000
CDUS42 KFFC 190818
CLIATL


CLIMATE REPORT
NATIONAL WEATHER SERVICE PEACHTREE CITY GA
417 AM EDT TUE MAR 19 2019


...................................

...THE ATLANTA CLIMATE SUMMARY FOR MARCH 18 2019...

CLIMATE NORMAL PERIOD 1981 TO 2010
CLIMATE RECORD PERIOD 1878 TO 2019


WEATHER ITEM   OBSERVED TIME   RECORD YEAR NORMAL DEPARTURE LAST
                VALUE   (LST)  VALUE       VALUE  FROM      YEAR
                                                  NORMAL
..................................................................
TEMPERATURE (F)
 YESTERDAY
  MAXIMUM         60    309 PM  84    2012  65     -5       77
                                      1982
  MINIMUM         41    703 AM  20    1902  45     -4       57
  AVERAGE         51                        55     -4       67

PRECIPITATION (IN)
  YESTERDAY        0.00          2.12 1884   0.16  -0.16     0.03
  MONTH TO DATE    1.69                      2.88  -1.19     2.01
  SINCE MAR 1      1.69                      2.88  -1.19     2.01
  SINCE JAN 1     12.06                     11.75   0.31    11.38

SNOWFALL (IN)
  YESTERDAY        0.0           0.0  2002   0.0    0.0      0.0
                                      2001
                                      2000
  MONTH TO DATE    0.0                       0.5   -0.5      0.0
  SINCE MAR 1      0.0                       0.5   -0.5      0.0
  SINCE JUL 1      0.0                       2.6   -2.6      4.7
  SNOW DEPTH       0

DEGREE DAYS
 HEATING
  YESTERDAY       14                        11      3        0
  MONTH TO DATE  189                       226    -37      228
  SINCE MAR 1    189                       226    -37      228
  SINCE JUL 1   2111                      2481   -370     2172

 COOLING
  YESTERDAY        0                         0      0        2
  MONTH TO DATE    2                         0      2        2
  SINCE MAR 1      2                         0      2        2
  SINCE JAN 1      8                         1      7       29
..................................................................


WIND (MPH)
  RESULTANT WIND SPEED  10   RESULTANT WIND DIRECTION  NW (330)
  HIGHEST WIND SPEED    24   HIGHEST WIND DIRECTION     N (350)
  HIGHEST GUST SPEED    30   HIGHEST GUST DIRECTION     N (360)
  AVERAGE WIND SPEED    10.9


SKY COVER
  AVERAGE SKY COVER 0.5


WEATHER CONDITIONS
 THE FOLLOWING WEATHER WAS RECORDED YESTERDAY.
  NO SIGNIFICANT WEATHER WAS OBSERVED.


RELATIVE HUMIDITY (PERCENT)
 HIGHEST    53           200 AM
 LOWEST     22          1100 AM
 AVERAGE    38

..........................................................


THE ATLANTA CLIMATE NORMALS FOR TODAY
                         NORMAL    RECORD    YEAR
 MAXIMUM TEMPERATURE (F)   66        85      1982
 MINIMUM TEMPERATURE (F)   45        17      1892


SUNRISE AND SUNSET
MARCH 19 2019.........SUNRISE   743 AM EDT   SUNSET   748 PM EDT
MARCH 20 2019.........SUNRISE   742 AM EDT   SUNSET   749 PM EDT


-  INDICATES NEGATIVE NUMBERS.
R  INDICATES RECORD WAS SET OR TIED.
MM INDICATES DATA IS MISSING.
T  INDICATES TRACE AMOUNT.




$$
