000
CDUS42 KFFC 270820
CLIATL


CLIMATE REPORT
NATIONAL WEATHER SERVICE PEACHTREE CITY GA
418 AM EDT SUN MAY 27 2018


...................................

...THE ATLANTA CLIMATE SUMMARY FOR MAY 26 2018...

CLIMATE NORMAL PERIOD 1981 TO 2010
CLIMATE RECORD PERIOD 1878 TO 2018


WEATHER ITEM   OBSERVED TIME   RECORD YEAR NORMAL DEPARTURE LAST
                VALUE   (LST)  VALUE       VALUE  FROM      YEAR
                                                  NORMAL
..................................................................
TEMPERATURE (F)
 YESTERDAY
  MAXIMUM         85    402 PM  94    1936  82      3       83
                                      1916
                                      1911
  MINIMUM         69    342 AM  43    1979  63      6       56
  AVERAGE         77                        73      4       70

PRECIPITATION (IN)
  YESTERDAY        0.00          3.90 1890   0.11  -0.11     0.00
  MONTH TO DATE    3.44                      3.12   0.32     3.73
  SINCE MAR 1     14.83                     11.29   3.54    12.16
  SINCE JAN 1     24.20                     20.16   4.04    22.21

DEGREE DAYS
 HEATING
  YESTERDAY        0                         0      0        0
  MONTH TO DATE    0                        24    -24       24
  SINCE MAR 1    523                       509     14      334
  SINCE JUL 1   2467                      2764   -297     1690

 COOLING
  YESTERDAY       12                         8      4        5
  MONTH TO DATE  250                       140    110      170
  SINCE MAR 1    273                       205     68      354
  SINCE JAN 1    300                       206     94      359
..................................................................


WIND (MPH)
  RESULTANT WIND SPEED   4   RESULTANT WIND DIRECTION   S (170)
  HIGHEST WIND SPEED    14   HIGHEST WIND DIRECTION     S (170)
  HIGHEST GUST SPEED    19   HIGHEST GUST DIRECTION     S (170)
  AVERAGE WIND SPEED     4.8


SKY COVER
  AVERAGE SKY COVER 0.8


WEATHER CONDITIONS
 THE FOLLOWING WEATHER WAS RECORDED YESTERDAY.
  THUNDERSTORM
  FOG


RELATIVE HUMIDITY (PERCENT)
 HIGHEST    93          1200 AM
 LOWEST     55           400 PM
 AVERAGE    74

..........................................................


THE ATLANTA CLIMATE NORMALS FOR TODAY
                         NORMAL    RECORD    YEAR
 MAXIMUM TEMPERATURE (F)   83        95      1916
 MINIMUM TEMPERATURE (F)   64        41      1961


SUNRISE AND SUNSET
MAY 27 2018...........SUNRISE   630 AM EDT   SUNSET   840 PM EDT
MAY 28 2018...........SUNRISE   630 AM EDT   SUNSET   841 PM EDT


-  INDICATES NEGATIVE NUMBERS.
R  INDICATES RECORD WAS SET OR TIED.
MM INDICATES DATA IS MISSING.
T  INDICATES TRACE AMOUNT.




$$
