000
CDUS44 KEWX 270720
CLIATT


CLIMATE REPORT
NATIONAL WEATHER SERVICE AUSTIN/SAN ANTONIO, TX
218 AM CDT MON MAY 27 2019


...................................

...THE AUSTIN CAMP MABRY CLIMATE SUMMARY FOR MAY 26 2019...

CLIMATE NORMAL PERIOD 1981 TO 2010
CLIMATE RECORD PERIOD 1897 TO 2019


WEATHER ITEM   OBSERVED TIME   RECORD YEAR NORMAL DEPARTURE LAST
                VALUE   (LST)  VALUE       VALUE  FROM      YEAR
                                                  NORMAL
..................................................................
TEMPERATURE (F)
 YESTERDAY
  MAXIMUM         91    424 PM  99    2018  89      2       99
  MINIMUM         74    319 AM  47    1913  69      5       74
  AVERAGE         83                        79      4

PRECIPITATION (IN)
  YESTERDAY        0.00          3.26 1957   0.16  -0.16     0.00
  MONTH TO DATE    7.04                      3.61   3.43     4.57
  SINCE MAR 1     14.73                      8.46   6.27     8.78
  SINCE JAN 1     18.71                     12.70   6.01    10.77

SNOWFALL (IN)
  YESTERDAY        0.0
  MONTH TO DATE    0.0
  SINCE MAR 1      0.0
  SINCE JUL 1      T
  SNOW DEPTH       0

DEGREE DAYS
 HEATING
  YESTERDAY        0                         0      0        0
  MONTH TO DATE    6                         0      6        0
  SINCE MAR 1    243                       200     43       95
  SINCE JUL 1   1613                      1537     76     1363

 COOLING
  YESTERDAY       18                        14      4       22
  MONTH TO DATE  293                       288      5      387
  SINCE MAR 1    537                       513     24      634
  SINCE JAN 1    574                       540     34      676
..................................................................


WIND (MPH)
  HIGHEST WIND SPEED    15   HIGHEST WIND DIRECTION    SE (150)
  HIGHEST GUST SPEED    26   HIGHEST GUST DIRECTION    SE (150)
  AVERAGE WIND SPEED     8.0


SKY COVER
  AVERAGE SKY COVER 0.6


WEATHER CONDITIONS
 THE FOLLOWING WEATHER WAS RECORDED YESTERDAY.
  NO SIGNIFICANT WEATHER WAS OBSERVED.


RELATIVE HUMIDITY (PERCENT)
 HIGHEST    87           300 AM
 LOWEST     41           500 PM
 AVERAGE    64

..........................................................


THE AUSTIN CAMP MABRY CLIMATE NORMALS FOR TODAY
                         NORMAL    RECORD    YEAR
 MAXIMUM TEMPERATURE (F)   89       100      2011
 MINIMUM TEMPERATURE (F)   69        45      1901


SUNRISE AND SUNSET
MAY 27 2019...........SUNRISE   631 AM CDT   SUNSET   825 PM CDT
MAY 28 2019...........SUNRISE   631 AM CDT   SUNSET   826 PM CDT


-  INDICATES NEGATIVE NUMBERS.
R  INDICATES RECORD WAS SET OR TIED.
MM INDICATES DATA IS MISSING.
T  INDICATES TRACE AMOUNT.




$$
