000
CDUS43 KABR 230643
CLIATY


CLIMATE REPORT
NATIONAL WEATHER SERVICE ABERDEEN SD
142 AM CDT THU MAY 23 2019


...................................

...THE WATERTOWN SD CLIMATE SUMMARY FOR MAY 22 2019...

CLIMATE NORMAL PERIOD 1981 TO 2010
CLIMATE RECORD PERIOD 1898 TO 2019


WEATHER ITEM   OBSERVED TIME   RECORD YEAR NORMAL DEPARTURE LAST
                VALUE   (LST)  VALUE       VALUE  FROM      YEAR
                                                  NORMAL
..................................................................
TEMPERATURE (F)
 YESTERDAY
  MAXIMUM         56    407 PM  92    1964  69    -13
  MINIMUM         44    225 AM  22    1931  47     -3
  AVERAGE         50                        58     -8

PRECIPITATION (IN)
  YESTERDAY        0.25          2.48 1972   0.09   0.16
  MONTH TO DATE    3.54                      1.80   1.74
  SINCE MAR 1     10.19                      4.93   5.26
  SINCE JAN 1     12.13                      6.01   6.12

SNOWFALL (IN)
  YESTERDAY        0.0           0.0  2002   0.0    0.0      0.0
                                      2001
  MONTH TO DATE    0.0                       0.5   -0.5      0.0
  SINCE OCT 1     81.9                      36.4   45.5     53.1
  SINCE JUL 1     81.9                      36.4   45.5     53.1
  SNOW DEPTH       0

DEGREE DAYS
 HEATING
  YESTERDAY       15                                7
  MONTH TO DATE  349                              112
  SINCE MAR 1   2328                              351
  SINCE JUL 1   9286                              898

 COOLING
  YESTERDAY        0                               -1
  MONTH TO DATE    1                              -10
  SINCE MAR 1      1                              -12
  SINCE JAN 1      1                              -12
..................................................................


WIND (MPH)
  HIGHEST WIND SPEED    25   HIGHEST WIND DIRECTION     E (80)
  HIGHEST GUST SPEED    40   HIGHEST GUST DIRECTION     E (70)
  AVERAGE WIND SPEED    11.5


SKY COVER
  AVERAGE SKY COVER 1.0


WEATHER CONDITIONS
 THE FOLLOWING WEATHER WAS RECORDED YESTERDAY.
  RAIN
  LIGHT RAIN
  FOG


RELATIVE HUMIDITY (PERCENT)
 HIGHEST    93
 LOWEST     77
 AVERAGE    85

..........................................................


THE WATERTOWN SD CLIMATE NORMALS FOR TODAY
                         NORMAL    RECORD    YEAR
 MAXIMUM TEMPERATURE (F)   69        92      1950
 MINIMUM TEMPERATURE (F)   47        30      1917


SUNRISE AND SUNSET
MAY 23 2019...........SUNRISE   552 AM CDT   SUNSET   859 PM CDT
MAY 24 2019...........SUNRISE   551 AM CDT   SUNSET   900 PM CDT


-  INDICATES NEGATIVE NUMBERS.
R  INDICATES RECORD WAS SET OR TIED.
MM INDICATES DATA IS MISSING.
T  INDICATES TRACE AMOUNT.




$$
