000
CDUS43 KABR 200708
CLIATY


CLIMATE REPORT
NATIONAL WEATHER SERVICE ABERDEEN SD
208 AM CDT WED MAR 20 2019


...................................

...THE WATERTOWN SD CLIMATE SUMMARY FOR MARCH 19 2019...

CLIMATE NORMAL PERIOD 1981 TO 2010
CLIMATE RECORD PERIOD 1898 TO 2019


WEATHER ITEM   OBSERVED TIME   RECORD YEAR NORMAL DEPARTURE LAST
                VALUE   (LST)  VALUE       VALUE  FROM      YEAR
                                                  NORMAL
..................................................................
TEMPERATURE (F)
 YESTERDAY
  MAXIMUM         38    303 PM  71    2012  40     -2
                                      2004
  MINIMUM         21    708 AM -10    1944  21      0
  AVERAGE         30                        31     -1

PRECIPITATION (IN)
  YESTERDAY        0.00          0.75 1924   0.03  -0.03
  MONTH TO DATE    2.66                      0.61   2.05
  SINCE MAR 1      2.66                      0.61   2.05
  SINCE JAN 1      4.60                      1.69   2.91

SNOWFALL (IN)
  YESTERDAY        0.0           5.0  1964   0.2   -0.2      1.5
  MONTH TO DATE    7.2                       4.6    2.6      9.1
  SINCE OCT 1     56.9                      31.0   25.9     28.5
  SINCE JUL 1     56.9                      31.0   25.9     28.5
  SNOW DEPTH      20

DEGREE DAYS
 HEATING
  YESTERDAY       35                                1
  MONTH TO DATE  935                              208
  SINCE MAR 1    935                              208
  SINCE JUL 1   7893                              755

 COOLING
  YESTERDAY        0                                0
  MONTH TO DATE    0                                0
  SINCE MAR 1      0                                0
  SINCE JAN 1      0                                0
..................................................................


WIND (MPH)
  HIGHEST WIND SPEED    17   HIGHEST WIND DIRECTION    SW (240)
  HIGHEST GUST SPEED    22   HIGHEST GUST DIRECTION     W (250)
  AVERAGE WIND SPEED     7.3


SKY COVER
  AVERAGE SKY COVER 0.3


WEATHER CONDITIONS
 THE FOLLOWING WEATHER WAS RECORDED YESTERDAY.
  FOG
  FOG W/VISIBILITY <= 1/4 MILE


RELATIVE HUMIDITY (PERCENT)
 HIGHEST   100
 LOWEST     75
 AVERAGE    88

..........................................................


THE WATERTOWN SD CLIMATE NORMALS FOR TODAY
                         NORMAL    RECORD    YEAR
 MAXIMUM TEMPERATURE (F)   41        71      1911
 MINIMUM TEMPERATURE (F)   22        -7      1986


SUNRISE AND SUNSET
MARCH 20 2019.........SUNRISE   732 AM CDT   SUNSET   741 PM CDT
MARCH 21 2019.........SUNRISE   730 AM CDT   SUNSET   742 PM CDT


-  INDICATES NEGATIVE NUMBERS.
R  INDICATES RECORD WAS SET OR TIED.
MM INDICATES DATA IS MISSING.
T  INDICATES TRACE AMOUNT.




$$
