536
CDUS43 KABR 270707
CLIATY


CLIMATE REPORT
NATIONAL WEATHER SERVICE ABERDEEN SD
203 AM CDT FRI APR 27 2018


...................................

...THE WATERTOWN SD CLIMATE SUMMARY FOR APRIL 26 2018...

CLIMATE NORMAL PERIOD 1981 TO 2010
CLIMATE RECORD PERIOD 1898 TO 2018


WEATHER ITEM   OBSERVED TIME   RECORD YEAR NORMAL DEPARTURE LAST
                VALUE   (LST)  VALUE       VALUE  FROM      YEAR
                                                  NORMAL
..................................................................
TEMPERATURE (F)
 YESTERDAY
  MAXIMUM         59    448 PM  82    1952  61     -2       32
  MINIMUM         36    357 AM  17    1931  37     -1       27
  AVERAGE         48                        49     -1       30

PRECIPITATION (IN)
  YESTERDAY        0.00          1.30 1912   0.08  -0.08     0.02
  MONTH TO DATE    0.87                      1.69  -0.82     1.72
  SINCE MAR 1      2.28                      2.80  -0.52     2.05
  SINCE JAN 1      3.13                      3.88  -0.75     2.83

SNOWFALL (IN)
  YESTERDAY        0.0
  MONTH TO DATE   17.5
  SINCE OCT 1     53.1
  SINCE JUL 1     53.1
  SNOW DEPTH       0

DEGREE DAYS
 HEATING
  YESTERDAY       17                        16      1       35
  MONTH TO DATE  874                       574    300      519
  SINCE MAR 1   2028                      1678    350     1596
  SINCE JUL 1   8395                      8089    306     7197

 COOLING
  YESTERDAY        0                         0      0        0
  MONTH TO DATE    0                         0      0        0
  SINCE MAR 1      0                         0      0        0
  SINCE JAN 1      0                         0      0        0
..................................................................


WIND (MPH)
  HIGHEST WIND SPEED    37   HIGHEST WIND DIRECTION     N (20)
  HIGHEST GUST SPEED    43   HIGHEST GUST DIRECTION     N (20)
  AVERAGE WIND SPEED    16.2


SKY COVER
  POSSIBLE SUNSHINE  MM
  AVERAGE SKY COVER 0.0


WEATHER CONDITIONS
 THE FOLLOWING WEATHER WAS RECORDED YESTERDAY.
  NO SIGNIFICANT WEATHER WAS OBSERVED.


RELATIVE HUMIDITY (PERCENT)
 HIGHEST    82           400 AM
 LOWEST     33           300 PM
 AVERAGE    58

..........................................................


THE WATERTOWN SD CLIMATE NORMALS FOR TODAY
                         NORMAL    RECORD    YEAR
 MAXIMUM TEMPERATURE (F)   62        85      1977
                                             1910
 MINIMUM TEMPERATURE (F)   37        16      1909


SUNRISE AND SUNSET
APRIL 27 2018.........SUNRISE   624 AM CDT   SUNSET   829 PM CDT
APRIL 28 2018.........SUNRISE   623 AM CDT   SUNSET   830 PM CDT


-  INDICATES NEGATIVE NUMBERS.
R  INDICATES RECORD WAS SET OR TIED.
MM INDICATES DATA IS MISSING.
T  INDICATES TRACE AMOUNT.




$$
