000
CDUS41 KGYX 250810
CLIAUG


CLIMATE REPORT
NATIONAL WEATHER SERVICE GRAY ME
408 AM EDT WED APR 25 2018


...................................

...THE AUGUSTA CLIMATE SUMMARY FOR APRIL 24 2018...

CLIMATE NORMAL PERIOD 1981 TO 2010
CLIMATE RECORD PERIOD 1948 TO 2018


WEATHER ITEM   OBSERVED TIME   RECORD YEAR NORMAL DEPARTURE LAST
                VALUE   (LST)  VALUE       VALUE  FROM      YEAR
                                                  NORMAL
..................................................................
TEMPERATURE (F)
 YESTERDAY
  MAXIMUM         71    132 PM  73    2001  57     14       65
  MINIMUM         35    436 AM  27    1965  38     -3       36
  AVERAGE         53                        47      6       51

PRECIPITATION (IN)
  YESTERDAY        0.00          3.41 1983   0.13  -0.13     0.00
  MONTH TO DATE    2.31                      3.01  -0.70     2.58
  SINCE MAR 1      4.86                      6.38  -1.52     6.07
  SINCE JAN 1     11.85                     11.42   0.43    12.55

DEGREE DAYS
 HEATING
  YESTERDAY       12                        18     -6       14
  MONTH TO DATE  625                       537     88      484
  SINCE MAR 1   1623                      1563     60     1676
  SINCE JUL 1   6609                      6906   -297     6488

 COOLING
  YESTERDAY        0                         0      0        0
  MONTH TO DATE    0                         0      0        0
  SINCE MAR 1      0                         0      0        0
  SINCE JAN 1      0                         0      0        0
..................................................................


WIND (MPH)
  HIGHEST WIND SPEED    17   HIGHEST WIND DIRECTION     S (160)
  HIGHEST GUST SPEED    27   HIGHEST GUST DIRECTION     S (200)
  AVERAGE WIND SPEED     7.6


SKY COVER
  AVERAGE SKY COVER 0.0


WEATHER CONDITIONS
 THE FOLLOWING WEATHER WAS RECORDED YESTERDAY.
  NO SIGNIFICANT WEATHER WAS OBSERVED.


RELATIVE HUMIDITY (PERCENT)
 HIGHEST    76           300 AM
 LOWEST     16           200 PM
 AVERAGE    46

..........................................................


THE AUGUSTA CLIMATE NORMALS FOR TODAY
                         NORMAL    RECORD    YEAR
 MAXIMUM TEMPERATURE (F)   58        78      2009
 MINIMUM TEMPERATURE (F)   38        27      2004


SUNRISE AND SUNSET
APRIL 25 2018.........SUNRISE   539 AM EDT   SUNSET   736 PM EDT
APRIL 26 2018.........SUNRISE   538 AM EDT   SUNSET   737 PM EDT


-  INDICATES NEGATIVE NUMBERS.
R  INDICATES RECORD WAS SET OR TIED.
MM INDICATES DATA IS MISSING.
T  INDICATES TRACE AMOUNT.




$$
