000
CDUS41 KGYX 210804
CLIAUG


CLIMATE REPORT
NATIONAL WEATHER SERVICE GRAY ME
403 AM EDT THU MAR 21 2019


...................................

...THE AUGUSTA CLIMATE SUMMARY FOR MARCH 20 2019...

CLIMATE NORMAL PERIOD 1981 TO 2010
CLIMATE RECORD PERIOD 1948 TO 2019


WEATHER ITEM   OBSERVED TIME   RECORD YEAR NORMAL DEPARTURE LAST
                VALUE   (LST)  VALUE       VALUE  FROM      YEAR
                                                  NORMAL
..................................................................
TEMPERATURE (F)
 YESTERDAY
  MAXIMUM         32    900 AM  78    2012  42    -10       41
  MINIMUM         17        MM   7    1949  25     -8       18
  AVERAGE         25                        33     -8       30

PRECIPITATION (IN)
  YESTERDAY        0.00          1.35 1951   0.12  -0.12     0.00
  MONTH TO DATE    0.88                      2.06  -1.18     2.24
  SINCE MAR 1      0.88                      2.06  -1.18     2.24
  SINCE JAN 1      7.63                      7.10   0.53     9.23

DEGREE DAYS
 HEATING
  YESTERDAY       40                        32      8       35
  MONTH TO DATE  768                       701     67      689
  SINCE MAR 1    768                       701     67      689
  SINCE JUL 1   6292                      6044    248     5675

 COOLING
  YESTERDAY        0                         0      0        0
  MONTH TO DATE    0                         0      0        0
  SINCE MAR 1      0                         0      0        0
  SINCE JAN 1      0                         0      0        0
..................................................................


WIND (MPH)
  HIGHEST WIND SPEED     6   HIGHEST WIND DIRECTION     S (190)
  HIGHEST GUST SPEED    MM   HIGHEST GUST DIRECTION    MM
  AVERAGE WIND SPEED     2.9


SKY COVER
  AVERAGE SKY COVER 0.0


WEATHER CONDITIONS
 THE FOLLOWING WEATHER WAS RECORDED YESTERDAY.
  NO SIGNIFICANT WEATHER WAS OBSERVED.


RELATIVE HUMIDITY (PERCENT)
 HIGHEST    56           500 AM
 LOWEST     30           900 AM
 AVERAGE    43

..........................................................


THE AUGUSTA CLIMATE NORMALS FOR TODAY
                         NORMAL    RECORD    YEAR
 MAXIMUM TEMPERATURE (F)   42        83      2012
 MINIMUM TEMPERATURE (F)   25         2      1988


SUNRISE AND SUNSET
MARCH 21 2019.........SUNRISE   641 AM EDT   SUNSET   653 PM EDT
MARCH 22 2019.........SUNRISE   639 AM EDT   SUNSET   654 PM EDT


-  INDICATES NEGATIVE NUMBERS.
R  INDICATES RECORD WAS SET OR TIED.
MM INDICATES DATA IS MISSING.
T  INDICATES TRACE AMOUNT.




$$
