000
CDUS44 KEWX 250705
CLIAUS


CLIMATE REPORT
NATIONAL WEATHER SERVICE AUSTIN/SAN ANTONIO, TX
203 AM CDT SAT MAY 25 2019


...................................

...THE AUSTIN BERGSTROM CLIMATE SUMMARY FOR MAY 24 2019...

CLIMATE NORMAL PERIOD 1981 TO 2010
CLIMATE RECORD PERIOD 1943 TO 2019


WEATHER ITEM   OBSERVED TIME   RECORD YEAR NORMAL DEPARTURE LAST
                VALUE   (LST)  VALUE       VALUE  FROM      YEAR
                                                  NORMAL
..................................................................
TEMPERATURE (F)
 YESTERDAY
  MAXIMUM         93    241 PM  99    1955  89      4       93
  MINIMUM         76   1136 PM  54    2017  66     10       69
  AVERAGE         85                        77      8       81

PRECIPITATION (IN)
  YESTERDAY        T             3.88 1981   0.12  -0.12     0.00
  MONTH TO DATE    7.55                      3.12   4.43     3.23
  SINCE MAR 1     13.62                      8.17   5.45    10.41
  SINCE JAN 1     17.49                     12.68   4.81    11.73

SNOWFALL (IN)
  YESTERDAY        0.0
  MONTH TO DATE    0.0
  SINCE MAR 1      T
  SINCE JUL 1      T
  SNOW DEPTH       0

DEGREE DAYS
 HEATING
  YESTERDAY        0                         0      0        0
  MONTH TO DATE    4                         0      4        0
  SINCE MAR 1    285                       285      0      179
  SINCE JUL 1   1750                      1900   -150     1705

 COOLING
  YESTERDAY       20                        12      8       16
  MONTH TO DATE  268                       228     40      316
  SINCE MAR 1    459                       400     59      500
  SINCE JAN 1    494                       416     78      542
..................................................................


WIND (MPH)
  HIGHEST WIND SPEED    24   HIGHEST WIND DIRECTION    SE (130)
  HIGHEST GUST SPEED    30   HIGHEST GUST DIRECTION    SE (130)
  AVERAGE WIND SPEED    14.3


SKY COVER
  AVERAGE SKY COVER 0.7


WEATHER CONDITIONS
 THE FOLLOWING WEATHER WAS RECORDED YESTERDAY.
  NO SIGNIFICANT WEATHER WAS OBSERVED.


RELATIVE HUMIDITY (PERCENT)
 HIGHEST    85           100 AM
 LOWEST     49           200 PM
 AVERAGE    67

..........................................................


THE AUSTIN BERGSTROM CLIMATE NORMALS FOR TODAY
                         NORMAL    RECORD    YEAR
 MAXIMUM TEMPERATURE (F)   89       100      2011
 MINIMUM TEMPERATURE (F)   66        58      1975
                                             1971


SUNRISE AND SUNSET
MAY 25 2019...........SUNRISE   632 AM CDT   SUNSET   824 PM CDT
MAY 26 2019...........SUNRISE   631 AM CDT   SUNSET   824 PM CDT


-  INDICATES NEGATIVE NUMBERS.
R  INDICATES RECORD WAS SET OR TIED.
MM INDICATES DATA IS MISSING.
T  INDICATES TRACE AMOUNT.




$$
