387
CDUS42 KGSP 220645 RRB
CLIAVL

CLIMATE REPORT
NATIONAL WEATHER SERVICE GREENVILLE-SPARTANBURG SC
240 AM EDT FRI MAR 22 2019


...................................

...THE ASHEVILLE NC CLIMATE SUMMARY FOR MARCH 21 2019...

CLIMATE NORMAL PERIOD 1981 TO 2010
CLIMATE RECORD PERIOD 1869 TO 2019


WEATHER ITEM   OBSERVED TIME   RECORD YEAR NORMAL DEPARTURE LAST
                VALUE   (LST)  VALUE       VALUE  FROM      YEAR
                                                  NORMAL
..................................................................
TEMPERATURE (F)
 YESTERDAY
  MAXIMUM         MM        MM  82    1948  60     MM       43
  MINIMUM         36    651 AM  14    1965  37     -1       30
  AVERAGE         MM                        48     MM       37

PRECIPITATION (IN)
  YESTERDAY       MM             2.00 1876   0.12  MM         T
  MONTH TO DATE    2.19                      2.58  -0.39     2.39
  SINCE MAR 1      2.19                      2.58  -0.39     2.39
  SINCE JAN 1     14.38                     10.01   4.37    12.00

SNOWFALL (IN)
  YESTERDAY        0.0           1.2  1960   0.1              T
  MONTH TO DATE    T                         1.4             1.2
  SINCE MAR 1      T                         1.4             1.2
  SINCE JUL 1     11.4                       8.7            12.0
  SNOW DEPTH       0

DEGREE DAYS
 HEATING
  YESTERDAY       MM                        17     MM       28
  MONTH TO DATE  392                       402    -10      412
  SINCE MAR 1    392                       402    -10      412
  SINCE JUL 1   3198                      3619   -421     3262

 COOLING
  YESTERDAY       MM                         0     MM        0
  MONTH TO DATE    0                         0      0        0
  SINCE MAR 1      0                         0      0        0
  SINCE JAN 1      2                         0      2        4
..................................................................


WIND (MPH)
  HIGHEST WIND SPEED    MM   HIGHEST WIND DIRECTION    MM
  HIGHEST GUST SPEED    MM   HIGHEST GUST DIRECTION    MM
  AVERAGE WIND SPEED    MM


SKY COVER
  POSSIBLE SUNSHINE  MM
  AVERAGE SKY COVER  MM


WEATHER CONDITIONS
 THE FOLLOWING WEATHER WAS RECORDED YESTERDAY.
  RAIN
  LIGHT RAIN
  FOG


RELATIVE HUMIDITY (PERCENT)
 HIGHEST    99
 LOWEST     99
 AVERAGE    99

..........................................................


THE ASHEVILLE NC CLIMATE NORMALS FOR TODAY
                         NORMAL    RECORD    YEAR
 MAXIMUM TEMPERATURE (F)   61        86      1907
 MINIMUM TEMPERATURE (F)   37        15      1965


SUNRISE AND SUNSET
MARCH 22 2019.........SUNRISE   731 AM EDT   SUNSET   743 PM EDT
MARCH 23 2019.........SUNRISE   730 AM EDT   SUNSET   744 PM EDT


-  INDICATES NEGATIVE NUMBERS.
R  INDICATES RECORD WAS SET OR TIED.
MM INDICATES DATA IS MISSING.
T  INDICATES TRACE AMOUNT.




$$
