000
CDUS42 KGSP 192039 RRA
CLIAVL

CLIMATE REPORT
NATIONAL WEATHER SERVICE GREENVILLE-SPARTANBURG SC
433 PM EDT SUN MAY 19 2019


...................................

...THE ASHEVILLE NC CLIMATE SUMMARY FOR MAY 19 2019...
VALID TODAY AS OF 400 PM LOCAL TIME.

CLIMATE NORMAL PERIOD 1981 TO 2010
CLIMATE RECORD PERIOD 1869 TO 2019


WEATHER ITEM   OBSERVED TIME   RECORD YEAR NORMAL DEPARTURE LAST
                VALUE   (LST)  VALUE       VALUE  FROM      YEAR
                                                  NORMAL
..................................................................
TEMPERATURE (F)
 TODAY
  MAXIMUM         84    258 PM  93    1996  75      9       78
  MINIMUM         60    537 AM  33    1894  52      8       64
  AVERAGE         72                        64      8       71

PRECIPITATION (IN)
  TODAY            0.00          0.95 2012   0.13  -0.13     0.26
  MONTH TO DATE    3.35                      2.19   1.16     9.67
  SINCE MAR 1     14.95                      9.35   5.60    17.42
  SINCE JAN 1     27.14                     16.78  10.36    27.03

SNOWFALL (IN)
  TODAY            0.0           0.0    MM   0.0    0.0      0.0
  MONTH TO DATE    0.0                       0.0    0.0      0.0
  SINCE MAR 1      T                         2.6   -2.6      1.2
  SINCE JUL 1     11.4                       9.9    1.5     12.0
  SNOW DEPTH       0

DEGREE DAYS
 HEATING
  TODAY            0                         3     -3        0
  MONTH TO DATE   25                        84    -59       13
  SINCE MAR 1    746                       939   -193      928
  SINCE JUL 1   3552                      4156   -604     3778

 COOLING
  TODAY            7                         2      5        6
  MONTH TO DATE   53                        22     31       70
  SINCE MAR 1     68                        30     38       74
  SINCE JAN 1     70                        30     40       78
..................................................................


WIND (MPH)
  HIGHEST WIND SPEED    18   HIGHEST WIND DIRECTION    SW (210)
  HIGHEST GUST SPEED    26   HIGHEST GUST DIRECTION     S (180)
  AVERAGE WIND SPEED     5.5


SKY COVER
  POSSIBLE SUNSHINE  MM
  AVERAGE SKY COVER 0.2


WEATHER CONDITIONS
 THE FOLLOWING WEATHER WAS RECORDED TODAY.
  FOG


RELATIVE HUMIDITY (PERCENT)
 HIGHEST    97           400 AM
 LOWEST     40           300 PM
 AVERAGE    69

..........................................................


THE ASHEVILLE NC CLIMATE NORMALS FOR TOMORROW
                         NORMAL    RECORD    YEAR
 MAXIMUM TEMPERATURE (F)   76        91      1941
 MINIMUM TEMPERATURE (F)   53        36      2002


SUNRISE AND SUNSET
MAY 19 2019...........SUNRISE   623 AM EDT   SUNSET   831 PM EDT
MAY 20 2019...........SUNRISE   622 AM EDT   SUNSET   832 PM EDT


-  INDICATES NEGATIVE NUMBERS.
R  INDICATES RECORD WAS SET OR TIED.
MM INDICATES DATA IS MISSING.
T  INDICATES TRACE AMOUNT.




$$
