000
CDUS41 KBGM 250635
CLIAVP


CLIMATE REPORT
NATIONAL WEATHER SERVICE BINGHAMTON NY
234 AM EDT FRI MAY 25 2018


...................................

...THE AVOCA PA CLIMATE SUMMARY FOR MAY 24 2018...

CLIMATE NORMAL PERIOD 1981 TO 2010
CLIMATE RECORD PERIOD 1901 TO 2018


WEATHER ITEM   OBSERVED TIME   RECORD YEAR NORMAL DEPARTURE LAST
                VALUE   (LST)  VALUE       VALUE  FROM      YEAR
                                                  NORMAL
..................................................................
TEMPERATURE (F)
 YESTERDAY
  MAXIMUM         81    344 PM  88    1975  72      9       74
                                      1964
                                      1936
  MINIMUM         51    328 AM  32    1963  50      1       53
  AVERAGE         66                        61      5       64

PRECIPITATION (IN)
  YESTERDAY        0.00          2.00 1979   0.13  -0.13     0.00
  MONTH TO DATE    5.52                      2.68   2.84     2.62
  SINCE MAR 1     12.01                      8.56   3.45    11.06
  SINCE JAN 1     19.02                     12.96   6.06    17.29

SNOWFALL (IN)
  YESTERDAY        0.0           0.0    MM   0.0    0.0      0.0
  MONTH TO DATE    0.0                       0.3   -0.3      0.0
  SINCE MAR 1     24.8                      12.6   12.2     30.7
  SINCE JUL 1     51.9                      46.5    5.4     55.5

DEGREE DAYS
 HEATING
  YESTERDAY        0                         6     -6        1
  MONTH TO DATE   82                       196   -114      198
  SINCE MAR 1   1641                      1563     78     1422
  SINCE JUL 1   5832                      6169   -337     5177

 COOLING
  YESTERDAY        1                         1      0        0
  MONTH TO DATE   37                        17     20       26
  SINCE MAR 1     41                        23     18       48
  SINCE JAN 1     41                        23     18       48
..................................................................


WIND (MPH)
  HIGHEST WIND SPEED    16   HIGHEST WIND DIRECTION     N (350)
  HIGHEST GUST SPEED    22   HIGHEST GUST DIRECTION     N (340)
  AVERAGE WIND SPEED     3.4


SKY COVER
  AVERAGE SKY COVER 0.0



RELATIVE HUMIDITY (PERCENT)
 HIGHEST   100          1200 AM
 LOWEST     30           100 PM
 AVERAGE    65

..........................................................


THE AVOCA PA CLIMATE NORMALS FOR TODAY
                         NORMAL    RECORD    YEAR
 MAXIMUM TEMPERATURE (F)   72        91      1904
 MINIMUM TEMPERATURE (F)   50        30      1956


SUNRISE AND SUNSET
MAY 25 2018...........SUNRISE   536 AM EDT   SUNSET   824 PM EDT
MAY 26 2018...........SUNRISE   535 AM EDT   SUNSET   825 PM EDT


-  INDICATES NEGATIVE NUMBERS.
R  INDICATES RECORD WAS SET OR TIED.
MM INDICATES DATA IS MISSING.
T  INDICATES TRACE AMOUNT.




$$
