000
CDUS41 KBGM 230626
CLIAVP


CLIMATE REPORT
NATIONAL WEATHER SERVICE BINGHAMTON NY
225 AM EDT THU MAY 23 2019


...................................

...THE AVOCA PA CLIMATE SUMMARY FOR MAY 22 2019...

CLIMATE NORMAL PERIOD 1981 TO 2010
CLIMATE RECORD PERIOD 1901 TO 2019


WEATHER ITEM   OBSERVED TIME   RECORD YEAR NORMAL DEPARTURE LAST
                VALUE   (LST)  VALUE       VALUE  FROM      YEAR
                                                  NORMAL
..................................................................
TEMPERATURE (F)
 YESTERDAY
  MAXIMUM         73    410 PM  93    1911  71      2       63
  MINIMUM         42    519 AM  31    2002  49     -7       56
  AVERAGE         58                        60     -2       60

PRECIPITATION (IN)
  YESTERDAY        0.00          2.67 1942   0.12  -0.12     1.07
  MONTH TO DATE    3.38                      2.43   0.95     4.95
  SINCE MAR 1     10.71                      8.31   2.40    11.44
  SINCE JAN 1     16.65                     12.71   3.94    18.45

SNOWFALL (IN)
  YESTERDAY        0.0           0.0    MM   0.0    0.0      0.0
  MONTH TO DATE    0.0                       0.3   -0.3      0.0
  SINCE MAR 1      5.8                      12.6   -6.8     24.8
  SINCE JUL 1     32.5                      46.5  -14.0     51.9

DEGREE DAYS
 HEATING
  YESTERDAY        7                         6      1        5
  MONTH TO DATE  129                       184    -55       82
  SINCE MAR 1   1372                      1551   -179     1641
  SINCE JUL 1   5734                      6157   -423     5832

 COOLING
  YESTERDAY        0                         1     -1        0
  MONTH TO DATE   17                        15      2       35
  SINCE MAR 1     24                        21      3       39
  SINCE JAN 1     24                        21      3       39
..................................................................


WIND (MPH)
  HIGHEST WIND SPEED    10   HIGHEST WIND DIRECTION     W (270)
  HIGHEST GUST SPEED    13   HIGHEST GUST DIRECTION     W (270)
  AVERAGE WIND SPEED     3.3


SKY COVER
  AVERAGE SKY COVER 0.1



RELATIVE HUMIDITY (PERCENT)
 HIGHEST    89           300 AM
 LOWEST     19           400 PM
 AVERAGE    54

..........................................................


THE AVOCA PA CLIMATE NORMALS FOR TODAY
                         NORMAL    RECORD    YEAR
 MAXIMUM TEMPERATURE (F)   72        93      1911
 MINIMUM TEMPERATURE (F)   50        36      1998
                                             1967
                                             1929


SUNRISE AND SUNSET
MAY 23 2019...........SUNRISE   538 AM EDT   SUNSET   822 PM EDT
MAY 24 2019...........SUNRISE   537 AM EDT   SUNSET   823 PM EDT


-  INDICATES NEGATIVE NUMBERS.
R  INDICATES RECORD WAS SET OR TIED.
MM INDICATES DATA IS MISSING.
T  INDICATES TRACE AMOUNT.




$$
