000
CDUS41 KBGM 190627
CLIAVP


CLIMATE REPORT
NATIONAL WEATHER SERVICE BINGHAMTON NY
227 AM EDT TUE MAR 19 2019


...................................

...THE AVOCA PA CLIMATE SUMMARY FOR MARCH 18 2019...

CLIMATE NORMAL PERIOD 1981 TO 2010
CLIMATE RECORD PERIOD 1901 TO 2019


WEATHER ITEM   OBSERVED TIME   RECORD YEAR NORMAL DEPARTURE LAST
                VALUE   (LST)  VALUE       VALUE  FROM      YEAR
                                                  NORMAL
..................................................................
TEMPERATURE (F)
 YESTERDAY
  MAXIMUM         41   1243 PM  74    2012  47     -6       43
  MINIMUM         21    454 AM  -1    1916  28     -7       20
  AVERAGE         31                        37     -6       32

PRECIPITATION (IN)
  YESTERDAY        0.00          0.75 1936   0.08  -0.08     0.00
  MONTH TO DATE    1.15                      1.36  -0.21     1.99
  SINCE MAR 1      1.15                      1.36  -0.21     1.99
  SINCE JAN 1      7.09                      5.76   1.33     9.00

SNOWFALL (IN)
  YESTERDAY        0.0           5.2  1977   0.3   -0.3      0.0
  MONTH TO DATE    4.8                       6.3   -1.5     18.0
  SINCE MAR 1      4.8                       6.3   -1.5     18.0
  SINCE JUL 1     31.5                      40.2   -8.7     45.1

DEGREE DAYS
 HEATING
  YESTERDAY       34                        28      6       33
  MONTH TO DATE  539                       548     -9      586
  SINCE MAR 1    539                       548     -9      586
  SINCE JUL 1   4901                      5154   -253     4777

 COOLING
  YESTERDAY        0                         0      0        0
  MONTH TO DATE    0                         0      0        0
  SINCE MAR 1      0                         0      0        0
  SINCE JAN 1      0                         0      0        0
..................................................................


WIND (MPH)
  HIGHEST WIND SPEED    13   HIGHEST WIND DIRECTION     W (260)
  HIGHEST GUST SPEED    16   HIGHEST GUST DIRECTION     N (340)
  AVERAGE WIND SPEED     4.1


SKY COVER
  AVERAGE SKY COVER 0.7



RELATIVE HUMIDITY (PERCENT)
 HIGHEST    81           700 AM
 LOWEST     30           100 PM
 AVERAGE    56

..........................................................


THE AVOCA PA CLIMATE NORMALS FOR TODAY
                         NORMAL    RECORD    YEAR
 MAXIMUM TEMPERATURE (F)   47        74      2012
                                             1918
 MINIMUM TEMPERATURE (F)   28        -4      1967


SUNRISE AND SUNSET
MARCH 19 2019.........SUNRISE   708 AM EDT   SUNSET   714 PM EDT
MARCH 20 2019.........SUNRISE   707 AM EDT   SUNSET   715 PM EDT


-  INDICATES NEGATIVE NUMBERS.
R  INDICATES RECORD WAS SET OR TIED.
MM INDICATES DATA IS MISSING.
T  INDICATES TRACE AMOUNT.




$$
