000
CDUS43 KGRR 242137
CLIAZO


CLIMATE REPORT
NATIONAL WEATHER SERVICE GRAND RAPIDS, MI
537 PM EDT SUN MAR 24 2019


...................................

...THE KALAMAZOO CLIMATE SUMMARY FOR MARCH 24 2019...
VALID TODAY AS OF 0500 PM LOCAL TIME.

CLIMATE NORMAL PERIOD 1981 TO 2010
CLIMATE RECORD PERIOD 1998 TO 2019


WEATHER ITEM   OBSERVED TIME   RECORD YEAR NORMAL DEPARTURE LAST
                VALUE   (LST)  VALUE       VALUE  FROM      YEAR
                                                  NORMAL
..................................................................
TEMPERATURE (F)
 TODAY
  MAXIMUM         54    142 PM  83    1910  49      5       45
  MINIMUM         28    210 AM   3    1940  30     -2       26
  AVERAGE         41                        40      1       36

PRECIPITATION (IN)
  TODAY            0.00          0.95 1913   0.08  -0.08     0.00
  MONTH TO DATE    2.05                      1.72   0.33     1.21
  SINCE MAR 1      2.05                      1.72   0.33     1.21
  SINCE JAN 1      4.66                      4.96  -0.30     7.04

DEGREE DAYS
 HEATING
  TODAY           24                        25     -1       29
  MONTH TO DATE  803                       719     84      753
  SINCE MAR 1    803                       719     84      753
  SINCE JUL 1   5580                      5492     88     5314

 COOLING
  TODAY            0                         0      0        0
  MONTH TO DATE    0                         0      0        0
  SINCE MAR 1      0                         0      0        0
  SINCE JAN 1      0                         0      0        0
..................................................................


WIND (MPH)
  RESULTANT WIND SPEED   4   RESULTANT WIND DIRECTION   S (190)
  HIGHEST WIND SPEED    13   HIGHEST WIND DIRECTION     S (180)
  HIGHEST GUST SPEED    14   HIGHEST GUST DIRECTION    SW (230)
  AVERAGE WIND SPEED     4.3


SKY COVER
  AVERAGE SKY COVER 0.5


WEATHER CONDITIONS
 THE FOLLOWING WEATHER WAS RECORDED TODAY.
  NO SIGNIFICANT WEATHER WAS OBSERVED.


RELATIVE HUMIDITY (PERCENT)
 HIGHEST    85           200 AM
 LOWEST     38           100 PM
 AVERAGE    62

..........................................................


THE KALAMAZOO CLIMATE NORMALS FOR TOMORROW
                         NORMAL
 MAXIMUM TEMPERATURE (F)   50
 MINIMUM TEMPERATURE (F)   31


SUNRISE AND SUNSET
MARCH 24 2019.........SUNRISE   739 AM EDT   SUNSET   759 PM EDT
MARCH 25 2019.........SUNRISE   737 AM EDT   SUNSET   800 PM EDT


-  INDICATES NEGATIVE NUMBERS.
R  INDICATES RECORD WAS SET OR TIED.
MM INDICATES DATA IS MISSING.
T  INDICATES TRACE AMOUNT.




$$
