000
CDUS43 KGRR 261324
CLIAZO


CLIMATE REPORT
NATIONAL WEATHER SERVICE GRAND RAPIDS, MI
923 AM EDT THU APR 26 2018


...................................

...THE KALAMAZOO MI CLIMATE SUMMARY FOR APRIL 26 2018...
VALID AS OF 0900 AM LOCAL TIME.

CLIMATE NORMAL PERIOD 1981 TO 2010
CLIMATE RECORD PERIOD 1998 TO 2018


WEATHER ITEM   OBSERVED TIME   NORMAL DEPARTURE LAST
                VALUE   (LST)  VALUE  FROM      YEAR
                                      NORMAL
......................................................
TEMPERATURE (F)
 TODAY
  MAXIMUM         45    759 AM  64    -19       82
  MINIMUM         33    536 AM  42     -9       60
  AVERAGE         39            53    -14       71

PRECIPITATION (IN)
  TODAY            0.00          0.11  -0.11      T
  MONTH TO DATE    2.24          2.53  -0.29     1.74
  SINCE MAR 1      3.84          4.78  -0.94     5.91
  SINCE JAN 1      9.67          8.02   1.65    10.63

DEGREE DAYS
 HEATING
  TODAY           26            12     14        0
  MONTH TO DATE  635           439    196      306
  SINCE MAR 1   1549          1323    226     1190
  SINCE JUL 1   6110          6096     14     5086

 COOLING
  TODAY            0             0      0        6
  MONTH TO DATE    0             0      0       11
  SINCE MAR 1      0             0      0       11
  SINCE JAN 1      0             0      0       11
......................................................


WIND (MPH)
  RESULTANT WIND SPEED   1   RESULTANT WIND DIRECTION   N (340)
  HIGHEST WIND SPEED     5   HIGHEST WIND DIRECTION     N (350)
  HIGHEST GUST SPEED     7   HIGHEST GUST DIRECTION    NE (30)
  AVERAGE WIND SPEED     1.3


SKY COVER
  AVERAGE SKY COVER 0.0


WEATHER CONDITIONS
 THE FOLLOWING WEATHER WAS RECORDED TODAY.
  NO SIGNIFICANT WEATHER WAS OBSERVED.


RELATIVE HUMIDITY (PERCENT)
 HIGHEST    89           300 AM
 LOWEST     76          1200 AM
 AVERAGE    83

..........................................................


THE KALAMAZOO MI CLIMATE NORMALS FOR TOMORROW
                         NORMAL
 MAXIMUM TEMPERATURE (F)   64
 MINIMUM TEMPERATURE (F)   42


SUNRISE AND SUNSET
APRIL 26 2018.........SUNRISE   645 AM EDT   SUNSET   836 PM EDT
APRIL 27 2018.........SUNRISE   643 AM EDT   SUNSET   837 PM EDT


-  INDICATES NEGATIVE NUMBERS.
R  INDICATES RECORD WAS SET OR TIED.
MM INDICATES DATA IS MISSING.
T  INDICATES TRACE AMOUNT.




$$
