099
CDUS43 KGRR 252135
CLIAZO


CLIMATE REPORT
NATIONAL WEATHER SERVICE GRAND RAPIDS, MI
533 PM EDT SAT MAY 25 2019


...................................

...THE KALAMAZOO CLIMATE SUMMARY FOR MAY 25 2019...
VALID TODAY AS OF 0500 PM LOCAL TIME.

CLIMATE NORMAL PERIOD 1981 TO 2010
CLIMATE RECORD PERIOD 1998 TO 2019


WEATHER ITEM   OBSERVED TIME   RECORD YEAR NORMAL DEPARTURE LAST
                VALUE   (LST)  VALUE       VALUE  FROM      YEAR
                                                  NORMAL
..................................................................
TEMPERATURE (F)
 TODAY
  MAXIMUM         81   1156 AM  91    1977  73      8       87
  MINIMUM         63   1254 AM  29    1925  51     12       58
  AVERAGE         72                        62     10       73

PRECIPITATION (IN)
  TODAY            T             1.80 2011   0.12  -0.12     0.00
  MONTH TO DATE    5.01                      3.16   1.85     6.62
  SINCE MAR 1     11.53                      8.49   3.04    10.65
  SINCE JAN 1     14.14                     11.73   2.41    16.48

DEGREE DAYS
 HEATING
  TODAY            0                         5     -5        0
  MONTH TO DATE  212                       198     14       74
  SINCE MAR 1   1674                      1568    106     1680
  SINCE JUL 1   6451                      6341    110     6241

 COOLING
  TODAY            7                         2      5        8
  MONTH TO DATE   12                        24    -12       47
  SINCE MAR 1     12                        28    -16       47
  SINCE JAN 1     12                        28    -16       47
..................................................................


WIND (MPH)
  RESULTANT WIND SPEED  10   RESULTANT WIND DIRECTION  SW (220)
  HIGHEST WIND SPEED    22   HIGHEST WIND DIRECTION     W (270)
  HIGHEST GUST SPEED    33   HIGHEST GUST DIRECTION     W (260)
  AVERAGE WIND SPEED    12.0


SKY COVER
  AVERAGE SKY COVER 0.3


WEATHER CONDITIONS
 THE FOLLOWING WEATHER WAS RECORDED TODAY.
  LIGHT RAIN


RELATIVE HUMIDITY (PERCENT)
 HIGHEST    87           300 AM
 LOWEST     54          1200 PM
 AVERAGE    71

..........................................................


THE KALAMAZOO CLIMATE NORMALS FOR TOMORROW
                         NORMAL
 MAXIMUM TEMPERATURE (F)   73
 MINIMUM TEMPERATURE (F)   51


SUNRISE AND SUNSET
MAY 25 2019...........SUNRISE   613 AM EDT   SUNSET   906 PM EDT
MAY 26 2019...........SUNRISE   612 AM EDT   SUNSET   907 PM EDT


-  INDICATES NEGATIVE NUMBERS.
R  INDICATES RECORD WAS SET OR TIED.
MM INDICATES DATA IS MISSING.
T  INDICATES TRACE AMOUNT.




$$

63
