000
CDUS43 KFGF 222218
CLIBDE


CLIMATE REPORT
NATIONAL WEATHER SERVICE EASTERN NORTH DAKOTA/GRAND FORKS
518 PM CDT WED MAY 22 2019


...................................

...THE BAUDETTE MN CLIMATE SUMMARY FOR MAY 22 2019...
VALID TODAY AS OF 0500 PM LOCAL TIME.

CLIMATE NORMAL PERIOD 1981 TO 2010
CLIMATE RECORD PERIOD 1908 TO 2019


WEATHER ITEM   OBSERVED TIME   RECORD YEAR NORMAL DEPARTURE LAST
                VALUE   (LST)  VALUE       VALUE  FROM      YEAR
                                                  NORMAL
..................................................................
TEMPERATURE (F)
 TODAY
  MAXIMUM         56   1258 AM  93    1964  66    -10       79
  MINIMUM         45    644 AM  22    1959  43      2       44
  AVERAGE         51                        54     -3       62

PRECIPITATION (IN)
  TODAY            0.24          2.52 2001   0.09   0.15     0.00
  MONTH TO DATE    0.88                      1.81  -0.93     2.07
  SINCE MAR 1      2.27                      4.04  -1.77     2.16
  SINCE JAN 1      2.93                      5.12  -2.19     2.16

DEGREE DAYS
 HEATING
  TODAY           14                        11      3        3
  MONTH TO DATE  394                       309     85      270
  SINCE MAR 1   2556                      2335    221     2502
  SINCE JUL 1  10334                      9743    591    10079

 COOLING
  TODAY            0                         0      0        0
  MONTH TO DATE    0                         0      0        0
  SINCE MAR 1      0                         0      0        0
  SINCE JAN 1      0                         0      0        0
..................................................................


WIND (MPH)
  HIGHEST WIND SPEED    24   HIGHEST WIND DIRECTION     E (80)
  HIGHEST GUST SPEED    37   HIGHEST GUST DIRECTION     E (70)
  AVERAGE WIND SPEED    14.9


SKY COVER
  POSSIBLE SUNSHINE  MM
  AVERAGE SKY COVER 0.7


WEATHER CONDITIONS
 THE FOLLOWING WEATHER WAS RECORDED TODAY.
  LIGHT RAIN
  FOG


RELATIVE HUMIDITY (PERCENT)
 HIGHEST    93          1100 AM
 LOWEST     35          1200 AM
 AVERAGE    64

..........................................................


THE BAUDETTE MN CLIMATE NORMALS FOR TOMORROW
                         NORMAL    RECORD    YEAR
 MAXIMUM TEMPERATURE (F)   66        88      1980
 MINIMUM TEMPERATURE (F)   43        26      1956


SUNRISE AND SUNSET
MAY 22 2019...........SUNRISE   529 AM CDT   SUNSET   902 PM CDT
MAY 23 2019...........SUNRISE   528 AM CDT   SUNSET   903 PM CDT


-  INDICATES NEGATIVE NUMBERS.
R  INDICATES RECORD WAS SET OR TIED.
MM INDICATES DATA IS MISSING.
T  INDICATES TRACE AMOUNT.




$$
