000
CDUS43 KFGF 252212
CLIBDE


CLIMATE REPORT
NATIONAL WEATHER SERVICE EASTERN NORTH DAKOTA/GRAND FORKS
511 PM CDT MON MAR 25 2019


...................................

...THE BAUDETTE MN CLIMATE SUMMARY FOR MARCH 25 2019...
VALID TODAY AS OF 0500 PM LOCAL TIME.

CLIMATE NORMAL PERIOD 1981 TO 2010
CLIMATE RECORD PERIOD 1908 TO 2019


WEATHER ITEM   OBSERVED TIME   RECORD YEAR NORMAL DEPARTURE LAST
                VALUE   (LST)  VALUE       VALUE  FROM      YEAR
                                                  NORMAL
..................................................................
TEMPERATURE (F)
 TODAY
  MAXIMUM         33    259 PM  61    1945  39     -6       38
  MINIMUM          5    621 AM -23    1965  18    -13       26
                                      1923
  AVERAGE         19                        28     -9       32

PRECIPITATION (IN)
  TODAY            0.00          0.90 1922   0.04  -0.04    MM
  MONTH TO DATE    0.82                      0.59   0.23    MM
  SINCE MAR 1      0.82                      0.59   0.23    MM
  SINCE JAN 1      1.48                      1.67  -0.19      T

SNOWFALL (IN)
  TODAY            0.0           6.0  1949
                                      1922
  MONTH TO DATE    0.0
  SINCE MAR 1      0.0
  SINCE JUL 1      T
  SNOW DEPTH      MM

DEGREE DAYS
 HEATING
  TODAY           46                        37      9       33
  MONTH TO DATE 1179                      1074    105     1009
  SINCE MAR 1   1179                      1074    105     1009
  SINCE JUL 1   8957                      8482    475     8586

 COOLING
  TODAY            0                         0      0        0
  MONTH TO DATE    0                         0      0        0
  SINCE MAR 1      0                         0      0        0
  SINCE JAN 1      0                         0      0        0
..................................................................


WIND (MPH)
  HIGHEST WIND SPEED     9   HIGHEST WIND DIRECTION    NW (320)
  HIGHEST GUST SPEED    13   HIGHEST GUST DIRECTION    NW (320)
  AVERAGE WIND SPEED     2.2


SKY COVER
  POSSIBLE SUNSHINE  MM
  AVERAGE SKY COVER 0.0


WEATHER CONDITIONS
 THE FOLLOWING WEATHER WAS RECORDED TODAY.
  FOG
  HAZE


RELATIVE HUMIDITY (PERCENT)
 HIGHEST    80           300 AM
 LOWEST     20           300 PM
 AVERAGE    50

..........................................................


THE BAUDETTE MN CLIMATE NORMALS FOR TOMORROW
                         NORMAL    RECORD    YEAR
 MAXIMUM TEMPERATURE (F)   39        63      1946
 MINIMUM TEMPERATURE (F)   19       -23      1964


SUNRISE AND SUNSET
MARCH 25 2019.........SUNRISE   711 AM CDT   SUNSET   739 PM CDT
MARCH 26 2019.........SUNRISE   709 AM CDT   SUNSET   740 PM CDT


-  INDICATES NEGATIVE NUMBERS.
R  INDICATES RECORD WAS SET OR TIED.
MM INDICATES DATA IS MISSING.
T  INDICATES TRACE AMOUNT.




$$
