000
CDUS41 KOKX 190616
CLIBDR


CLIMATE REPORT
NATIONAL WEATHER SERVICE NEW YORK NY
216 AM EDT TUE MAR 19 2019


...................................

...THE BRIDGEPORT CT CLIMATE SUMMARY FOR MARCH 18 2019...

CLIMATE NORMAL PERIOD 1981 TO 2010
CLIMATE RECORD PERIOD 1948 TO 2019


WEATHER ITEM   OBSERVED TIME   RECORD YEAR NORMAL DEPARTURE LAST
                VALUE   (LST)  VALUE       VALUE  FROM      YEAR
                                                  NORMAL
..................................................................
TEMPERATURE (F)
 YESTERDAY
  MAXIMUM         47    320 PM  76    2011  48     -1       41
  MINIMUM         24    558 AM   9    1967  32     -8       24
  AVERAGE         36                        40     -4       33

PRECIPITATION (IN)
  YESTERDAY        0.00          2.75 1983   0.13  -0.13     0.00
  MONTH TO DATE    2.34                      2.27   0.07     3.44
  SINCE MAR 1      2.34                      2.27   0.07     3.44
  SINCE JAN 1      9.93                      8.16   1.77    12.37

SNOWFALL (IN)
  YESTERDAY        0.0           3.7  1949   0.1   -0.1      0.0
  MONTH TO DATE   13.5                       3.7    9.8     11.5
  SINCE OCT 1     24.6                      25.3   -0.7     36.9
  SINCE JUL 1     24.6                      25.3   -0.7     36.9
  SNOW DEPTH       0

DEGREE DAYS
 HEATING
  YESTERDAY       29                        25      4       32
  MONTH TO DATE  536                       498     38      481
  SINCE MAR 1    536                       498     38      481
  SINCE JUL 1   4246                      4385   -139     4080

 COOLING
  YESTERDAY        0                         0      0        0
  MONTH TO DATE    0                         0      0        0
  SINCE MAR 1      0                         0      0        0
  SINCE JAN 1      0                         0      0        0
..................................................................


WIND (MPH)
  HIGHEST WIND SPEED    18   HIGHEST WIND DIRECTION    SW (210)
  HIGHEST GUST SPEED    22   HIGHEST GUST DIRECTION     W (290)
  AVERAGE WIND SPEED     5.8


SKY COVER
  AVERAGE SKY COVER 0.2


WEATHER CONDITIONS
 THE FOLLOWING WEATHER WAS RECORDED YESTERDAY.
  NO SIGNIFICANT WEATHER WAS OBSERVED.


RELATIVE HUMIDITY (PERCENT)
 HIGHEST    63           400 AM
 LOWEST     23           400 PM
 AVERAGE    43

..........................................................


THE BRIDGEPORT CT CLIMATE NORMALS FOR TODAY
                         NORMAL    RECORD    YEAR
 MAXIMUM TEMPERATURE (F)   48        68      2012
 MINIMUM TEMPERATURE (F)   32         4      1967


SUNRISE AND SUNSET
MARCH 19 2019.........SUNRISE   658 AM EDT   SUNSET   703 PM EDT
MARCH 20 2019.........SUNRISE   656 AM EDT   SUNSET   704 PM EDT


-  INDICATES NEGATIVE NUMBERS.
R  INDICATES RECORD WAS SET OR TIED.
MM INDICATES DATA IS MISSING.
T  INDICATES TRACE AMOUNT.




$$
