000
CDAK48 PAFC 251025
CLIBET


CLIMATE REPORT
NATIONAL WEATHER SERVICE ANCHORAGE, AK
225 AM AKDT MON MAR 25 2019


...................................

...THE BETHEL CLIMATE SUMMARY FOR MARCH 24 2019...

CLIMATE NORMAL PERIOD 1981 TO 2010
CLIMATE RECORD PERIOD 1948 TO 2019


WEATHER ITEM   OBSERVED TIME   RECORD YEAR NORMAL DEPARTURE LAST
                VALUE   (LST)  VALUE       VALUE  FROM      YEAR
                                                  NORMAL
..................................................................
TEMPERATURE (F)
 YESTERDAY
  MAXIMUM         39        MM  47    2015  24     15       33
  MINIMUM         32        MM -32    1938   9     23       17
  AVERAGE         36                        16     20       25

PRECIPITATION (IN)
  YESTERDAY        0.07          0.56 1991   0.02   0.05     0.00
  MONTH TO DATE    0.73                      0.55   0.18     0.45
  SINCE DEC 1      4.35                      3.17   1.18     3.26
  SINCE JAN 1      3.66                      2.05   1.61     2.22

SNOWFALL (IN)
  YESTERDAY       MM             2.4  1972   0.3   MM        0.0
  MONTH TO DATE    0.0                       6.4   -6.4      4.5
  SINCE DEC 1      0.0                      34.3  -34.3     26.8
  SINCE JUL 1      0.4                      52.2  -51.8     34.1
  SNOW DEPTH      MM

DEGREE DAYS
 HEATING
  YESTERDAY       29                        49    -20       40
  MONTH TO DATE  860                      1213   -353     1048
  SINCE MAR 1    860                      1213   -353     1048
  SINCE JUL 1   8149                      9951  -1802     8301

 COOLING
  YESTERDAY        0                         0      0        0
  MONTH TO DATE    0                         0      0        0
  SINCE MAR 1      0                         0      0        0
  SINCE JAN 1      0                         0      0        0
..................................................................


WIND (MPH)
  RESULTANT WIND SPEED  16   RESULTANT WIND DIRECTION   S (160)
  HIGHEST WIND SPEED    25   HIGHEST WIND DIRECTION     S (180)
  HIGHEST GUST SPEED    35   HIGHEST GUST DIRECTION    SE (150)
  AVERAGE WIND SPEED    16.9



WEATHER CONDITIONS
 THE FOLLOWING WEATHER WAS RECORDED YESTERDAY.
  LIGHT RAIN
  SNOW
  LIGHT SNOW
  FOG


RELATIVE HUMIDITY (PERCENT)
 HIGHEST   100
 LOWEST     76
 AVERAGE    88

..........................................................


THE BETHEL CLIMATE NORMALS FOR TODAY
                         NORMAL    RECORD    YEAR
 MAXIMUM TEMPERATURE (F)   24        46      1974
 MINIMUM TEMPERATURE (F)    9       -27      1975


SUNRISE AND SUNSET
MARCH 25 2019.........SUNRISE   833 AM AKDT  SUNSET   915 PM AKDT
MARCH 26 2019.........SUNRISE   830 AM AKDT  SUNSET   917 PM AKDT


-  INDICATES NEGATIVE NUMBERS.
R  INDICATES RECORD WAS SET OR TIED.
MM INDICATES DATA IS MISSING.
T  INDICATES TRACE AMOUNT.




$$
