000
CDAK48 PAFC 181255
CLIBET


CLIMATE REPORT
NATIONAL WEATHER SERVICE ANCHORAGE, AK
455 AM AKDT TUE JUN 18 2019


...................................

...THE BETHEL CLIMATE SUMMARY FOR JUNE 17 2019...

CLIMATE NORMAL PERIOD 1981 TO 2010
CLIMATE RECORD PERIOD 1948 TO 2019


WEATHER ITEM   OBSERVED TIME   RECORD YEAR NORMAL DEPARTURE LAST
                VALUE   (LST)  VALUE       VALUE  FROM      YEAR
                                                  NORMAL
..................................................................
TEMPERATURE (F)
 YESTERDAY
  MAXIMUM         75    423 PM  90    1926  62     13       53
  MINIMUM         53    452 AM  35    1939  45      8       46
  AVERAGE         64                        53     11       50

PRECIPITATION (IN)
  YESTERDAY        0.00          0.56 2005   0.07  -0.07     0.27
  MONTH TO DATE    1.22                      0.92   0.30     1.14
  SINCE DEC 1      7.99                      6.13   1.86     7.25
  SINCE JAN 1      7.30                      5.01   2.29     6.21

SNOWFALL (IN)
  YESTERDAY       MM            MM      MM   0.0   MM        0.0
  MONTH TO DATE   MM                         0.0   MM        0.0
  SINCE DEC 1      0.0                      43.9  -43.9     33.1
  SINCE JUL 1      0.4                      61.8  -61.4     40.4
  SNOW DEPTH      MM

DEGREE DAYS
 HEATING
  YESTERDAY        1                        12    -11       15
  MONTH TO DATE  106                       244   -138      184
  SINCE JUN 1    106                       244   -138      184
  SINCE JUL 1   9980                     12385  -2405    10390

 COOLING
  YESTERDAY        0                         0      0        0
  MONTH TO DATE    0                         0      0        0
  SINCE JUN 1      0                         0      0        0
  SINCE JAN 1      0                         0      0        0
..................................................................


WIND (MPH)
  RESULTANT WIND SPEED  10   RESULTANT WIND DIRECTION  NW (310)
  HIGHEST WIND SPEED    23   HIGHEST WIND DIRECTION    NW (300)
  HIGHEST GUST SPEED    29   HIGHEST GUST DIRECTION    NW (310)
  AVERAGE WIND SPEED    11.0



WEATHER CONDITIONS
 THE FOLLOWING WEATHER WAS RECORDED YESTERDAY.
  FOG
  HAZE


RELATIVE HUMIDITY (PERCENT)
 HIGHEST   100
 LOWEST     35
 AVERAGE    68

..........................................................


THE BETHEL CLIMATE NORMALS FOR TODAY
                         NORMAL    RECORD    YEAR
 MAXIMUM TEMPERATURE (F)   62        88      2013
 MINIMUM TEMPERATURE (F)   45        32      1932


SUNRISE AND SUNSET
JUNE 18 2019..........SUNRISE   513 AM AKDT  SUNSET  1223 AM AKDT
JUNE 19 2019..........SUNRISE   513 AM AKDT  SUNSET  1224 AM AKDT


-  INDICATES NEGATIVE NUMBERS.
R  INDICATES RECORD WAS SET OR TIED.
MM INDICATES DATA IS MISSING.
T  INDICATES TRACE AMOUNT.




$$
