000
CDUS41 KCTP 180652
CLIBFD


CLIMATE REPORT
NATIONAL WEATHER SERVICE STATE COLLEGE PA
252 AM EDT MON MAR 18 2019


...................................

...THE BRADFORD CLIMATE SUMMARY FOR MARCH 17 2019...

CLIMATE NORMAL PERIOD 1981 TO 2010
CLIMATE RECORD PERIOD 1957 TO 2019


WEATHER ITEM   OBSERVED TIME   RECORD YEAR NORMAL DEPARTURE LAST
                VALUE   (LST)  VALUE       VALUE  FROM      YEAR
                                                  NORMAL
..................................................................
TEMPERATURE (F)
 YESTERDAY
  MAXIMUM         33    442 PM  76    2012  42     -9       38
  MINIMUM         19    551 AM   1    1981  22     -3        8
  AVERAGE         26                        32     -6       23

PRECIPITATION (IN)
  YESTERDAY        0.02          2.00 1973   0.11  -0.09     0.00
  MONTH TO DATE    0.93                      1.72  -0.79     1.32
  SINCE MAR 1      0.93                      1.72  -0.79     1.32
  SINCE JAN 1      6.77                      7.36  -0.59     8.33

DEGREE DAYS
 HEATING
  YESTERDAY       39                        27     12       42
  MONTH TO DATE  655                       515    140      681
  SINCE MAR 1    655                       515    140      681
  SINCE JUL 1   5886                      6085   -199     5777

 COOLING
  YESTERDAY        0                         0      0        0
  MONTH TO DATE    0                         0      0        0
  SINCE MAR 1      0                         0      0        0
  SINCE JAN 1      0                         0      0        0
..................................................................


WIND (MPH)
  HIGHEST WIND SPEED    18   HIGHEST WIND DIRECTION    NW (320)
  HIGHEST GUST SPEED    23   HIGHEST GUST DIRECTION    NW (330)
  AVERAGE WIND SPEED     8.5


SKY COVER
  POSSIBLE SUNSHINE  MM
  AVERAGE SKY COVER 0.3


WEATHER CONDITIONS
 THE FOLLOWING WEATHER WAS RECORDED YESTERDAY.
  SNOW
  LIGHT SNOW
  FOG


RELATIVE HUMIDITY (PERCENT)
 HIGHEST    73           600 AM
 LOWEST     39           500 PM
 AVERAGE    56

..........................................................


THE BRADFORD CLIMATE NORMALS FOR TODAY
                         NORMAL    RECORD    YEAR
 MAXIMUM TEMPERATURE (F)   42        73      2012
 MINIMUM TEMPERATURE (F)   22        -7      1967


SUNRISE AND SUNSET
MARCH 18 2019.........SUNRISE   722 AM EDT   SUNSET   724 PM EDT
MARCH 19 2019.........SUNRISE   720 AM EDT   SUNSET   725 PM EDT


-  INDICATES NEGATIVE NUMBERS.
R  INDICATES RECORD WAS SET OR TIED.
MM INDICATES DATA IS MISSING.
T  INDICATES TRACE AMOUNT.




$$
