000
CDUS41 KCTP 262116
CLIBFD


CLIMATE REPORT
NATIONAL WEATHER SERVICE STATE COLLEGE PA
516 PM EDT SUN MAY 26 2019


...................................

...THE BRADFORD CLIMATE SUMMARY FOR MAY 26 2019...
VALID TODAY AS OF 0500 PM LOCAL TIME.

CLIMATE NORMAL PERIOD 1981 TO 2010
CLIMATE RECORD PERIOD 1957 TO 2019


WEATHER ITEM   OBSERVED TIME   RECORD YEAR NORMAL DEPARTURE LAST
                VALUE   (LST)  VALUE       VALUE  FROM      YEAR
                                                  NORMAL
..................................................................
TEMPERATURE (F)
 TODAY
  MAXIMUM         73    315 PM  85    2012  68      5       78
  MINIMUM         62    419 AM  29    1988  44     18       46
  AVERAGE         68                        56     12       62

PRECIPITATION (IN)
  TODAY            0.03          0.71 1994   0.13  -0.10     0.02
  MONTH TO DATE    4.66                      3.46   1.20     4.20
  SINCE MAR 1     11.68                     10.38   1.30     9.75
  SINCE JAN 1     17.52                     16.02   1.50    16.76

DEGREE DAYS
 HEATING
  TODAY            0                         6     -6        3
  MONTH TO DATE  243                       218     25      132
  SINCE MAR 1   1868                      1899    -31     2061
  SINCE JUL 1   7099                      7469   -370     7157

 COOLING
  TODAY            3                         0      3        0
  MONTH TO DATE    9                         0      9       20
  SINCE MAR 1      9                         2      7       20
  SINCE JAN 1      9                         2      7       20
..................................................................


WIND (MPH)
  HIGHEST WIND SPEED    16   HIGHEST WIND DIRECTION     W (290)
  HIGHEST GUST SPEED    20   HIGHEST GUST DIRECTION     W (290)
  AVERAGE WIND SPEED     6.3


SKY COVER
  POSSIBLE SUNSHINE  MM
  AVERAGE SKY COVER 1.0


WEATHER CONDITIONS
 THE FOLLOWING WEATHER WAS RECORDED TODAY.
  THUNDERSTORM
  RAIN
  LIGHT RAIN
  FOG


RELATIVE HUMIDITY (PERCENT)
 HIGHEST   100           400 AM
 LOWEST     66           400 PM
 AVERAGE    83

..........................................................


THE BRADFORD CLIMATE NORMALS FOR TOMORROW
                         NORMAL    RECORD    YEAR
 MAXIMUM TEMPERATURE (F)   69        84      2010
 MINIMUM TEMPERATURE (F)   44        26      1983


SUNRISE AND SUNSET
MAY 26 2019...........SUNRISE   546 AM EDT   SUNSET   838 PM EDT
MAY 27 2019...........SUNRISE   545 AM EDT   SUNSET   839 PM EDT


-  INDICATES NEGATIVE NUMBERS.
R  INDICATES RECORD WAS SET OR TIED.
MM INDICATES DATA IS MISSING.
T  INDICATES TRACE AMOUNT.




$$
