000
CDUS46 KHNX 180026
CLIBFL


CLIMATE REPORT
NATIONAL WEATHER SERVICE SAN JOAQUIN VALLEY, CA
525 PM PDT MON JUN 17 2019


...................................

...THE BAKERSFIELD CA CLIMATE SUMMARY FOR JUNE 17 2019...
VALID AS OF 0500 PM LOCAL TIME.

CLIMATE NORMAL PERIOD 1981 TO 2010
CLIMATE RECORD PERIOD 1889 TO 2019


WEATHER ITEM   OBSERVED TIME   RECORD YEAR NORMAL DEPARTURE LAST
                VALUE   (LST)  VALUE       VALUE  FROM      YEAR
                                                  NORMAL
..................................................................
TEMPERATURE (F)
 TODAY
  MAXIMUM         98    343 PM 109    1961  91      7       78
  MINIMUM         71    352 AM  44    1913  65      6       59
                                      1907
  AVERAGE         85                        78      7       69

PRECIPITATION (IN)
  TODAY            0.00          T    1967   0.00   0.00     0.00
                                      1953
  MONTH TO DATE    0.23                      0.06   0.17     0.00
  SINCE OCT 1      7.80                      6.33   1.47     3.95
  SINCE JAN 1      6.50                      4.37   2.13     3.88

SNOWFALL (IN)
  TODAY            0.0
  MONTH TO DATE    0.0
  SINCE JUN 1      0.0
  SINCE JUL 1      0.0
  SNOW DEPTH       0

DEGREE DAYS
 HEATING
  TODAY            0                         0      0        0
  MONTH TO DATE    0                         0      0        0
  SINCE JUN 1      0                         0      0        0
  SINCE JUL 1   1698                      2173   -475     1535

 COOLING
  TODAY           20                        13      7        4
  MONTH TO DATE  301                       186    115      231
  SINCE JUN 1    301                       186    115      231
  SINCE JAN 1    564                       453    111      594
..................................................................


WIND (MPH)
  HIGHEST WIND SPEED    16   HIGHEST WIND DIRECTION    NW (320)
  HIGHEST GUST SPEED    24   HIGHEST GUST DIRECTION     N (360)
  AVERAGE WIND SPEED     5.9




RELATIVE HUMIDITY (PERCENT)
 HIGHEST    53
 LOWEST     24
 AVERAGE    39

..........................................................


THE BAKERSFIELD CA CLIMATE NORMALS FOR TOMORROW
                         NORMAL    RECORD    YEAR
 MAXIMUM TEMPERATURE (F)   92       106      1945
 MINIMUM TEMPERATURE (F)   65        42      1913


SUNRISE AND SUNSET
JUNE 17 2019..........SUNRISE   541 AM PDT   SUNSET   814 PM PDT
JUNE 18 2019..........SUNRISE   541 AM PDT   SUNSET   814 PM PDT


-  INDICATES NEGATIVE NUMBERS.
R  INDICATES RECORD WAS SET OR TIED.
MM INDICATES DATA IS MISSING.
T  INDICATES TRACE AMOUNT.




$$
