000
CDUS46 KHNX 260830
CLIBFL


CLIMATE REPORT
NATIONAL WEATHER SERVICE SAN JOAQUIN VALLEY, CA
130 AM PDT TUE MAR 26 2019


...................................

...THE BAKERSFIELD CA CLIMATE SUMMARY FOR MARCH 25 2019...

CLIMATE NORMAL PERIOD 1981 TO 2010
CLIMATE RECORD PERIOD 1889 TO 2019


WEATHER ITEM   OBSERVED TIME   RECORD YEAR NORMAL DEPARTURE LAST
                VALUE   (LST)  VALUE       VALUE  FROM      YEAR
                                                  NORMAL
..................................................................
TEMPERATURE (F)
 YESTERDAY
  MAXIMUM         80    253 PM  90    1997  70     10       61
  MINIMUM         46    606 AM  32    1907  47     -1       42
                                      1904
                                      1902
  AVERAGE         63                        59      4       52

PRECIPITATION (IN)
  YESTERDAY        0.00          0.78 1977   0.04  -0.04
  MONTH TO DATE    1.97                      1.02   0.95
  SINCE OCT 1      5.85                      5.38   0.47
  SINCE JAN 1      4.55                      3.42   1.13

SNOWFALL (IN)
  YESTERDAY        0.0
  MONTH TO DATE    0.0
  SINCE MAR 1      0.0
  SINCE JUL 1      0.0
  SNOW DEPTH       0

DEGREE DAYS
 HEATING
  YESTERDAY        2                               -5
  MONTH TO DATE  202                                3
  SINCE MAR 1    202                                3
  SINCE JUL 1   1596                             -377

 COOLING
  YESTERDAY        0                                0
  MONTH TO DATE    0                                0
  SINCE MAR 1      0                                0
  SINCE JAN 1      0                                0
..................................................................


WIND (MPH)
  HIGHEST WIND SPEED    15   HIGHEST WIND DIRECTION    NW (320)
  HIGHEST GUST SPEED    19   HIGHEST GUST DIRECTION     N (10)
  AVERAGE WIND SPEED     5.6




RELATIVE HUMIDITY (PERCENT)
 HIGHEST    86
 LOWEST     27
 AVERAGE    57

..........................................................


THE BAKERSFIELD CA CLIMATE NORMALS FOR TODAY
                         NORMAL    RECORD    YEAR
 MAXIMUM TEMPERATURE (F)   70        90      2015
 MINIMUM TEMPERATURE (F)   47        21      1907


SUNRISE AND SUNSET
MARCH 26 2019.........SUNRISE   652 AM PDT   SUNSET   713 PM PDT
MARCH 27 2019.........SUNRISE   650 AM PDT   SUNSET   714 PM PDT


-  INDICATES NEGATIVE NUMBERS.
R  INDICATES RECORD WAS SET OR TIED.
MM INDICATES DATA IS MISSING.
T  INDICATES TRACE AMOUNT.




$$
