000
CDUS44 KAMA 252128
CLIBGD


CLIMATE REPORT
NATIONAL WEATHER SERVICE AMARILLO TX
427 PM CDT WED APR 25 2018


...................................

...THE BORGER CLIMATE SUMMARY FOR APRIL 25 2018...
VALID TODAY AS OF 0400 PM LOCAL TIME.

CLIMATE NORMAL PERIOD 1981 TO 2010
CLIMATE RECORD PERIOD 1949 TO 2018


WEATHER ITEM   OBSERVED TIME   RECORD YEAR NORMAL DEPARTURE LAST
                VALUE   (LST)  VALUE       VALUE  FROM      YEAR
                                                  NORMAL
..................................................................
TEMPERATURE (F)
 TODAY
  MAXIMUM         61    313 PM  99    2012  75    -14       75
  MINIMUM         36    532 AM  35    1997  48    -12       52
  AVERAGE         49                        61    -12       64

PRECIPITATION (IN)
  TODAY            0.18          2.50 1997   0.04   0.14     0.07
  MONTH TO DATE    1.03                      1.35  -0.32     0.92
  SINCE MAR 1      1.07                      2.76  -1.69     3.62
  SINCE JAN 1      1.08                      3.97  -2.89     7.10

SNOWFALL (IN)
  TODAY            0.0           0.0  2013                   0.0
                                      2012
                                      2011
  MONTH TO DATE    0.0                                       0.0
  SINCE MAR 1      0.0                                       0.0
  SINCE JUL 1      2.0                                       3.6
  SNOW DEPTH       0

DEGREE DAYS
 HEATING
  TODAY           16                         5     11        1
  MONTH TO DATE  280                       203     77      138
  SINCE MAR 1    591                       687    -96      436
  SINCE JUL 1   3252                      3680   -428     2771

 COOLING
  TODAY            0                         2     -2        0
  MONTH TO DATE   30                        27      3       68
  SINCE MAR 1     41                        34      7      101
  SINCE JAN 1     41                        34      7      115
..................................................................


WIND (MPH)
  RESULTANT WIND SPEED  16   RESULTANT WIND DIRECTION   N (350)
  HIGHEST WIND SPEED    29   HIGHEST WIND DIRECTION     N (10)
  HIGHEST GUST SPEED    37   HIGHEST GUST DIRECTION     N (10)
  AVERAGE WIND SPEED    16.7


SKY COVER
  AVERAGE SKY COVER 0.7


WEATHER CONDITIONS
 THE FOLLOWING WEATHER WAS RECORDED TODAY.
  THUNDERSTORM
  RAIN
  LIGHT RAIN
  FOG


RELATIVE HUMIDITY (PERCENT)
 HIGHEST    92           300 AM
 LOWEST     32           300 PM
 AVERAGE    62

..........................................................


THE BORGER CLIMATE NORMALS FOR TOMORROW
                         NORMAL    RECORD    YEAR
 MAXIMUM TEMPERATURE (F)   75        95      1959
 MINIMUM TEMPERATURE (F)   48        36      2006


SUNRISE AND SUNSET
APRIL 25 2018.........SUNRISE   700 AM CDT   SUNSET   827 PM CDT
APRIL 26 2018.........SUNRISE   659 AM CDT   SUNSET   828 PM CDT


-  INDICATES NEGATIVE NUMBERS.
R  INDICATES RECORD WAS SET OR TIED.
MM INDICATES DATA IS MISSING.
T  INDICATES TRACE AMOUNT.




$$
