000
CDUS44 KAMA 181412
CLIBGD


CLIMATE REPORT
NATIONAL WEATHER SERVICE AMARILLO TX
911 AM CDT MON MAR 18 2019


...................................

...THE BORGER CLIMATE SUMMARY FOR MARCH 18 2019...
VALID AS OF 0900 AM LOCAL TIME.

CLIMATE NORMAL PERIOD 1981 TO 2010
CLIMATE RECORD PERIOD 1949 TO 2019


WEATHER ITEM   OBSERVED TIME   RECORD YEAR NORMAL DEPARTURE LAST
                VALUE   (LST)  VALUE       VALUE  FROM      YEAR
                                                  NORMAL
..................................................................
TEMPERATURE (F)
 TODAY
  MINIMUM         36    712 AM  12    1965  37     -1       45

PRECIPITATION (IN)
  TODAY            0.00          0.70 1999   0.04  -0.04     0.00
  MONTH TO DATE    0.75                      0.78  -0.03     0.00
  SINCE MAR 1      0.75                      0.78  -0.03     0.00
  SINCE JAN 1      1.07                      1.99  -0.92     0.01

SNOWFALL (IN)
  TODAY            0.0           1.0  1965                   0.0
  MONTH TO DATE    T                                         0.0
  SINCE MAR 1      T                                         0.0
  SINCE JUL 1      9.3                                       2.0
  SNOW DEPTH       0

..................................................................


WIND (MPH)
  RESULTANT WIND SPEED   7   RESULTANT WIND DIRECTION   S (200)
  HIGHEST WIND SPEED    14   HIGHEST WIND DIRECTION     S (170)
  HIGHEST GUST SPEED    18   HIGHEST GUST DIRECTION     S (170)
  AVERAGE WIND SPEED     7.8


SKY COVER
  AVERAGE SKY COVER 0.0


WEATHER CONDITIONS
 THE FOLLOWING WEATHER WAS RECORDED TODAY.
  NO SIGNIFICANT WEATHER WAS OBSERVED.


RELATIVE HUMIDITY (PERCENT)
 HIGHEST    59           600 AM
 LOWEST     39          1200 AM
 AVERAGE    49

..........................................................


THE BORGER CLIMATE NORMALS FOR TOMORROW
                         NORMAL    RECORD    YEAR
 MAXIMUM TEMPERATURE (F)   64        94      2017
 MINIMUM TEMPERATURE (F)   37        17      1965


SUNRISE AND SUNSET
MARCH 18 2019.........SUNRISE   752 AM CDT   SUNSET   756 PM CDT
MARCH 19 2019.........SUNRISE   751 AM CDT   SUNSET   756 PM CDT


-  INDICATES NEGATIVE NUMBERS.
R  INDICATES RECORD WAS SET OR TIED.
MM INDICATES DATA IS MISSING.
T  INDICATES TRACE AMOUNT.




$$
