801
CDUS41 KBGM 240229
CLIBGM


CLIMATE REPORT
NATIONAL WEATHER SERVICE BINGHAMTON NY
1028 PM EDT SAT MAR 23 2019


...................................

...THE BINGHAMTON NY CLIMATE SUMMARY FOR MARCH 23 2019...
VALID AS OF 1000 PM LOCAL TIME.

CLIMATE NORMAL PERIOD 1981 TO 2010
CLIMATE RECORD PERIOD 1951 TO 2019


WEATHER ITEM   OBSERVED TIME   RECORD YEAR NORMAL DEPARTURE LAST
                VALUE   (LST)  VALUE       VALUE  FROM      YEAR
                                                  NORMAL
..................................................................
TEMPERATURE (F)
 TODAY
  MAXIMUM         33    521 PM  71    2012  44    -11       35
  MINIMUM         20    713 AM   9    1959  27     -7       23
  AVERAGE         27                        35     -8       29

PRECIPITATION (IN)
  TODAY            0.01          0.74 1968   0.10  -0.09     0.00
  MONTH TO DATE    1.15                      2.14  -0.99     2.03
  SINCE MAR 1      1.15                      2.14  -0.99     2.03
  SINCE JAN 1      7.38                      6.90   0.48     8.23

SNOWFALL (IN)
  TODAY            0.1           7.3  2005   0.4   -0.3      0.0
  MONTH TO DATE    7.9                      12.4   -4.5     35.0
  SINCE MAR 1      7.9                      12.4   -4.5     35.0
  SINCE JUL 1     80.1                      76.3    3.8     83.1
  SNOW DEPTH       T

DEGREE DAYS
 HEATING
  TODAY           38                        30      8       36
  MONTH TO DATE  843                       774     69      879
  SINCE MAR 1    843                       774     69      879
  SINCE JUL 1   6032                      5973     59     5847

 COOLING
  TODAY            0                         0      0        0
  MONTH TO DATE    0                         0      0        0
  SINCE MAR 1      0                         0      0        0
  SINCE JAN 1      0                         0      0        0
..................................................................


WIND (MPH)
  HIGHEST WIND SPEED    26   HIGHEST WIND DIRECTION    NW (320)
  HIGHEST GUST SPEED    40   HIGHEST GUST DIRECTION     N (340)
  AVERAGE WIND SPEED    16.8


SKY COVER
  AVERAGE SKY COVER 0.5


WEATHER CONDITIONS
 THE FOLLOWING WEATHER WAS RECORDED TODAY.
  LIGHT SNOW
  FOG


RELATIVE HUMIDITY (PERCENT)
 HIGHEST    88          1200 AM
 LOWEST     41           500 PM
 AVERAGE    65

..........................................................


THE BINGHAMTON NY CLIMATE NORMALS FOR TOMORROW
                         NORMAL    RECORD    YEAR
 MAXIMUM TEMPERATURE (F)   44        67      1987
 MINIMUM TEMPERATURE (F)   27        10      2015
                                             2014


SUNRISE AND SUNSET
MARCH 23 2019.........SUNRISE   702 AM EDT   SUNSET   719 PM EDT
MARCH 24 2019.........SUNRISE   701 AM EDT   SUNSET   720 PM EDT


-  INDICATES NEGATIVE NUMBERS.
R  INDICATES RECORD WAS SET OR TIED.
MM INDICATES DATA IS MISSING.
T  INDICATES TRACE AMOUNT.




$$
