000
CDUS41 KBGM 220805
CLIBGM


CLIMATE REPORT
NATIONAL WEATHER SERVICE BINGHAMTON NY
404 AM EDT WED MAY 22 2019


...................................

...THE BINGHAMTON NY CLIMATE SUMMARY FOR MAY 21 2019...

CLIMATE NORMAL PERIOD 1981 TO 2010
CLIMATE RECORD PERIOD 1951 TO 2019


WEATHER ITEM   OBSERVED TIME   RECORD YEAR NORMAL DEPARTURE LAST
                VALUE   (LST)  VALUE       VALUE  FROM      YEAR
                                                  NORMAL
..................................................................
TEMPERATURE (F)
 YESTERDAY
  MAXIMUM         60    330 PM  86    1977  67     -7       72
  MINIMUM         42    552 AM  28    2002  48     -6       47
  AVERAGE         51                        57     -6       60

PRECIPITATION (IN)
  YESTERDAY        T             0.71 1986   0.12  -0.12     0.00
  MONTH TO DATE    3.95                      2.34   1.61     2.81
  SINCE MAR 1      9.20                      8.76   0.44     8.10
  SINCE JAN 1     15.43                     13.52   1.91    14.30

SNOWFALL (IN)
  YESTERDAY        0.0           T    2002   0.0    0.0      0.0
  MONTH TO DATE    0.0                       0.1   -0.1      0.0
  SINCE MAR 1      9.2                      19.5  -10.3     42.5
  SINCE JUL 1     81.4                      83.4   -2.0     90.6
  SNOW DEPTH       0

DEGREE DAYS
 HEATING
  YESTERDAY       14                         8      6        5
  MONTH TO DATE  236                       235      1      134
  SINCE MAR 1   1837                      1835      2     2006
  SINCE JUL 1   7026                      7034     -8     6974

 COOLING
  YESTERDAY        0                         1     -1        0
  MONTH TO DATE    4                         9     -5       15
  SINCE MAR 1      4                        13     -9       15
  SINCE JAN 1      4                        13     -9       15
..................................................................


WIND (MPH)
  HIGHEST WIND SPEED    23   HIGHEST WIND DIRECTION     N (350)
  HIGHEST GUST SPEED    33   HIGHEST GUST DIRECTION    NW (300)
  AVERAGE WIND SPEED    12.7


SKY COVER
  AVERAGE SKY COVER 0.4


WEATHER CONDITIONS
 THE FOLLOWING WEATHER WAS RECORDED YESTERDAY.
  LIGHT RAIN
  FOG


RELATIVE HUMIDITY (PERCENT)
 HIGHEST    89           200 AM
 LOWEST     40           300 PM
 AVERAGE    65

..........................................................


THE BINGHAMTON NY CLIMATE NORMALS FOR TODAY
                         NORMAL    RECORD    YEAR
 MAXIMUM TEMPERATURE (F)   67        86      1975
 MINIMUM TEMPERATURE (F)   48        33      2002


SUNRISE AND SUNSET
MAY 22 2019...........SUNRISE   537 AM EDT   SUNSET   825 PM EDT
MAY 23 2019...........SUNRISE   536 AM EDT   SUNSET   826 PM EDT


-  INDICATES NEGATIVE NUMBERS.
R  INDICATES RECORD WAS SET OR TIED.
MM INDICATES DATA IS MISSING.
T  INDICATES TRACE AMOUNT.




$$
