000
CDUS41 KCAR 220555
CLIBGR


CLIMATE REPORT
NATIONAL WEATHER SERVICE CARIBOU, ME
154 AM EDT WED MAY 22 2019


...................................

...THE BANGOR ME CLIMATE SUMMARY FOR MAY 21 2019...

CLIMATE NORMAL PERIOD 1981 TO 2010
CLIMATE RECORD PERIOD 1925 TO 2019


WEATHER ITEM   OBSERVED TIME   RECORD YEAR NORMAL DEPARTURE LAST
                VALUE   (LST)  VALUE       VALUE  FROM      YEAR
                                                  NORMAL
..................................................................
TEMPERATURE (F)
 YESTERDAY
  MAXIMUM         61    128 PM  92    1992  67     -6       78
  MINIMUM         47   1159 PM  32    1939  44      3       46
  AVERAGE         54                        55     -1       62

PRECIPITATION (IN)
  YESTERDAY        T             1.11 1973   0.12  -0.12     0.00
  MONTH TO DATE    3.50                      2.40   1.10     1.96
  SINCE MAR 1     10.97                      9.40   1.57     8.91
  SINCE JAN 1     17.95                     14.81   3.14    17.43

SNOWFALL (IN)
  YESTERDAY        0.0           0.0  2002   0.0             0.0
                                      2001
  MONTH TO DATE    0.0                       0.1             0.0
  SINCE MAR 1     16.9                      15.5            35.3
  SINCE JUL 1     79.9                      66.2           111.3
  SNOW DEPTH       0

DEGREE DAYS
 HEATING
  YESTERDAY       11                        10      1        3
  MONTH TO DATE  316                       273     43      195
  SINCE MAR 1   2120                      2025     95     1952
  SINCE JUL 1   7812                      7671    141     7170

 COOLING
  YESTERDAY        0                         0      0        0
  MONTH TO DATE    0                         0      0        3
  SINCE MAR 1      0                         0      0        3
  SINCE JAN 1      0                         0      0        3
..................................................................


WIND (MPH)
  RESULTANT WIND SPEED  12   RESULTANT WIND DIRECTION  NW (310)
  HIGHEST WIND SPEED    36   HIGHEST WIND DIRECTION    NW (320)
  HIGHEST GUST SPEED    42   HIGHEST GUST DIRECTION    NW (320)


SKY COVER
  POSSIBLE SUNSHINE  MM
  AVERAGE SKY COVER 0.7


WEATHER CONDITIONS
 THE FOLLOWING WEATHER WAS RECORDED YESTERDAY.
  LIGHT RAIN
  FOG
  FOG W/VISIBILITY <= 1/4 MILE


RELATIVE HUMIDITY (PERCENT)
 HIGHEST   100
 LOWEST     39
 AVERAGE    70

..........................................................


THE BANGOR ME CLIMATE NORMALS FOR TODAY
                         NORMAL    RECORD    YEAR
 MAXIMUM TEMPERATURE (F)   67        96      1992
 MINIMUM TEMPERATURE (F)   44        30      1936


SUNRISE AND SUNSET
MAY 22 2019...........SUNRISE   500 AM EDT   SUNSET   804 PM EDT
MAY 23 2019...........SUNRISE   459 AM EDT   SUNSET   805 PM EDT


-  INDICATES NEGATIVE NUMBERS.
R  INDICATES RECORD WAS SET OR TIED.
MM INDICATES DATA IS MISSING.
T  INDICATES TRACE AMOUNT.




$$
