000
CDUS41 KCAR 232033
CLIBGR


CLIMATE REPORT
NATIONAL WEATHER SERVICE CARIBOU, ME
432 PM EDT SAT MAR 23 2019


...................................

...THE BANGOR ME CLIMATE SUMMARY FOR MARCH 23 2019...
VALID TODAY AS OF 0400 PM LOCAL TIME.

CLIMATE NORMAL PERIOD 1981 TO 2010
CLIMATE RECORD PERIOD 1925 TO 2019


WEATHER ITEM   OBSERVED TIME   RECORD YEAR NORMAL DEPARTURE LAST
                VALUE   (LST)  VALUE       VALUE  FROM      YEAR
                                                  NORMAL
..................................................................
TEMPERATURE (F)
 TODAY
  MAXIMUM         44    219 PM  67    1979  42      2       44
                                      1953
  MINIMUM         35    542 AM   1    1934  23     12       23
  AVERAGE         40                        33      7       34

PRECIPITATION (IN)
  TODAY            0.03          2.04 2010   0.12  -0.09     0.00
  MONTH TO DATE    1.33                      2.42  -1.09     1.73
  SINCE MAR 1      1.33                      2.42  -1.09     1.73
  SINCE JAN 1      8.31                      7.83   0.48    10.25

SNOWFALL (IN)
  TODAY            0.0           4.0  1991   0.3   -0.3      0.0
  MONTH TO DATE    6.7                       9.3   -2.6     33.0
  SINCE MAR 1      6.7                       9.3   -2.6     33.0
  SINCE JUL 1     69.7                      60.0    9.7    109.0
  SNOW DEPTH       0

DEGREE DAYS
 HEATING
  TODAY           25                        32     -7       31
  MONTH TO DATE  896                       833     63      802
  SINCE MAR 1    896                       833     63      802
  SINCE JUL 1   6588                      6479    109     6020

 COOLING
  TODAY            0                         0      0        0
  MONTH TO DATE    0                         0      0        0
  SINCE MAR 1      0                         0      0        0
  SINCE JAN 1      0                         0      0        0
..................................................................


WIND (MPH)
  HIGHEST WIND SPEED    36   HIGHEST WIND DIRECTION    NW (330)
  HIGHEST GUST SPEED    50   HIGHEST GUST DIRECTION    NW (320)
  AVERAGE WIND SPEED    18.9


SKY COVER
  POSSIBLE SUNSHINE  MM
  AVERAGE SKY COVER 0.6


WEATHER CONDITIONS
 THE FOLLOWING WEATHER WAS RECORDED TODAY.
  LIGHT RAIN
  FOG


RELATIVE HUMIDITY (PERCENT)
 HIGHEST    92           600 AM
 LOWEST     57           100 PM
 AVERAGE    75

..........................................................


THE BANGOR ME CLIMATE NORMALS FOR TOMORROW
                         NORMAL    RECORD    YEAR
 MAXIMUM TEMPERATURE (F)   43        66      1938
 MINIMUM TEMPERATURE (F)   24         4      2015
                                             2014
                                             1940


SUNRISE AND SUNSET
MARCH 23 2019.........SUNRISE   633 AM EDT   SUNSET   651 PM EDT
MARCH 24 2019.........SUNRISE   631 AM EDT   SUNSET   652 PM EDT


-  INDICATES NEGATIVE NUMBERS.
R  INDICATES RECORD WAS SET OR TIED.
MM INDICATES DATA IS MISSING.
T  INDICATES TRACE AMOUNT.




$$
