000
CDUS44 KBMX 262116
CLIBHM


CLIMATE REPORT
NATIONAL WEATHER SERVICE BIRMINGHAM, AL
416 PM CDT TUE MAR 26 2019


...................................

...THE BIRMINGHAM CLIMATE SUMMARY FOR MARCH 26 2019...
VALID TODAY AS OF 0400 PM LOCAL TIME.

CLIMATE NORMAL PERIOD 1981 TO 2010
CLIMATE RECORD PERIOD 1895 TO 2019


WEATHER ITEM   OBSERVED TIME   RECORD YEAR NORMAL DEPARTURE LAST
                VALUE   (LST)  VALUE       VALUE  FROM      YEAR
                                                  NORMAL
..................................................................
TEMPERATURE (F)
 TODAY
  MAXIMUM         63    252 PM  86    1929  69     -6       54
  MINIMUM         51   1115 AM  22    1955  46      5       49
  AVERAGE         57                        58     -1       52

PRECIPITATION (IN)
  TODAY            0.00          1.66 1917   0.17  -0.17      T
  MONTH TO DATE    2.52                      4.43  -1.91     3.08
  SINCE MAR 1      2.52                      4.43  -1.91     3.08
  SINCE JAN 1     15.14                     13.80   1.34    12.57

SNOWFALL (IN)
  TODAY            0.0                       0.1   -0.1     MM
  MONTH TO DATE    0.0                       0.6   -0.6      0.0
  SINCE MAR 1      0.0                       0.6   -0.6      0.0
  SINCE JUL 1      T                         1.4   -1.4      4.0
  SNOW DEPTH       0

DEGREE DAYS

 COOLING
  TODAY            0                         1     -1        0
  MONTH TO DATE   13                        16     -3       14
  SINCE MAR 1     13                        16     -3       14
  SINCE JAN 1     25                        20      5       60
..................................................................


WIND (MPH)
  HIGHEST WIND SPEED    18   HIGHEST WIND DIRECTION     N (20)
  HIGHEST GUST SPEED    23   HIGHEST GUST DIRECTION     N (20)
  AVERAGE WIND SPEED    11.7


SKY COVER
  AVERAGE SKY COVER 0.9


WEATHER CONDITIONS
 THE FOLLOWING WEATHER WAS RECORDED TODAY.
  NO SIGNIFICANT WEATHER WAS OBSERVED.


RELATIVE HUMIDITY (PERCENT)
 HIGHEST    77           200 AM
 LOWEST     46           300 PM
 AVERAGE    62

..........................................................


THE BIRMINGHAM CLIMATE NORMALS FOR TOMORROW
                         NORMAL    RECORD    YEAR
 MAXIMUM TEMPERATURE (F)   70        89      1919
 MINIMUM TEMPERATURE (F)   46        18      1955


SUNRISE AND SUNSET
MARCH 26 2019.........SUNRISE   643 AM CDT   SUNSET   703 PM CDT
MARCH 27 2019.........SUNRISE   642 AM CDT   SUNSET   704 PM CDT


-  INDICATES NEGATIVE NUMBERS.
R  INDICATES RECORD WAS SET OR TIED.
MM INDICATES DATA IS MISSING.
T  INDICATES TRACE AMOUNT.




$$
