000
CDUS44 KBMX 180022
CLIBHM


CLIMATE REPORT
NATIONAL WEATHER SERVICE BIRMINGHAM, AL
721 PM CDT MON JUN 17 2019


...................................

...THE BIRMINGHAM CLIMATE SUMMARY FOR JUNE 17 2019...
VALID TODAY AS OF 0500 PM LOCAL TIME.

CLIMATE NORMAL PERIOD 1981 TO 2010
CLIMATE RECORD PERIOD 1895 TO 2019


WEATHER ITEM   OBSERVED TIME   RECORD YEAR NORMAL DEPARTURE LAST
                VALUE   (LST)  VALUE       VALUE  FROM      YEAR
                                                  NORMAL
..................................................................
TEMPERATURE (F)
 TODAY
  MAXIMUM         91    403 PM 100    1918  88      3       92
  MINIMUM         71    343 AM  52    1974  68      3       70
  AVERAGE         81                        78      3       81

PRECIPITATION (IN)
  TODAY            0.00          2.06 1939   0.15  -0.15     0.61
  MONTH TO DATE    3.12                      2.43   0.69     2.93
  SINCE JUN 1      3.12                      2.43   0.69     2.93
  SINCE JAN 1     27.31                     26.40   0.91    31.78

DEGREE DAYS
 COOLING
  TODAY           16                        13      3       16
  MONTH TO DATE  208                       196     12      240
  SINCE JUN 1    208                       196     12      240
  SINCE JAN 1    648                       478    170      662
..................................................................


WIND (MPH)
  HIGHEST WIND SPEED    13   HIGHEST WIND DIRECTION     S (170)
  HIGHEST GUST SPEED    22   HIGHEST GUST DIRECTION    SE (150)
  AVERAGE WIND SPEED     5.7


SKY COVER
  AVERAGE SKY COVER 0.7


WEATHER CONDITIONS
 THE FOLLOWING WEATHER WAS RECORDED TODAY.
  NO SIGNIFICANT WEATHER WAS OBSERVED.


RELATIVE HUMIDITY (PERCENT)
 HIGHEST    84           300 AM
 LOWEST     46           500 PM
 AVERAGE    65

..........................................................


THE BIRMINGHAM CLIMATE NORMALS FOR TOMORROW
                         NORMAL    RECORD    YEAR
 MAXIMUM TEMPERATURE (F)   88        99      1953
 MINIMUM TEMPERATURE (F)   68        56      1960


SUNRISE AND SUNSET
JUNE 17 2019..........SUNRISE   537 AM CDT   SUNSET   759 PM CDT
JUNE 18 2019..........SUNRISE   537 AM CDT   SUNSET   800 PM CDT


-  INDICATES NEGATIVE NUMBERS.
R  INDICATES RECORD WAS SET OR TIED.
MM INDICATES DATA IS MISSING.
T  INDICATES TRACE AMOUNT.




$$
