000
CDUS45 KVEF 270027
CLIBIH


CLIMATE REPORT
NATIONAL WEATHER SERVICE LAS VEGAS, NV
527 PM PDT SUN MAY 26 2019


...................................

...THE BISHOP CA CLIMATE SUMMARY FOR MAY 26 2019...
VALID TODAY AS OF 0500 PM LOCAL TIME.

CLIMATE NORMAL PERIOD 1981 TO 2010
CLIMATE RECORD PERIOD 1943 TO 2019


WEATHER ITEM   OBSERVED RECORD YEAR NORMAL DEPARTURE LAST
                VALUE   VALUE       VALUE  FROM      YEAR
                                           NORMAL
...........................................................
TEMPERATURE (F)
 TODAY
  MAXIMUM         71    101    1951  86    -15       78
  MINIMUM         41     33    1980  47     -6       53
  AVERAGE         56

PRECIPITATION (IN)
  TODAY            T      0.51 1981   0.01  -0.01     0.01
  MONTH TO DATE    0.87               0.16   0.71     0.27
  SINCE OCT 1      8.42               4.47   3.95     1.49
  SINCE JAN 1      6.85               2.85   4.00     1.33

SNOWFALL (IN)
  TODAY            0.0   MM      MM   0.0    0.0      0.0
  MONTH TO DATE    0.0                0.0    0.0      0.0
  SINCE MAR 1      0.0                0.6   -0.6      0.0
  SINCE JUL 1      0.9                8.0   -7.1      0.2
  SNOW DEPTH       0

DEGREE DAYS
 HEATING
  TODAY            9                  2      7        0
  MONTH TO DATE  171                107     64       78
  SINCE MAR 1    976                942     34      813
  SINCE JUL 1   4040               4149   -109     3642

 COOLING
  TODAY            0                  3     -3        1
  MONTH TO DATE    6                 44    -38       43
  SINCE MAR 1      9                 48    -39       55
  SINCE JAN 1      9                 48    -39       55
...........................................................


WIND (MPH)
  RESULTANT WIND SPEED   5   RESULTANT WIND DIRECTION   S (180)
  HIGHEST WIND SPEED    32   HIGHEST WIND DIRECTION    SE (140)
  HIGHEST GUST SPEED    42   HIGHEST GUST DIRECTION    SE (140)
  AVERAGE WIND SPEED    11.4


SKY COVER
  POSSIBLE SUNSHINE  MM
  AVERAGE SKY COVER 0.3


WEATHER CONDITIONS
 THE FOLLOWING WEATHER WAS RECORDED TODAY.
  NO SIGNIFICANT WEATHER WAS OBSERVED.


RELATIVE HUMIDITY (PERCENT)
 HIGHEST    70           200 AM
 LOWEST     12           100 PM
 AVERAGE    41

..........................................................


THE BISHOP CA CLIMATE NORMALS FOR TOMORROW
                         NORMAL    RECORD    YEAR
 MAXIMUM TEMPERATURE (F)   86       100      2003
 MINIMUM TEMPERATURE (F)   47        27      1998


SUNRISE AND SUNSET
MAY 26 2019...........SUNRISE   537 AM PDT   SUNSET   804 PM PDT
MAY 27 2019...........SUNRISE   537 AM PDT   SUNSET   805 PM PDT


-  INDICATES NEGATIVE NUMBERS.
R  INDICATES RECORD WAS SET OR TIED.
MM INDICATES DATA IS MISSING.
T  INDICATES TRACE AMOUNT.




$$
